{"id":68,"date":"2010-04-12T19:45:49","date_gmt":"2010-04-12T18:45:49","guid":{"rendered":"http:\/\/www.vergaderingalkmaar.nl\/?page_id=68"},"modified":"2019-11-13T01:37:05","modified_gmt":"2019-11-13T00:37:05","slug":"preek-zondag-11-april-2010","status":"publish","type":"page","link":"https:\/\/www.vergaderingalkmaar.nl\/?page_id=68","title":{"rendered":"Preek zondag 11 april 2010"},"content":{"rendered":"<div style=\"padding-right: 4pt; padding-left: 4pt; padding-bottom: 1pt; padding-top: 1pt; border: windowtext 0.5pt solid;\">\n<p class=\"MsoNormal\" style=\"margin: 0cm 0cm 0pt; text-align: center; mso-border-alt: solid windowtext .5pt; mso-padding-alt: 1.0pt 4.0pt 1.0pt 4.0pt; padding: 0cm;\" align=\"center\"><strong><span style=\"font-size: 14pt; color: blue; mso-bidi-font-size: 12.0pt; mso-ansi-language: NL; mso-bidi-font-family: Arial;\" lang=\"NL\"><span style=\"font-family: Arial;\">Loof de Heer, want hij is goed<br \/>\u2013 eeuwig duurt zijn trouw \u2013<\/span><\/span><\/strong><\/p>\n<p class=\"MsoNormal\" style=\"margin: 0cm 0cm 0pt; text-align: right; mso-border-alt: solid windowtext .5pt; mso-padding-alt: 1.0pt 4.0pt 1.0pt 4.0pt; padding: 0cm;\" align=\"right\"><span style=\"mso-ansi-language: NL; mso-bidi-font-family: Arial;\" lang=\"NL\"><span style=\"color: #000000;\"><span style=\"font-size: x-small;\"><span style=\"font-family: Arial;\">Psalm 136: 1<\/span><\/span><\/span><\/span><\/p>\n<\/p><\/div>\n<p class=\"MsoNormal\" style=\"margin: 0cm 0cm 0pt;\"><span style=\"mso-ansi-language: NL; mso-bidi-font-family: Arial;\" lang=\"NL\"><span style=\"color: #000000;\"><span style=\"font-size: x-small;\"><span style=\"font-family: Arial;\"> <\/span><\/span><\/span><\/span><\/p>\n<p class=\"MsoNormal\" style=\"margin: 0cm 0cm 0pt;\"><span style=\"mso-ansi-language: NL; mso-bidi-font-family: Arial;\" lang=\"NL\"><span style=\"color: #000000;\"><span style=\"font-size: x-small;\"><span style=\"font-family: Arial;\"> <\/span><\/span><\/span><\/span><\/p>\n<p class=\"MsoNormal\" style=\"margin: 0cm 0cm 0pt;\"><span style=\"font-size: x-small;\"><span style=\"font-family: Arial;\"><span style=\"mso-ansi-language: NL; mso-bidi-font-family: Arial;\" lang=\"NL\"><span style=\"color: #000000;\">God is trouw. Veel bijbelpassages vertellen daarover. Veel liederen gaan daarover. Gods trouw blijkt uit zijn omgang met de mens. Met individuele personen. Met zijn volk Isra\u00ebl. Met zijn gemeente. Over Gods trouw schrijft Jeremia in zijn klaagliederen (3: 22, 23): <\/span><\/span><span style=\"color: red; mso-ansi-language: NL;\" lang=\"NL\">het zijn de vriendschapsdaden van de Ene dat het niet met ons gedaan is, dat zijn ontfermingen niet ten einde zijn; helemaal nieuw zijn zij, ochtend na ochtend, groot is uw trouw!-<\/span><\/span><\/span><\/p>\n<p class=\"MsoNormal\" style=\"margin: 0cm 0cm 0pt;\"><span style=\"color: red; mso-ansi-language: NL;\" lang=\"NL\"><span style=\"font-size: x-small;\"><span style=\"font-family: Arial;\"> <\/span><\/span><\/span><\/p>\n<p class=\"MsoNormal\" style=\"margin: 0cm 0cm 0pt;\"><span style=\"mso-ansi-language: NL;\" lang=\"NL\"><span style=\"font-size: x-small;\"><span style=\"font-family: Arial;\"><span style=\"color: #000000;\">Psalm 107 is van begin tot eind een loflied op Gods trouw. God moet worden geprezen, <br \/>(: 1) <\/span><span style=\"color: red;\">want voor \u00e9euwig \u00eds zijn vr\u00edendschap!-<\/span><span style=\"color: #000000;\"> Al degenen die verlost zijn nemen deel aan die lofzang. Als je in de penarie zit en schreeuwt naar God, helpt hij je (: 6): <\/span><span style=\"color: red;\">Zij schreeuwden in hun n\u00f3od tot de \u00c9NE; uit al wat hen ben\u00e1rde heeft h\u00edj hen ger\u00e9d. <\/span><span style=\"color: #000000;\">En de verdrukking hadden sommigen aan zichzelf te wijten (: 11): <\/span><span style=\"color: red;\">want zij hadden weerstreefd de gez\u00e9gden der G\u00f3dheid, het r\u00e1adsplan des H\u00f3ogsten geh\u00f3ond<\/span><span style=\"color: #000000;\">; maar als ze tot God roepen is het niet \u201ceigen schuld, had je maar moeten luisteren, maar (: 16): <\/span><\/span><\/span><span style=\"font-size: x-small;\"><span style=\"font-family: Arial;\"><span style=\"color: red;\">want deuren van br\u00f3ns, die verbr\u00e1k hij, <br \/>verbr\u00edjzelde gr\u00e9ndels van \u00edjzer!<\/span><span style=\"color: #000000;\"> God zond zijn Woord (: 20). In Jezus ontvingen wij genezing van onze zonden. Alle uitredding vindt zijn oorsprong in het verlossingswerk van Christus. En dat leidt tot een lofzang. Wie als verloste zondaar Gods naam noemt, looft hem. God zoekt mensen die hem aanbidden. Niet op de eerste plaats evangelisten en leraren \u2013 hoe belangrijk ook \u2013 maar mensen die hem vertellen hoe blij ze met hem zijn. Dat er niemand belangrijker voor hen is dan Hij!<span style=\"mso-spacerun: yes;\"> <\/span>God vindt vreugde in mensen die hem bedanken uit de grond van hun hart. Het is als eens bij Ezra. Hij herbouwde het altaar. En dat was belangrijker dan het weer opmetselen van muren en poorten. De herstelde eredienst voor God was \u2013 en is \u2013 de kern van de terugkeer tot Gods woord en de normen daarvan. (: 22): <\/span><span style=\"color: red;\">dat zij offeren \u00f3ffers van d\u00e1nk, vert\u00e9llen zijn d\u00e1den met j\u00fabel! <\/span><\/span><\/span><\/span><\/p>\n<p class=\"MsoNormal\" style=\"margin: 0cm 0cm 0pt;\"><span style=\"color: red; mso-ansi-language: NL;\" lang=\"NL\"><span style=\"font-size: x-small;\"><span style=\"font-family: Arial;\"> <\/span><\/span><\/span><\/p>\n<p class=\"MsoNormal\" style=\"margin: 0cm 0cm 0pt;\"><span style=\"mso-ansi-language: NL; mso-bidi-font-family: Arial;\" lang=\"NL\"><span style=\"font-size: x-small; color: #000000; font-family: Arial;\">Zeelieden die in een gevaarlijke storm terechtkwamen hadden de dood voor ogen. Maar als ze tot God roepen, beteugelt hij de storm (: 29): <\/span><\/span><span style=\"font-size: x-small;\"><span style=\"font-family: Arial;\"><span style=\"color: red; mso-ansi-language: NL;\" lang=\"NL\">hij strafte de st\u00f3rm af tot die verst\u00f3mde, <br \/>de g\u00f3lven zw\u00e9gen st\u00edl;<\/span><span style=\"mso-ansi-language: NL;\" lang=\"NL\"><span style=\"color: #000000;\"> zoals hij later de discipelen uit een vergelijkbare situatie redt, en zij het moeten zeggen: \u201c<em>Wie is toch deze<\/em>!\u201d<span style=\"mso-spacerun: yes;\"> <\/span>En God (: 30<\/span><span style=\"color: red;\">): voerde hen naar de h\u00e1ven van h\u00fan verl\u00e1ngen!<\/span><\/span><\/span><\/span><\/p>\n<p class=\"MsoNormal\" style=\"margin: 0cm 0cm 0pt;\"><span style=\"mso-ansi-language: NL; mso-bidi-font-family: Arial;\" lang=\"NL\"><span style=\"color: #000000;\"><span style=\"font-size: x-small;\"><span style=\"font-family: Arial;\"> <\/span><\/span><\/span><\/span><\/p>\n<p class=\"MsoNormal\" style=\"margin: 0cm 0cm 0pt;\"><span style=\"font-size: x-small;\"><span style=\"font-family: Arial;\"><span style=\"mso-ansi-language: NL; mso-bidi-font-family: Arial;\" lang=\"NL\"><span style=\"color: #000000;\">Gods zegen maakt Isra\u00ebl talrijk (: 38)<\/span><\/span><span style=\"mso-ansi-language: NL;\" lang=\"NL\"><span style=\"color: #000000;\"> <\/span><span style=\"color: red;\">hij zegent hen en zij verm\u00e9erderen z\u00e9er, en hun v\u00e9estapel verm\u00edndert n\u00edet!<\/span><\/span><\/span><\/span><\/p>\n<p class=\"MsoNormal\" style=\"margin: 0cm 0cm 0pt;\"><span style=\"color: red; mso-ansi-language: NL;\" lang=\"NL\"><span style=\"font-size: x-small;\"><span style=\"font-family: Arial;\"> <\/span><\/span><\/span><\/p>\n<p class=\"MsoNormal\" style=\"margin: 0cm 0cm 0pt;\"><span style=\"mso-ansi-language: NL;\" lang=\"NL\"><span style=\"color: #000000;\"><span style=\"font-size: x-small;\"><span style=\"font-family: Arial;\">Zien wij Gods trouw in ons leven? Zien we zijn wonderdaden door de omstandigheden heen? God bleef trouw aan Abraham, Iza\u00e4k en Jakob, ondanks hun zwaktes en falen. God bleef zijn volk trouw, hun ontrouw des ondanks. We zien Gods trouw in 1948, als de staat Isra\u00ebl wordt gevestigd en er een nationaal thuis ontstaat voor ( overigens ongelovige) Joden. God is trouw. En God draagt zorg voor de vervulling van de profetie. <\/span><\/span><\/span><\/span><\/p>\n<p class=\"MsoNormal\" style=\"margin: 0cm 0cm 0pt;\"><span style=\"mso-ansi-language: NL; mso-bidi-font-family: Arial;\" lang=\"NL\"><span style=\"color: #000000;\"><span style=\"font-size: x-small;\"><span style=\"font-family: Arial;\"> <\/span><\/span><\/span><\/span><\/p>\n<p class=\"MsoNormal\" style=\"margin: 0cm 0cm 0pt;\"><span style=\"mso-ansi-language: NL; mso-bidi-font-family: Arial;\" lang=\"NL\"><span style=\"color: #000000;\"><span style=\"font-size: x-small;\"><span style=\"font-family: Arial;\">En tot slot: als we letten op Gods gunstbewijzen, zou dat ons dan niet moeten aanzetten tot meer trouw van onze kant? En vooral ook tot meer en intensere aanbidding? <\/span><\/span><\/span><\/span><\/p>\n<p class=\"MsoNormal\" style=\"margin: 0cm 0cm 0pt;\"><span style=\"mso-ansi-language: NL; mso-bidi-font-family: Arial;\" lang=\"NL\"><span style=\"color: #000000;\"><span style=\"font-size: x-small;\"><span style=\"font-family: Arial;\"> <\/span><\/span><\/span><\/span><\/p>\n<p class=\"MsoNormal\" style=\"margin: 0cm 0cm 0pt;\"><span style=\"font-size: x-small;\"><span style=\"font-family: Arial;\"><span style=\"color: red; mso-ansi-language: NL;\" lang=\"NL\">Wie wijs is, zal deze d\u00edngen bew\u00e1ren, begrijpen de bewijzen van vr\u00edendschap v\u00e1n de \u00c9NE!<\/span><\/span><\/span><\/p>\n<p class=\"MsoNormal\" style=\"margin: 0cm 0cm 0pt;\"><span style=\"mso-ansi-language: NL; mso-bidi-font-family: Arial;\" lang=\"NL\"><span style=\"font-size: x-small;\"><span style=\"color: #000000;\"><span style=\"font-family: Arial;\"> <\/span><\/span><\/span><\/span><\/p>\n<p class=\"MsoNormal\" style=\"margin: 0cm 0cm 0pt;\"><span style=\"mso-ansi-language: NL; mso-bidi-font-family: Arial;\" lang=\"NL\"><span style=\"font-size: x-small;\"><span style=\"color: #000000;\"><span style=\"font-family: Arial;\"> <\/span><\/span><\/span><\/span><\/p>\n<div style=\"padding-right: 4pt; padding-left: 4pt; padding-bottom: 1pt; padding-top: 1pt; border: windowtext 0.5pt solid;\">\n<p class=\"MsoBodyText\" style=\"margin: 0cm 0cm 0pt; text-align: center;\"><span lang=\"NL\"><strong><span style=\"font-size: large; color: #0000ff; font-family: Arial;\">Loof de God van de hemel<\/p>\n<p>\u2013 eeuwig duurt zijn trouw!<\/span><\/strong><\/span><\/p>\n<p class=\"MsoNormal\" style=\"margin: 0cm 0cm 0pt; text-align: right; mso-border-alt: solid windowtext .5pt; mso-padding-alt: 1.0pt 4.0pt 1.0pt 4.0pt; padding: 0cm;\" align=\"right\"><span style=\"mso-ansi-language: NL; mso-bidi-font-family: Arial;\" lang=\"NL\"><span style=\"font-size: x-small;\"><span style=\"color: #000000;\"><span style=\"font-family: Arial;\">Psalm 136: 26<\/span><\/span><\/span><\/span><\/p>\n<\/p><\/div>\n","protected":false},"excerpt":{"rendered":"<p>Loof de Heer, want hij is goed\u2013 eeuwig duurt zijn trouw \u2013 Psalm 136: 1 God is trouw. Veel bijbelpassages vertellen daarover. Veel liederen gaan daarover. Gods trouw blijkt uit zijn omgang met de mens. Met individuele personen. Met zijn volk Isra\u00ebl. Met zijn gemeente. Over Gods trouw schrijft Jeremia in zijn klaagliederen (3: 22, &hellip; <\/p>\n<p class=\"link-more\"><a href=\"https:\/\/www.vergaderingalkmaar.nl\/?page_id=68\" class=\"more-link\"><span class=\"screen-reader-text\">&#8220;Preek zondag 11 april 2010&#8221;<\/span> verder lezen<\/a><\/p>\n","protected":false},"author":1,"featured_media":0,"parent":588,"menu_order":120,"comment_status":"closed","ping_status":"open","template":"","meta":[],"_links":{"self":[{"href":"https:\/\/www.vergaderingalkmaar.nl\/index.php?rest_route=\/wp\/v2\/pages\/68"}],"collection":[{"href":"https:\/\/www.vergaderingalkmaar.nl\/index.php?rest_route=\/wp\/v2\/pages"}],"about":[{"href":"https:\/\/www.vergaderingalkmaar.nl\/index.php?rest_route=\/wp\/v2\/types\/page"}],"author":[{"embeddable":true,"href":"https:\/\/www.vergaderingalkmaar.nl\/index.php?rest_route=\/wp\/v2\/users\/1"}],"replies":[{"embeddable":true,"href":"https:\/\/www.vergaderingalkmaar.nl\/index.php?rest_route=%2Fwp%2Fv2%2Fcomments&post=68"}],"version-history":[{"count":1,"href":"https:\/\/www.vergaderingalkmaar.nl\/index.php?rest_route=\/wp\/v2\/pages\/68\/revisions"}],"predecessor-version":[{"id":1603,"href":"https:\/\/www.vergaderingalkmaar.nl\/index.php?rest_route=\/wp\/v2\/pages\/68\/revisions\/1603"}],"up":[{"embeddable":true,"href":"https:\/\/www.vergaderingalkmaar.nl\/index.php?rest_route=\/wp\/v2\/pages\/588"}],"wp:attachment":[{"href":"https:\/\/www.vergaderingalkmaar.nl\/index.php?rest_route=%2Fwp%2Fv2%2Fmedia&parent=68"}],"curies":[{"name":"wp","href":"https:\/\/api.w.org\/{rel}","templated":true}]}}