{"id":60,"date":"2010-02-25T22:48:05","date_gmt":"2010-02-25T21:48:05","guid":{"rendered":"http:\/\/www.vergaderingalkmaar.nl\/?page_id=60"},"modified":"2019-11-13T01:37:05","modified_gmt":"2019-11-13T00:37:05","slug":"preek-21-2-2010","status":"publish","type":"page","link":"https:\/\/www.vergaderingalkmaar.nl\/?page_id=60","title":{"rendered":"Preek 21-2-2010"},"content":{"rendered":"<div style=\"padding-right: 4pt; padding-left: 4pt; padding-bottom: 1pt; padding-top: 1pt; border: windowtext 0.5pt solid;\">\n<p class=\"MsoNormal\" style=\"margin: 0cm 0cm 0pt; text-align: center; mso-border-alt: solid windowtext .5pt; mso-padding-alt: 1.0pt 4.0pt 1.0pt 4.0pt; padding: 0cm;\" align=\"center\"><strong><span style=\"font-size: 14pt; color: blue; mso-bidi-font-size: 12.0pt; mso-ansi-language: NL;\" lang=\"NL\"><span style=\"font-family: Arial;\">Kiest u dan heden wie ge dienen zult:<\/span><\/span><\/strong><\/p>\n<p class=\"MsoNormal\" style=\"margin: 0cm 0cm 0pt; text-align: right; mso-border-alt: solid windowtext .5pt; mso-padding-alt: 1.0pt 4.0pt 1.0pt 4.0pt; padding: 0cm;\" align=\"right\"><span style=\"color: #000000;\"><span style=\"font-size: x-small;\"><span style=\"font-family: Arial;\"><span style=\"mso-bidi-font-family: Arial;\">Jozua 24: 15a<\/span><strong><\/strong><\/span><\/span><\/span><\/p>\n<\/p><\/div>\n<p class=\"MsoNormal\" style=\"margin: 0cm 0cm 0pt;\"><span style=\"mso-ansi-language: NL; mso-bidi-font-family: Arial;\" lang=\"NL\"><span style=\"color: #000000;\"><span style=\"font-size: x-small;\"><span style=\"font-family: Arial;\"> <\/span><\/span><\/span><\/span><\/p>\n<p class=\"MsoNormal\" style=\"margin: 0cm 0cm 0pt;\"><span style=\"mso-ansi-language: NL; mso-bidi-font-family: Arial;\" lang=\"NL\"><span style=\"color: #000000;\"><span style=\"font-size: x-small;\"><span style=\"font-family: Arial;\">De Heer Jezus is het licht van de wereld. Straalt dat licht ook door ons heen? Als de plaag van de duisternis het land Egypte treft, blijft het licht, daar waar de Isra\u00eblieten woonden (Ex. 10: 23). Wat zullen de Egyptenaren daarvan opgekeken hebben. <\/span><\/span><\/span><\/span><\/p>\n<p class=\"MsoNormal\" style=\"margin: 0cm 0cm 0pt;\"><span style=\"mso-ansi-language: NL; mso-bidi-font-family: Arial;\" lang=\"NL\"><span style=\"color: #000000;\"><span style=\"font-size: x-small;\"><span style=\"font-family: Arial;\"> <\/span><\/span><\/span><\/span><\/p>\n<p class=\"MsoNormal\" style=\"margin: 0cm 0cm 0pt;\"><span style=\"mso-ansi-language: NL; mso-bidi-font-family: Arial;\" lang=\"NL\"><span style=\"color: #000000;\"><span style=\"font-size: x-small;\"><span style=\"font-family: Arial;\">Na Gods grote daden en de verlossing uit Egypte trekt Isra\u00ebl veertig jaar door de woestijn. God bemoeit zich met zijn volk. Geeft hen te eten en te drinken. Steunt hen in de strijd. Leidt hen. Maar even zovele keren vergeet Isra\u00ebl Gods weldaden weer. <\/span><\/span><\/span><\/span><\/p>\n<p class=\"MsoNormal\" style=\"margin: 0cm 0cm 0pt;\"><span style=\"mso-ansi-language: NL; mso-bidi-font-family: Arial;\" lang=\"NL\"><span style=\"color: #000000;\"><span style=\"font-size: x-small;\"><span style=\"font-family: Arial;\"> <\/span><\/span><\/span><\/span><\/p>\n<p class=\"MsoNormal\" style=\"margin: 0cm 0cm 0pt;\"><span style=\"mso-ansi-language: NL; mso-bidi-font-family: Arial;\" lang=\"NL\"><span style=\"color: #000000;\"><span style=\"font-size: x-small;\"><span style=\"font-family: Arial;\">Na de zwerftocht van veertig jaar, kort voor de intocht in het beloofde land, houdt Mozes een grote rede. Hij houdt het volk Gods geboden voor. En in Deuteronomium 28 volgt daarvan de apotheose. \u201c<em>Je hebt het zelf in de hand<\/em>,\u201d zegt Mozes. Je zult gezegend worden als je Gods geboden opvolgt.<br style=\"mso-special-character: line-break;\" \/><br style=\"mso-special-character: line-break;\" \/><\/span><\/span><\/span><\/span><\/p>\n<p class=\"MsoNormal\" style=\"margin: 0cm 0cm 0pt;\"><span style=\"font-size: x-small;\"><span style=\"font-family: Arial;\"><span style=\"color: red; mso-ansi-language: NL;\" lang=\"NL\">Geschieden zal het, als je gehoorzaam hoort naar de stem van de Ene, God-over-jou, <br \/>door waakzaam te doen al zijn geboden die ik je heden gebied,- dat de Ene, je God, je zal maken hoog-verheven\u00a0boven alle volkeren der aarde.<\/span><\/span><\/span><\/p>\n<p class=\"MsoNormal\" style=\"margin: 0cm 0cm 0pt;\"><span style=\"font-size: x-small;\"><span style=\"font-family: Arial;\"><span style=\"color: red; mso-ansi-language: NL;\" lang=\"NL\">Komen zullen over jou al d\u00e9ze zegeningen en je bereiken,- wanneer je hoort naar de stem van de Ene, je God<\/span><span style=\"mso-ansi-language: NL;\" lang=\"NL\"><span style=\"color: #000000;\">.<\/span><\/span><\/span><\/span><\/p>\n<p class=\"MsoNormal\" style=\"margin: 0cm 0cm 0pt;\"><span style=\"mso-ansi-language: NL;\" lang=\"NL\"><span style=\"color: #000000;\"><span style=\"font-size: x-small;\"><span style=\"font-family: Arial;\"> <\/span><\/span><\/span><\/span><\/p>\n<p class=\"MsoNormal\" style=\"margin: 0cm 0cm 0pt;\"><span style=\"mso-ansi-language: NL;\" lang=\"NL\"><span style=\"color: #000000;\"><span style=\"font-size: x-small;\"><span style=\"font-family: Arial;\">Maar als je niet kiest om God te gehoorzamen, zijn de gevolgen voor jou:<\/span><\/span><\/span><\/span><\/p>\n<p class=\"MsoNormal\" style=\"margin: 0cm 0cm 0pt;\"><span style=\"mso-ansi-language: NL;\" lang=\"NL\"><span style=\"color: #000000;\"><span style=\"font-size: x-small;\"><span style=\"font-family: Arial;\"> <\/span><\/span><\/span><\/span><\/p>\n<p class=\"MsoNormal\" style=\"margin: 0cm 0cm 0pt;\"><span style=\"font-size: x-small;\"><span style=\"font-family: Arial;\"><span style=\"color: red; mso-ansi-language: NL;\" lang=\"NL\">Maar geschieden zal het, als je niet hoort naar de stem van de Ene, je God, door waakzaam al zijn geboden en al zijn inzettingen te doen die ik je heden gebied,- komen zullen dan over jou \u00a0\u00a0\u00a0al d\u00e9ze verwensingen en je bereiken:<\/span><\/span><\/span><\/p>\n<p class=\"MsoNormal\" style=\"margin: 0cm 0cm 0pt;\"><span style=\"font-size: x-small;\"><span style=\"font-family: Arial;\"><span style=\"color: red; mso-ansi-language: NL;\" lang=\"NL\">vervloekt jij in de stad; vervloekt jij op het veld,\u2026.<\/span><\/span><\/span><\/p>\n<p class=\"MsoNormal\" style=\"margin: 0cm 0cm 0pt;\"><span style=\"mso-ansi-language: NL;\" lang=\"NL\"><span style=\"color: #000000;\"><span style=\"font-size: x-small;\"><span style=\"font-family: Arial;\"> <\/span><\/span><\/span><\/span><\/p>\n<p class=\"MsoNormal\" style=\"margin: 0cm 0cm 0pt;\"><span style=\"mso-ansi-language: NL; mso-bidi-font-family: Arial;\" lang=\"NL\"><span style=\"color: #000000;\"><span style=\"font-size: x-small;\"><span style=\"font-family: Arial;\">We zien God als degene die wil zegenen. Maar die ook de schuldige niet onschuldig houdt, als wij hem verlaten.<\/span><\/span><\/span><\/span><\/p>\n<p class=\"MsoNormal\" style=\"margin: 0cm 0cm 0pt;\"><span style=\"mso-ansi-language: NL; mso-bidi-font-family: Arial;\" lang=\"NL\"><span style=\"color: #000000;\"><span style=\"font-size: x-small;\"><span style=\"font-family: Arial;\"> <\/span><\/span><\/span><\/span><\/p>\n<p class=\"MsoNormal\" style=\"margin: 0cm 0cm 0pt;\"><span style=\"mso-ansi-language: NL; mso-bidi-font-family: Arial;\" lang=\"NL\"><span style=\"color: #000000;\"><span style=\"font-size: x-small;\"><span style=\"font-family: Arial;\">Het volk Isra\u00ebl vergeet God vele keren. En even zovele keren begint God weer opnieuw met hen (Richteren, Samu\u00ebl, Koningen). <\/span><\/span><\/span><\/span><\/p>\n<p class=\"MsoNormal\" style=\"margin: 0cm 0cm 0pt;\"><span style=\"mso-ansi-language: NL; mso-bidi-font-family: Arial;\" lang=\"NL\"><span style=\"color: #000000;\"><span style=\"font-size: x-small;\"><span style=\"font-family: Arial;\">Uiteindelijk wordt Isra\u00ebl overwonnen door zijn vijanden en gedeporteerd. Maar ook dan laat God zijn volk niet aan zijn lot over. Na zeventig weken zal Ik de Chaldee\u00ebn vergelden wat ze hebben misdaan (Jer. 25: 12 \u2013 14) zegt God. En in Dani\u00ebl 9 maakt Dani\u00ebl zich de mond van het volk als hij in de wij-vorm schuld belijdt voor alles wat fout gedaan is ( : 7, 8):<\/span><\/span><\/span><\/span><\/p>\n<p class=\"MsoNormal\" style=\"margin: 0cm 0cm 0pt;\"><span style=\"mso-ansi-language: NL; mso-bidi-font-family: Arial;\" lang=\"NL\"><span style=\"color: #000000;\"><span style=\"font-size: x-small;\"><span style=\"font-family: Arial;\"> <\/span><\/span><\/span><\/span><\/p>\n<p class=\"MsoNormal\" style=\"margin: 0cm 0cm 0pt;\"><span style=\"font-size: x-small;\"><span style=\"font-family: Arial;\"><span style=\"color: red; mso-ansi-language: NL;\" lang=\"NL\">g\u00edj, Here, staat in uw recht, en w\u00edj hebben een aanschijn vol schaamte, z\u00f3 is het heden,- voor het manvolk van Juda, de ingezetenen van Jeruzalem en heel Isra\u00ebl, die nabij zijn en die<span style=\"mso-spacerun: yes;\"> <\/span>verre zijn, in alle landen waarheen gij hen hebt verstoten om hun ontrouw waarmee ze u ontrouw zijn geweest;<\/span><\/span><\/span><\/p>\n<p class=\"MsoNormal\" style=\"margin: 0cm 0cm 0pt;\"><span style=\"font-size: x-small;\"><span style=\"font-family: Arial;\"><span style=\"color: red; mso-ansi-language: NL;\" lang=\"NL\">Ene, wij hebben een aanschijn vol schaamte, onze koningen, onze vorsten en onze vaderen,-<br \/>omdat wij gezondigd hebben tegen u;<\/span><\/span><\/span><\/p>\n<p class=\"MsoNormal\" style=\"margin: 0cm 0cm 0pt;\"><span style=\"mso-ansi-language: NL;\" lang=\"NL\"><span style=\"color: #000000;\"><span style=\"font-size: x-small;\"><span style=\"font-family: Arial;\"> <\/span><\/span><\/span><\/span><\/p>\n<p class=\"MsoNormal\" style=\"margin: 0cm 0cm 0pt;\"><span style=\"mso-ansi-language: NL; mso-bidi-font-family: Arial;\" lang=\"NL\"><span style=\"color: #000000;\"><span style=\"font-size: x-small;\"><span style=\"font-family: Arial;\">Deze bijbelgedeelten laten ons een God zien die zegenen wil. Die \u00e8n Liefde \u00e8n Heilig is. Beseffen wij als een Daniel hoezeer wij als christenheid Hem tekort hebben gedaan en doen? En doet ons dat pijn?<\/span><\/span><\/span><\/span><\/p>\n<p class=\"MsoNormal\" style=\"margin: 0cm 0cm 0pt;\"><span style=\"mso-ansi-language: NL; mso-bidi-font-family: Arial;\" lang=\"NL\"><span style=\"color: #000000;\"><span style=\"font-size: x-small;\"><span style=\"font-family: Arial;\"> <\/span><\/span><\/span><\/span><\/p>\n<p class=\"MsoNormal\" style=\"margin: 0cm 0cm 0pt;\"><span style=\"mso-ansi-language: NL; mso-bidi-font-family: Arial;\" lang=\"NL\"><span style=\"color: #000000;\"><span style=\"font-size: x-small;\"><span style=\"font-family: Arial;\">Zijn wij dankbaar voor al de zegeningen die ons gelaten zijn? Willen we heel dicht bij Hem blijven. Want hoe verder van hem af, hoe meer de zegen verdwijnt. Want God heeft zijn licht in ons hart laten schijnen. Dichterbij kan Hij niet komen.<\/span><\/span><\/span><\/span><\/p>\n<p class=\"MsoNormal\" style=\"margin: 0cm 0cm 0pt;\"><span style=\"mso-ansi-language: NL; mso-bidi-font-family: Arial;\" lang=\"NL\"><span style=\"color: #000000;\"><span style=\"font-size: x-small;\"><span style=\"font-family: Arial;\"> <\/span><\/span><\/span><\/span><\/p>\n<p class=\"MsoBodyText\" style=\"margin: 0cm 0cm 0pt;\"><span lang=\"NL\"><span style=\"font-size: x-small; color: #ff0000; font-family: Arial;\">Want de God die gezegd heeft &#8216;uit het duister zal licht schijnen&#8217;, is het die heeft geschenen in onze harten,- tot verlichting met de kennis van Gods heerlijkheid in het aangezicht van Christus.<\/span><\/span><\/p>\n<p class=\"MsoBodyText\" style=\"margin: 0cm 0cm 0pt;\"><span lang=\"NL\"><span style=\"font-size: x-small;\"><span style=\"color: #ff0000;\"><span style=\"font-family: Arial;\"> <\/span><\/span><\/span><\/span><\/p>\n<div style=\"padding-right: 4pt; padding-left: 4pt; padding-bottom: 1pt; padding-top: 1pt; border: windowtext 0.5pt solid;\">\n<p class=\"MsoBodyText\" style=\"margin: 0cm 0cm 0pt; text-align: center; mso-border-alt: solid windowtext .5pt; mso-padding-alt: 1.0pt 4.0pt 1.0pt 4.0pt; padding: 0cm;\" align=\"center\"><strong><span style=\"font-size: 14pt; color: blue; mso-bidi-font-size: 12.0pt;\" lang=\"NL\"><span style=\"font-family: Arial;\">maar ik en mijn huis, wij zullen de Ene dienen!<\/span><\/span><\/strong><\/p>\n<p class=\"MsoBodyText\" style=\"margin: 0cm 0cm 0pt; text-align: right; mso-border-alt: solid windowtext .5pt; mso-padding-alt: 1.0pt 4.0pt 1.0pt 4.0pt; padding: 0cm;\" align=\"right\"><span style=\"color: windowtext; mso-bidi-font-family: Arial;\" lang=\"NL\"><span style=\"font-size: x-small;\"><span style=\"font-family: Arial;\">Jozua 24: 15b<\/span><\/span><\/span><\/p>\n<\/p><\/div>\n","protected":false},"excerpt":{"rendered":"<p>Kiest u dan heden wie ge dienen zult: Jozua 24: 15a De Heer Jezus is het licht van de wereld. Straalt dat licht ook door ons heen? Als de plaag van de duisternis het land Egypte treft, blijft het licht, daar waar de Isra\u00eblieten woonden (Ex. 10: 23). Wat zullen de Egyptenaren daarvan opgekeken hebben. &hellip; <\/p>\n<p class=\"link-more\"><a href=\"https:\/\/www.vergaderingalkmaar.nl\/?page_id=60\" class=\"more-link\"><span class=\"screen-reader-text\">&#8220;Preek 21-2-2010&#8221;<\/span> verder lezen<\/a><\/p>\n","protected":false},"author":1,"featured_media":0,"parent":588,"menu_order":126,"comment_status":"closed","ping_status":"open","template":"","meta":[],"_links":{"self":[{"href":"https:\/\/www.vergaderingalkmaar.nl\/index.php?rest_route=\/wp\/v2\/pages\/60"}],"collection":[{"href":"https:\/\/www.vergaderingalkmaar.nl\/index.php?rest_route=\/wp\/v2\/pages"}],"about":[{"href":"https:\/\/www.vergaderingalkmaar.nl\/index.php?rest_route=\/wp\/v2\/types\/page"}],"author":[{"embeddable":true,"href":"https:\/\/www.vergaderingalkmaar.nl\/index.php?rest_route=\/wp\/v2\/users\/1"}],"replies":[{"embeddable":true,"href":"https:\/\/www.vergaderingalkmaar.nl\/index.php?rest_route=%2Fwp%2Fv2%2Fcomments&post=60"}],"version-history":[{"count":1,"href":"https:\/\/www.vergaderingalkmaar.nl\/index.php?rest_route=\/wp\/v2\/pages\/60\/revisions"}],"predecessor-version":[{"id":1595,"href":"https:\/\/www.vergaderingalkmaar.nl\/index.php?rest_route=\/wp\/v2\/pages\/60\/revisions\/1595"}],"up":[{"embeddable":true,"href":"https:\/\/www.vergaderingalkmaar.nl\/index.php?rest_route=\/wp\/v2\/pages\/588"}],"wp:attachment":[{"href":"https:\/\/www.vergaderingalkmaar.nl\/index.php?rest_route=%2Fwp%2Fv2%2Fmedia&parent=60"}],"curies":[{"name":"wp","href":"https:\/\/api.w.org\/{rel}","templated":true}]}}