{"id":241,"date":"2013-06-09T16:30:20","date_gmt":"2013-06-09T15:30:20","guid":{"rendered":"http:\/\/www.vergaderingalkmaar.nl\/?page_id=241"},"modified":"2013-06-09T16:30:20","modified_gmt":"2013-06-09T15:30:20","slug":"preek-zondag-9-juni-2013","status":"publish","type":"page","link":"https:\/\/www.vergaderingalkmaar.nl\/?page_id=241","title":{"rendered":"Preek zondag 9 juni 2013"},"content":{"rendered":"<p>\u00a0<\/p>\n<div style=\"mso-element: para-border-div; border: solid windowtext 1.0pt; mso-border-alt: solid windowtext .5pt; padding: 1.0pt 4.0pt 1.0pt 4.0pt;\">\n<p class=\"MsoNormal\" style=\"text-align: center; mso-pagination: none; mso-layout-grid-align: none; text-autospace: none; border: none; mso-border-alt: solid windowtext .5pt; padding: 0cm; mso-padding-alt: 1.0pt 4.0pt 1.0pt 4.0pt;\" align=\"center\"><strong style=\"mso-bidi-font-weight: normal;\"><span style=\"font-size: 14.0pt; mso-bidi-font-size: 11.0pt; mso-bidi-font-family: Tahoma; color: blue; mso-ansi-language: EN-US;\" lang=\"EN-US\">In je omw\u00e1lling zij vr\u00e9de, w\u00e9lvaart \u00edn je pal\u00e9izen!<\/span><\/strong><strong style=\"mso-bidi-font-weight: normal;\"><\/strong><\/p>\n<\/p><\/div>\n<p class=\"MsoNormal\">\u00a0<\/p>\n<p class=\"MsoNormal\" style=\"margin-bottom: 6.0pt; mso-pagination: none; mso-layout-grid-align: none; text-autospace: none;\"><span style=\"mso-bidi-font-size: 13.0pt; mso-bidi-font-family: Helvetica; mso-bidi-font-weight: bold;\"> <\/span><\/p>\n<p class=\"MsoNormal\" style=\"margin-bottom: 6.0pt; mso-pagination: none; mso-layout-grid-align: none; text-autospace: none;\"><span style=\"mso-bidi-font-size: 13.0pt; mso-bidi-font-family: Helvetica; mso-bidi-font-weight: bold;\">Josafat<\/span><span style=\"mso-bidi-font-size: 13.0pt; mso-bidi-font-family: Helvetica;\"> (zijn naam betekent <em>&#8220;De Heer is rechter&#8221;<\/em>), was koning van <a href=\"http:\/\/nl.wikipedia.org\/wiki\/Koninkrijk_Juda\"><span style=\"color: windowtext; text-decoration: none; text-underline: none;\">Juda<\/span><\/a>. Na de dood van koning Salomo scheurde Salomo\u2019s rijk in twee delen: het koninkrijk Israel en het koninkrijk Juda. Beide koninkrijken hadden hun eigen lijn van erfelijke troonsopvolgers. De koningen van Israel gingen zonder uitzondering mee in de gebruiken en godsdiensten van de hen omringende volken. In Juda was er een aantal koningen die trouw bleven aan God en zijn geboden. Josafat was er daar \u00e9\u00e9n van. Hij was de opvolger van zijn vader <a href=\"http:\/\/nl.wikipedia.org\/wiki\/Asa_van_Juda\"><span style=\"color: windowtext; text-decoration: none; text-underline: none;\">Asa<\/span><\/a>. Over zijn leven is in de Bijbel te lezen in <a href=\"http:\/\/nl.wikipedia.org\/wiki\/I_en_II_Koningen\"><span style=\"color: windowtext; text-decoration: none; text-underline: none;\">1 Koningen<\/span><\/a> 22 en in <a href=\"http:\/\/nl.wikipedia.org\/wiki\/I_en_II_Kronieken\"><span style=\"color: windowtext; text-decoration: none; text-underline: none;\">2 Kronieken<\/span><\/a> 17-20. <\/span><\/p>\n<p class=\"MsoNormal\" style=\"mso-pagination: none; mso-layout-grid-align: none; text-autospace: none;\"><span style=\"mso-bidi-font-size: 13.0pt; mso-bidi-font-family: Helvetica;\">De beschrijving van de geschiedenis van Josafat in 2 Kronieken begint (2 Kron. 17: 3) met de constatering dat Josafat <\/span><span style=\"mso-bidi-font-size: 11.0pt; mso-bidi-font-family: Tahoma; color: red;\">is voortgegaan op de vroegere wegen van zijn voorvader David. <\/span><span style=\"mso-bidi-font-size: 11.0pt; mso-bidi-font-family: Tahoma;\">Hij wilde God dienen. En God bevestigde zijn koningschap (:5).<span style=\"color: red;\"> <\/span><\/span><span style=\"mso-bidi-font-size: 13.0pt; mso-bidi-font-family: Helvetica;\">Josafat vernietigde afgodsbeelden van <a href=\"http:\/\/nl.wikipedia.org\/wiki\/Ba%C3%A4l\"><span style=\"color: windowtext; text-decoration: none; text-underline: none;\">Ba\u00e4l<\/span><\/a> die in Juda te vinden waren. In het derde jaar van zijn regering stuurde hij priesters en <a href=\"http:\/\/nl.wikipedia.org\/wiki\/Levieten\"><span style=\"color: windowtext; text-decoration: none; text-underline: none;\">Levieten<\/span><\/a> het land in om zijn onderdanen te onderrichten in de wetten van de <a href=\"http:\/\/nl.wikipedia.org\/wiki\/Thora\"><span style=\"color: windowtext; text-decoration: none; text-underline: none;\">Thora<\/span><\/a>.<\/span><\/p>\n<p class=\"MsoNormal\" style=\"mso-pagination: none; mso-layout-grid-align: none; text-autospace: none;\"><span style=\"mso-bidi-font-size: 13.0pt; mso-bidi-font-family: Helvetica;\"> <\/span><\/p>\n<p class=\"MsoNormal\" style=\"mso-pagination: none; mso-layout-grid-align: none; text-autospace: none;\"><span style=\"mso-bidi-font-size: 13.0pt; mso-bidi-font-family: Helvetica;\">Het gevolg van Josafat\u2019s keuzes was zeer zichtbaar. Want <\/span><span style=\"mso-bidi-font-size: 11.0pt; mso-bidi-font-family: Tahoma; color: red;\">de schrik van de Ene valt over alle koninkrijken van de landstreken rondom Juda,- en ze hebben geen oorlog durven voeren<\/span><\/p>\n<p class=\"MsoNormal\" style=\"mso-pagination: none; mso-layout-grid-align: none; text-autospace: none;\"><span style=\"mso-bidi-font-size: 11.0pt; mso-bidi-font-family: Tahoma; color: red;\">met Josafat. <\/span><span style=\"mso-bidi-font-size: 11.0pt; mso-bidi-font-family: Tahoma;\">De omringende rijken brengen zelfs geschenken en geld; ze hebben groot ontzag voor het toch kleine koninkrijk Juda.<\/span><\/p>\n<p class=\"MsoNormal\" style=\"mso-pagination: none; mso-layout-grid-align: none; text-autospace: none;\"><span style=\"mso-bidi-font-size: 11.0pt; mso-bidi-font-family: Tahoma;\"> <\/span><\/p>\n<p class=\"MsoNormal\" style=\"mso-pagination: none; mso-layout-grid-align: none; text-autospace: none;\"><span style=\"mso-bidi-font-size: 13.0pt; mso-bidi-font-family: Helvetica;\">Middels een huwelijk kreeg Josafat een familieband met koning <a href=\"http:\/\/nl.wikipedia.org\/wiki\/Achab\"><span style=\"color: windowtext; text-decoration: none; text-underline: none;\">Achab<\/span><\/a> van Isra\u00ebl. <\/span><span style=\"mso-bidi-font-size: 11.0pt; mso-bidi-font-family: Tahoma;\">Dan vraagt Achab Josafat om politieke en militaire steun. <\/span><span style=\"mso-bidi-font-size: 13.0pt; mso-bidi-font-family: Helvetica;\">Achab wilde een oorlog beginnen tegen koning <a href=\"http:\/\/nl.wikipedia.org\/w\/index.php?title=Ramot&#038;action=edit&#038;redlink=1\"><span style=\"color: windowtext; text-decoration: none; text-underline: none;\">Ramot<\/span><\/a> van <a href=\"http:\/\/nl.wikipedia.org\/wiki\/Aramee%C3%ABrs\"><span style=\"color: windowtext; text-decoration: none; text-underline: none;\">Aram<\/span><\/a> in <a href=\"http:\/\/nl.wikipedia.org\/wiki\/Gilead_(Bijbelse_plaats)\"><span style=\"color: windowtext; text-decoration: none; text-underline: none;\">Gilead<\/span><\/a>. <\/span><\/p>\n<p class=\"MsoNormal\" style=\"mso-pagination: none; mso-layout-grid-align: none; text-autospace: none;\"><span style=\"mso-bidi-font-size: 13.0pt; mso-bidi-font-family: Helvetica;\">Josafat aarzelt. Hij wil eerst horen wat de profeten vinden van de idee om ten strijde te trekken.<span style=\"mso-spacerun: yes;\"> <\/span>Achab heeft nog wel vierhonderd profeten achter de hand en die verklaren desgevraagd eenparig <\/span><span style=\"mso-bidi-font-size: 11.0pt; mso-bidi-font-family: Tahoma; color: red;\">klim op, God geeft het de koning in handen! <\/span><span style=\"mso-bidi-font-size: 11.0pt; mso-bidi-font-family: Tahoma;\">Josafat heeft zo zijn bedenkingen tegen deze profeten die wel erg opzichtig laten horen wat Achab graag wil. Hij vraagt om een onafhankelijke profeet van God. En die is er: Micha, ze zoon van Jimla. Maar, zegt Achab, ik moet die man niet<span style=\"color: red;\">: ik haat hem!, want hij profeteert tot mij nooit ten goede maar al zijn dagen ten kwade. <\/span>Micha doet eerst alsof hij de uitspraak van de vierhonderd profeten helemaal steunt. Maar de koning vertrouwt dat niet en zegt zoveel als \u2018<em style=\"mso-bidi-font-style: normal;\">maak me niks wijs; spreek alleen wat God zegt<\/em>.\u2019 En dan voorzegt Micha de komende nederlaag. En legt en passant uit dat er een leugengeest in de andere profeten is gekomen. <\/span><\/p>\n<p class=\"MsoNormal\" style=\"mso-pagination: none; mso-layout-grid-align: none; text-autospace: none;\"><span style=\"mso-bidi-font-size: 11.0pt; mso-bidi-font-family: Tahoma;\"> <\/span><\/p>\n<p class=\"MsoNormal\" style=\"mso-pagination: none; mso-layout-grid-align: none; text-autospace: none;\"><span style=\"mso-bidi-font-size: 11.0pt; mso-bidi-font-family: Tahoma;\">De beide koningen gaan de strijd toch aan. En ze worden, conform wat Micha voorspelde, verslagen. Achab wordt gedood. <\/span><span style=\"mso-bidi-font-size: 13.0pt; mso-bidi-font-family: Helvetica;\">Terug in zijn eigen rijk wordt Josafat terechtgewezen door de profeet <a href=\"http:\/\/nl.wikipedia.org\/w\/index.php?title=Jehu_(profeet)&#038;action=edit&#038;redlink=1\"><span style=\"color: windowtext; text-decoration: none; text-underline: none;\">Jehu<\/span><\/a> vanwege zijn alliantie met Achab.<\/span><\/p>\n<p class=\"MsoNormal\" style=\"mso-pagination: none; mso-layout-grid-align: none; text-autospace: none;\"><span style=\"mso-bidi-font-size: 13.0pt; mso-bidi-font-family: Helvetica;\"> <\/span><\/p>\n<p class=\"MsoNormal\" style=\"mso-pagination: none; mso-layout-grid-align: none; text-autospace: none;\"><span style=\"mso-bidi-font-size: 13.0pt; mso-bidi-font-family: Helvetica;\">In 2 Kron. 20 trekken een drietal omliggende volken ten strijde tegen Josafat. En dan doet Josafat het enige wat hij eigenlijk nog kan: hij beroept zich bij God op de beloften die God deed aan zijn betovergrootvader Salomo (2 Kron. 6: 34, 35). Josafat vertelt God precies hoe slecht het er voor staat (20: 10) in aanwezigheid van iedereen, mannen, vrouwen en kinderen. En God antwoordt door de profeet <\/span><span style=\"mso-bidi-font-size: 11.0pt; mso-bidi-font-family: Tahoma;\">Jachazi\u00ebl: <span style=\"color: red;\">trekt morgen voor hun aanschijn uit,de Ene is met u! <\/span>De reactie van Josafat en de mensen bij hem is verbluffend: ze buigen voor God. En prijzen hem ten hoogste met luide stem. En dat terwijl de strijd nog moest beginnen! Wat een absoluut vertrouwen spreekt daaruit!<\/span><\/p>\n<p class=\"MsoNormal\" style=\"mso-pagination: none; mso-layout-grid-align: none; text-autospace: none;\"><span style=\"mso-bidi-font-size: 11.0pt; mso-bidi-font-family: Tahoma;\"> <\/span><\/p>\n<p class=\"MsoNormal\" style=\"mso-pagination: none; mso-layout-grid-align: none; text-autospace: none;\"><span style=\"mso-bidi-font-size: 11.0pt; mso-bidi-font-family: Tahoma;\">Niet minder verbluffend is het verloop van de strijd d volgende dag. Zangers gaan voor de strijders uit en roepen <\/span><span style=\"mso-bidi-font-size: 11.0pt; mso-bidi-font-family: Tahoma; color: red; mso-ansi-language: EN-US;\" lang=\"EN-US\">&#8216;Brengt dank aan de Ene, want voor eeuwig is zijn vriendschap!&#8217;<\/span><span style=\"mso-bidi-font-size: 11.0pt; mso-bidi-font-family: Tahoma;\" lang=\"EN-US\"> <\/span><span style=\"mso-bidi-font-size: 11.0pt; mso-bidi-font-family: Tahoma;\">De belegerende legers raken onderling in gevecht en schakelen elkaar uit! En een enorme buit is de beloning voor Juda.<\/span><\/p>\n<p class=\"MsoNormal\" style=\"mso-pagination: none; mso-layout-grid-align: none; text-autospace: none;\"><span style=\"mso-bidi-font-size: 11.0pt; mso-bidi-font-family: Tahoma;\"> <\/span><\/p>\n<p class=\"MsoNormal\" style=\"mso-pagination: none; mso-layout-grid-align: none; text-autospace: none;\"><span style=\"mso-bidi-font-size: 11.0pt; mso-bidi-font-family: Tahoma;\">Josafat betoonde zich trouw aan God. En God zegent de koning. <\/span><span style=\"mso-bidi-font-size: 11.0pt; mso-bidi-font-family: Tahoma; color: red; mso-ansi-language: EN-US;\" lang=\"EN-US\">Zo kent het koningschap<\/span><\/p>\n<p class=\"MsoNormal\" style=\"mso-pagination: none; mso-layout-grid-align: none; text-autospace: none;\"><span style=\"mso-bidi-font-size: 11.0pt; mso-bidi-font-family: Tahoma; color: red; mso-ansi-language: EN-US;\" lang=\"EN-US\">van Josafat stilte,- zijn God schenkt hem rust rondom. <\/span><span style=\"mso-bidi-font-size: 11.0pt; mso-bidi-font-family: Tahoma; mso-ansi-language: EN-US;\" lang=\"EN-US\">De strijd is over. God geeft rust.<\/span><\/p>\n<p class=\"MsoNormal\" style=\"margin-bottom: 6.0pt; mso-pagination: none; mso-layout-grid-align: none; text-autospace: none;\"><span style=\"mso-bidi-font-size: 13.0pt; mso-bidi-font-family: Helvetica; color: red;\"> <\/span><\/p>\n<div style=\"mso-element: para-border-div; border: solid windowtext 1.0pt; mso-border-alt: solid windowtext .5pt; padding: 1.0pt 4.0pt 1.0pt 4.0pt;\">\n<p class=\"MsoNormal\" style=\"mso-pagination: none; mso-layout-grid-align: none; text-autospace: none; border: none; mso-border-alt: solid windowtext .5pt; padding: 0cm; mso-padding-alt: 1.0pt 4.0pt 1.0pt 4.0pt;\"><strong style=\"mso-bidi-font-weight: normal;\"><span style=\"font-size: 14.0pt; mso-bidi-font-size: 11.0pt; mso-bidi-font-family: Tahoma; color: blue; mso-ansi-language: EN-US;\" lang=\"EN-US\">Omwille van mijn br\u00f3eders en gez\u00e9llen spreek ik \u00fait: &#8216;vr\u00e9de in j\u00f3u!&#8217;<\/span><\/strong><strong style=\"mso-bidi-font-weight: normal;\"><\/strong><\/p>\n<\/p><\/div>\n<p class=\"MsoNormal\">\u00a0<\/p>\n<p>\u00a0<\/p>\n","protected":false},"excerpt":{"rendered":"<p>\u00a0 In je omw\u00e1lling zij vr\u00e9de, w\u00e9lvaart \u00edn je pal\u00e9izen! \u00a0 Josafat (zijn naam betekent &#8220;De Heer is rechter&#8221;), was koning van Juda. Na de dood van koning Salomo scheurde Salomo\u2019s rijk in twee delen: het koninkrijk Israel en het koninkrijk Juda. Beide koninkrijken hadden hun eigen lijn van erfelijke troonsopvolgers. De koningen van Israel &hellip; <\/p>\n<p class=\"link-more\"><a href=\"https:\/\/www.vergaderingalkmaar.nl\/?page_id=241\" class=\"more-link\"><span class=\"screen-reader-text\">&#8220;Preek zondag 9 juni 2013&#8221;<\/span> verder lezen<\/a><\/p>\n","protected":false},"author":1,"featured_media":0,"parent":588,"menu_order":7,"comment_status":"open","ping_status":"open","template":"","meta":[],"_links":{"self":[{"href":"https:\/\/www.vergaderingalkmaar.nl\/index.php?rest_route=\/wp\/v2\/pages\/241"}],"collection":[{"href":"https:\/\/www.vergaderingalkmaar.nl\/index.php?rest_route=\/wp\/v2\/pages"}],"about":[{"href":"https:\/\/www.vergaderingalkmaar.nl\/index.php?rest_route=\/wp\/v2\/types\/page"}],"author":[{"embeddable":true,"href":"https:\/\/www.vergaderingalkmaar.nl\/index.php?rest_route=\/wp\/v2\/users\/1"}],"replies":[{"embeddable":true,"href":"https:\/\/www.vergaderingalkmaar.nl\/index.php?rest_route=%2Fwp%2Fv2%2Fcomments&post=241"}],"version-history":[{"count":0,"href":"https:\/\/www.vergaderingalkmaar.nl\/index.php?rest_route=\/wp\/v2\/pages\/241\/revisions"}],"up":[{"embeddable":true,"href":"https:\/\/www.vergaderingalkmaar.nl\/index.php?rest_route=\/wp\/v2\/pages\/588"}],"wp:attachment":[{"href":"https:\/\/www.vergaderingalkmaar.nl\/index.php?rest_route=%2Fwp%2Fv2%2Fmedia&parent=241"}],"curies":[{"name":"wp","href":"https:\/\/api.w.org\/{rel}","templated":true}]}}