{"id":227,"date":"2013-01-08T11:55:58","date_gmt":"2013-01-08T10:55:58","guid":{"rendered":"http:\/\/www.vergaderingalkmaar.nl\/?page_id=227"},"modified":"2013-01-08T11:55:58","modified_gmt":"2013-01-08T10:55:58","slug":"preek-zondag-6-januari-2013","status":"publish","type":"page","link":"https:\/\/www.vergaderingalkmaar.nl\/?page_id=227","title":{"rendered":"Preek zondag 6 januari 2013"},"content":{"rendered":"<p>      0 false  21  18 pt 18 pt 0 0  false false false               \/* Style Definitions *\/ table.MsoNormalTable \t{mso-style-name:Standaardtabel; \tmso-tstyle-rowband-size:0; \tmso-tstyle-colband-size:0; \tmso-style-noshow:yes; \tmso-style-parent:&#8221;&#8221;; \tmso-padding-alt:0cm 5.4pt 0cm 5.4pt; \tmso-para-margin:0cm; \tmso-para-margin-bottom:.0001pt; \tmso-pagination:widow-orphan; \tfont-size:12.0pt; \tfont-family:&#8221;Times New Roman&#8221;; \tmso-ascii-font-family:Cambria; \tmso-ascii-theme-font:minor-latin; \tmso-fareast-font-family:&#8221;Times New Roman&#8221;; \tmso-fareast-theme-font:minor-fareast; \tmso-hansi-font-family:Cambria; \tmso-hansi-theme-font:minor-latin;}    <\/p>\n<div style=\"mso-element: para-border-div; border: solid windowtext 1.0pt; mso-border-alt: solid windowtext .5pt; padding: 1.0pt 4.0pt 1.0pt 4.0pt;\">\n<p class=\"MsoNormal\" style=\"text-align: center; mso-pagination: none; mso-layout-grid-align: none; text-autospace: none; border: none; mso-border-alt: solid windowtext .5pt; padding: 0cm; mso-padding-alt: 1.0pt 4.0pt 1.0pt 4.0pt;\" align=\"center\"><strong style=\"mso-bidi-font-weight: normal;\"><span style=\"font-size: 14.0pt; mso-bidi-font-size: 11.0pt; mso-bidi-font-family: Tahoma; color: blue;\">Vergeefs dat ge vroeg opstaat, <\/span><\/strong><\/p>\n<p class=\"MsoNormal\" style=\"text-align: center; mso-pagination: none; mso-layout-grid-align: none; text-autospace: none; border: none; mso-border-alt: solid windowtext .5pt; padding: 0cm; mso-padding-alt: 1.0pt 4.0pt 1.0pt 4.0pt;\" align=\"center\"><strong style=\"mso-bidi-font-weight: normal;\"><span style=\"font-size: 14.0pt; mso-bidi-font-size: 11.0pt; mso-bidi-font-family: Tahoma; color: blue;\">laat pas gaat zitten, en eet het br\u00f3od der sm\u00e1rten:<\/span><\/strong><\/p>\n<\/p><\/div>\n<p class=\"MsoNormal\">\u00a0<\/p>\n<p class=\"MsoNormal\">Voor een christen is er geen beter houvast dan de bijbel. Gods woord. Zeker in een tijd waarin het christelijk geloof van alle kanten wordt teruggeduwd en in een hoekje gedreven zitten, ook wij wel eens in de knel. Worden we met vragen geconfronteerd. En dan is het goed om \u2018vast te staan\u2019 in Gods woord. We lezen daarover een paar gedeelten.<\/p>\n<p class=\"MsoNormal\">\u00a0<\/p>\n<p class=\"MsoNormal\"><strong style=\"mso-bidi-font-weight: normal;\">Matthe\u00fcs 4: 12 \u2013 17.<\/strong><\/p>\n<p class=\"MsoNormal\" style=\"mso-pagination: none; mso-layout-grid-align: none; text-autospace: none;\">Hier lezen we over het begin van Jezus\u2019 bediening. <span style=\"mso-bidi-font-size: 11.0pt; mso-bidi-font-family: Tahoma; color: red;\">Van dan af begint Jezus te prediken; hij zegt: bekeert u,- want genaderd is het koninkrijk der hemelen! <\/span><span style=\"mso-bidi-font-size: 11.0pt; mso-bidi-font-family: Tahoma;\">En in die context spelt zich ook ons huidige leven nog steeds af. Als christenen zien wij de werkelijkheid in het \u2018frame\u2019 van <strong style=\"mso-bidi-font-weight: normal;\">het koninkrijk der hemelen<\/strong> dat in Matthe\u00fcs aanstaande is.<\/span><\/p>\n<p class=\"MsoNormal\">\u00a0<\/p>\n<p class=\"MsoNormal\"><strong style=\"mso-bidi-font-weight: normal;\">Matthe\u00fcs 6: 25 \u2013 28; 31 \u2013 33.<\/strong><\/p>\n<p class=\"MsoNormal\" style=\"mso-pagination: none; mso-layout-grid-align: none; text-autospace: none;\">In de bergrede geeft de Heer de <strong style=\"mso-bidi-font-weight: normal;\">grondwet <\/strong>van dat koninkrijk. Hij zet uiteen voor zijn volgelingen hoe in zijn koninkrijk de dingen in elkaar zitten. De teksten over \u2018niet bezorgd zijn\u2019 kennen we allemaal wel. We vatten ze vaak op als aanwijzingen dat we aan met zaken als <span style=\"mso-bidi-font-size: 11.0pt; mso-bidi-font-family: Tahoma; color: red;\">wat moeten we eten?, of: wat moeten we drinken?, of: wat moeten we omdoen?<\/span><span style=\"font-size: 11.0pt; font-family: Tahoma; mso-bidi-font-family: Tahoma;\">&#8211;<\/span><span style=\"mso-bidi-font-size: 11.0pt; mso-bidi-font-family: Tahoma; color: red;\"> <\/span><span style=\"mso-bidi-font-size: 11.0pt; mso-bidi-font-family: Tahoma;\">geen aandacht mogen besteden. Dat het eigenlijk zonde is als we dat wel doen. Omdat het voor een christen volmaakt onbelangrijk zou zijn. Maar is dat wel wat er werkelijk staat? Want als we doorlezen wordt er niet gezegd dat deze aardse dingen van geen belang zijn, maar: <span style=\"color: red;\">uw hemelse Vader w\u00e9\u00e9t immers dat ge dit alles nodig hebt!- <\/span>Verbluffend. Het is wel belangrijk. En God zorgt ervoor. Maar er is iets anders dat in belangrijkheid voorafgaat: <span style=\"color: red;\">maar zoekt eerst <strong style=\"mso-bidi-font-weight: normal;\">het koninkrijk<\/strong> <strong style=\"mso-bidi-font-weight: normal;\">en zijn gerechtigheid<\/strong>, en dat alles zal u worden toegevoegd; <\/span>Het koninkrijk van God is waar onze prioriteit naar moet uitgaan. Een christen moet niet achter bezit, geld en goed aanjagen. Want aan begeren komt nooit een einde. <\/span><span style=\"mso-bidi-font-family: \" Sans=\"Sans\" Unicode\";\"=\"Unicode\";\"\">Begeerte kan zich concreet uiten in gevoelens van afgunst door wat een ander bereikt in zijn werk, doordat een ander zich meer kan permitteren, door het grotere huis of de ruimere auto. Het enige wat je doet is je eigen situatie vergelijken met die van de ander. Dat is niet best. Spreuken 14: 30 zegt: <\/span><span style=\"mso-bidi-font-size: 11.0pt; mso-bidi-font-family: Tahoma; color: red;\">Het leven van lichamen komt van een gezond hart,- en kanker in de botten van naijver.<\/span><span style=\"font-size: 11.0pt; font-family: Tahoma; mso-bidi-font-family: Tahoma;\"> <\/span><span style=\"mso-bidi-font-family: \" Sans=\"Sans\" Unicode\";\"=\"Unicode\";\"\">Je kunt van jaloersheid ziek worden, allerlei kwalen krijgen en zelfs dood gaan. Jaloezie verteert een mens.<\/span><span style=\"font-size: 12.0pt; font-family: \" Sans=\"Sans\" Unicode\";=\"Unicode\";\" mso-bidi-font-family:=\"mso-bidi-font-family:\" \"Lucida=\"\"Lucida\" Sans=\"Sans\" Unicode\";=\"Unicode\";\" color:=\"color:\" #665b42;\"=\"#665b42;\"\"> <\/span><span style=\"mso-bidi-font-size: 11.0pt; mso-bidi-font-family: Tahoma;\">We lopen het gevaar meer bezig te zijn om te krijgen wat we niet hebben, dan dankbaar om wat we wel hebben. En dat kan gemakkelijk afleiden van waar het ons werkelijk om moet gaan: Gods koninkrijk moet zichtbare en feitelijke prioriteit hebben. En onze hemelse Vader weet heel goed dat we zonder eten, drinken en kleding kunnen. <span style=\"mso-spacerun: yes;\"> <\/span><\/span><strong style=\"mso-bidi-font-weight: normal;\"><\/strong><\/p>\n<p class=\"MsoNormal\">\u00a0<\/p>\n<p class=\"MsoNormal\"><strong style=\"mso-bidi-font-weight: normal;\">Lucas 12: 29 \u2013 32.<\/strong><\/p>\n<p class=\"MsoNormal\" style=\"mso-pagination: none; mso-layout-grid-align: none; text-autospace: none;\">Dit is een stukje dat parallel is met de tekst hierboven uit Matthe\u00fcs. Maar hier staat aan het eind klip en klaar <span style=\"mso-bidi-font-size: 11.0pt; mso-bidi-font-family: Tahoma; color: red;\">vrees niet, klein kuddeke; want het heeft uw Vader behaagd u <strong style=\"mso-bidi-font-weight: normal;\">het koninkrijk te geven<\/strong>!- <\/span><span style=\"mso-bidi-font-size: 11.0pt; mso-bidi-font-family: Tahoma;\">Elk idee dat we op zoek moeten naar het koninkrijk en dan maar moeten afwachten of we het daadwerkelijk vinden, wordt hier<span style=\"mso-spacerun: yes;\"> <\/span>krachtig de kop ingedrukt. Het koninkrijk is aan ons gegeven! Als geschenk. Gratis. We krijgen het niet straks: we hebben het al nu. <\/span><\/p>\n<p class=\"MsoNormal\" style=\"mso-pagination: none; mso-layout-grid-align: none; text-autospace: none;\">Op de een of andere manier blijft dat voor ons moeilijk te aanvaarden. We zorgen er liever zelf voor. We gaan ervoor aan het werk. Leven uit pure genade is voor ons een eng idee. We willen het \u2013 in elk geval een beetje \u2013 ook nog verdiend hebben. Zoals een belastingbetaler, die rechten kan laten gelden, want hij heeft immers betaald.<\/p>\n<p class=\"MsoNormal\" style=\"mso-pagination: none; mso-layout-grid-align: none; text-autospace: none;\">Maar wij hadden geen cent te makken en hebben ook niks betaald. Het heeft God behaagd om genade te bewijzen. Hij geeft ons het koninkrijk gratis. Dat koninkrijk is van Hem. En dus wij ook: wij zijn niet van onszelf. Er is een oneindige prijs betaald door God zelf.<\/p>\n<p class=\"MsoNormal\">\u00a0<\/p>\n<p class=\"MsoNormal\"><strong style=\"mso-bidi-font-weight: normal;\">Romeinen 14: 17.<\/strong><\/p>\n<p class=\"MsoNormal\">Wat is dat koninkrijk van God nou eigenlijk? <span style=\"mso-bidi-font-size: 11.0pt; mso-bidi-font-family: Tahoma; color: red;\">Want het koninkrijk van God is niet spijs en drank, maar gerechtigheid en vrede en vreugde, in de heilige Geest. <\/span><span style=\"mso-bidi-font-size: 11.0pt; mso-bidi-font-family: Tahoma;\"><\/span><\/p>\n<p class=\"MsoNormal\"><span style=\"mso-bidi-font-size: 11.0pt; mso-bidi-font-family: Tahoma;\">Alles wat in het koninkrijk van God van belang is, word ons vanuit de hemel zelf aangereikt. Volkomen gratis. In de heilige Geest. Gerechtigheid, vrede en vreugde. Met de woorden uit psalm 85: <\/span><\/p>\n<p class=\"MsoNormal\" style=\"mso-pagination: none; tab-stops: 270.0pt 396.0pt; mso-layout-grid-align: none; text-autospace: none;\"><span style=\"mso-bidi-font-size: 11.0pt; mso-bidi-font-family: Tahoma; color: red;\">Gearmd gaan vr\u00edendschap en tr\u00f3uw, elkander z\u00fallen kussen vr\u00e9de en r\u00e9cht; trouw spr\u00fait uit de \u00e1arde, ger\u00e9chtigheid straalt n\u00e9er van de h\u00e9mel! <\/span><span style=\"mso-bidi-font-size: 11.0pt; mso-bidi-font-family: Tahoma;\">Durven we het aan te nemen? Blijdschap is het gevolg.<\/span><\/p>\n<p class=\"MsoNormal\">\u00a0<\/p>\n<div style=\"mso-element: para-border-div; border: solid windowtext 1.0pt; mso-border-alt: solid windowtext .5pt; padding: 1.0pt 4.0pt 1.0pt 4.0pt;\">\n<p class=\"MsoNormal\" style=\"text-align: center; border: none; mso-border-alt: solid windowtext .5pt; padding: 0cm; mso-padding-alt: 1.0pt 4.0pt 1.0pt 4.0pt;\" align=\"center\"><strong style=\"mso-bidi-font-weight: normal;\"><span style=\"font-size: 14.0pt; mso-bidi-font-size: 11.0pt; mso-bidi-font-family: Tahoma; color: blue;\">want hij geeft het zijn bem\u00ednde \u00edn de sl\u00e1ap.<\/span><\/strong><\/p>\n<\/p><\/div><\/p>\n","protected":false},"excerpt":{"rendered":"<p>0 false 21 18 pt 18 pt 0 0 false false false \/* Style Definitions *\/ table.MsoNormalTable {mso-style-name:Standaardtabel; mso-tstyle-rowband-size:0; mso-tstyle-colband-size:0; mso-style-noshow:yes; mso-style-parent:&#8221;&#8221;; mso-padding-alt:0cm 5.4pt 0cm 5.4pt; mso-para-margin:0cm; mso-para-margin-bottom:.0001pt; mso-pagination:widow-orphan; font-size:12.0pt; font-family:&#8221;Times New Roman&#8221;; mso-ascii-font-family:Cambria; mso-ascii-theme-font:minor-latin; mso-fareast-font-family:&#8221;Times New Roman&#8221;; mso-fareast-theme-font:minor-fareast; mso-hansi-font-family:Cambria; mso-hansi-theme-font:minor-latin;} Vergeefs dat ge vroeg opstaat, laat pas gaat zitten, en eet het br\u00f3od der &hellip; <\/p>\n<p class=\"link-more\"><a href=\"https:\/\/www.vergaderingalkmaar.nl\/?page_id=227\" class=\"more-link\"><span class=\"screen-reader-text\">&#8220;Preek zondag 6 januari 2013&#8221;<\/span> verder lezen<\/a><\/p>\n","protected":false},"author":1,"featured_media":0,"parent":588,"menu_order":20,"comment_status":"open","ping_status":"open","template":"","meta":[],"_links":{"self":[{"href":"https:\/\/www.vergaderingalkmaar.nl\/index.php?rest_route=\/wp\/v2\/pages\/227"}],"collection":[{"href":"https:\/\/www.vergaderingalkmaar.nl\/index.php?rest_route=\/wp\/v2\/pages"}],"about":[{"href":"https:\/\/www.vergaderingalkmaar.nl\/index.php?rest_route=\/wp\/v2\/types\/page"}],"author":[{"embeddable":true,"href":"https:\/\/www.vergaderingalkmaar.nl\/index.php?rest_route=\/wp\/v2\/users\/1"}],"replies":[{"embeddable":true,"href":"https:\/\/www.vergaderingalkmaar.nl\/index.php?rest_route=%2Fwp%2Fv2%2Fcomments&post=227"}],"version-history":[{"count":0,"href":"https:\/\/www.vergaderingalkmaar.nl\/index.php?rest_route=\/wp\/v2\/pages\/227\/revisions"}],"up":[{"embeddable":true,"href":"https:\/\/www.vergaderingalkmaar.nl\/index.php?rest_route=\/wp\/v2\/pages\/588"}],"wp:attachment":[{"href":"https:\/\/www.vergaderingalkmaar.nl\/index.php?rest_route=%2Fwp%2Fv2%2Fmedia&parent=227"}],"curies":[{"name":"wp","href":"https:\/\/api.w.org\/{rel}","templated":true}]}}