{"id":226,"date":"2013-01-08T11:46:26","date_gmt":"2013-01-08T10:46:26","guid":{"rendered":"http:\/\/www.vergaderingalkmaar.nl\/?page_id=226"},"modified":"2013-01-08T11:46:26","modified_gmt":"2013-01-08T10:46:26","slug":"preek-zondag-23-december-2012","status":"publish","type":"page","link":"https:\/\/www.vergaderingalkmaar.nl\/?page_id=226","title":{"rendered":"Preek zondag 23 december 2012"},"content":{"rendered":"<p>      0 false  21  18 pt 18 pt 0 0  false false false               \/* Style Definitions *\/ table.MsoNormalTable \t{mso-style-name:Standaardtabel; \tmso-tstyle-rowband-size:0; \tmso-tstyle-colband-size:0; \tmso-style-noshow:yes; \tmso-style-parent:&#8221;&#8221;; \tmso-padding-alt:0cm 5.4pt 0cm 5.4pt; \tmso-para-margin:0cm; \tmso-para-margin-bottom:.0001pt; \tmso-pagination:widow-orphan; \tfont-size:12.0pt; \tfont-family:&#8221;Times New Roman&#8221;; \tmso-ascii-font-family:Cambria; \tmso-ascii-theme-font:minor-latin; \tmso-fareast-font-family:&#8221;Times New Roman&#8221;; \tmso-fareast-theme-font:minor-fareast; \tmso-hansi-font-family:Cambria; \tmso-hansi-theme-font:minor-latin;}    <\/p>\n<div style=\"mso-element: para-border-div; border: solid windowtext 1.0pt; mso-border-alt: solid windowtext .5pt; padding: 1.0pt 4.0pt 1.0pt 4.0pt;\">\n<p class=\"MsoNormal\" style=\"text-align: center; mso-pagination: none; mso-layout-grid-align: none; text-autospace: none; border: none; mso-border-alt: solid windowtext .5pt; padding: 0cm; mso-padding-alt: 1.0pt 4.0pt 1.0pt 4.0pt;\" align=\"center\"><strong style=\"mso-bidi-font-weight: normal;\"><span style=\"font-size: 14.0pt; mso-bidi-font-size: 11.0pt; mso-bidi-font-family: Tahoma; color: blue;\">terugkeren mag ik in het huis van de \u00c9ne<\/span><\/strong><\/p>\n<\/p><\/div>\n<p class=\"MsoNormal\">\u00a0<\/p>\n<p class=\"MsoNormal\">\u00a0<\/p>\n<p class=\"MsoNormal\">Kerststress is dit jaar een nieuw woord. Vijfendertig bomen in huis? Overvolle winkelwagens met spullen die je nooit nodig allemaal hebt? Warmte en gezelligheid die tot werkelijk grenzeloos genieten moeten leiden? Wat is er van kerst geworden.<\/p>\n<p class=\"MsoNormal\">\u00a0<\/p>\n<p class=\"MsoNormal\">Hoe begon het allemaal? Waar ging het zo\u2019n twee duizend jaar geleden om?<\/p>\n<p class=\"MsoNormal\">\u00a0<\/p>\n<p class=\"MsoNormal\"><strong style=\"mso-bidi-font-weight: normal;\">Lucas 2: 8 \u2013 20.<\/strong><\/p>\n<p class=\"MsoNormal\">Een aantal herders bewaken in een kille nacht hun kudde. Herders staan in die tijd niet bekend als fijnbesnaarde en betrouwbare lieden. Ruwe bonken zijn het, uitschot van de maatschappij. Wie ze in het donker ontmoet doet wijs met een boog om ze heen te lopen.<\/p>\n<p class=\"MsoNormal\">En deze mannen maken iets ongelooflijks mee. Midden in de nacht is het plotseling lichter dan in de volle zon! En dan verschijnt er ook nog een blinkende engel. De herders schrikken zich te pletter.<\/p>\n<p class=\"MsoNormal\">\u00a0<\/p>\n<p class=\"MsoNormal\" style=\"mso-pagination: none; tab-stops: 239.0pt 291.0pt; mso-layout-grid-align: none; text-autospace: none;\">Deze herders horen als allereersten de van de engel de boodschap:<span style=\"mso-spacerun: yes;\"> <\/span><span style=\"mso-bidi-font-size: 11.0pt; mso-bidi-font-family: Tahoma; color: red;\">voor u is heden geboren een bevrijder-en-redder; hij is de Christus, de Heer,- in de stad van David;<\/span><span style=\"mso-bidi-font-size: 11.0pt; mso-bidi-font-family: Tahoma;\"><span style=\"mso-tab-count: 1;\"> <\/span><\/span><\/p>\n<p class=\"MsoNormal\" style=\"mso-pagination: none; mso-layout-grid-align: none; text-autospace: none;\"><span style=\"mso-bidi-font-size: 11.0pt; mso-bidi-font-family: Tahoma;\">En meteen is de lucht vol van engelen die God lof zingen. Als de engelen weer verdwijnen hebben de herders het erover wat dat wel mag betekenen. Ze besluiten naar Bethlehem te gaan: <span style=\"color: red;\">ze spoeden zich daarheen en vinden Maria en Jozef, met het kind dat in de kribbe ligt.<\/span> En aan iedereen die ze tegenkomen vertellen ze wat ze hebben meegemaakt en Wie er is geboren. <\/span><\/p>\n<p class=\"MsoNormal\" style=\"mso-pagination: none; mso-layout-grid-align: none; text-autospace: none;\"><span style=\"mso-bidi-font-size: 11.0pt; mso-bidi-font-family: Tahoma;\"> <\/span><\/p>\n<div style=\"mso-element: para-border-div; border: solid windowtext 1.0pt; mso-border-alt: solid windowtext .5pt; padding: 1.0pt 4.0pt 1.0pt 4.0pt;\">\n<p class=\"MsoNormal\" style=\"mso-pagination: none; mso-layout-grid-align: none; text-autospace: none; border: none; mso-border-alt: solid windowtext .5pt; padding: 0cm; mso-padding-alt: 1.0pt 4.0pt 1.0pt 4.0pt;\"><em style=\"mso-bidi-font-style: normal;\"><span style=\"mso-bidi-font-family: Verdana; color: blue;\">Waarom waren het herders <\/span><\/em><\/p>\n<p class=\"MsoNormal\" style=\"mso-pagination: none; mso-layout-grid-align: none; text-autospace: none; border: none; mso-border-alt: solid windowtext .5pt; padding: 0cm; mso-padding-alt: 1.0pt 4.0pt 1.0pt 4.0pt;\"><em style=\"mso-bidi-font-style: normal;\"><span style=\"mso-bidi-font-family: Verdana; color: blue;\">Die hun kudde en veld <\/span><\/em><\/p>\n<p class=\"MsoNormal\" style=\"mso-pagination: none; mso-layout-grid-align: none; text-autospace: none; border: none; mso-border-alt: solid windowtext .5pt; padding: 0cm; mso-padding-alt: 1.0pt 4.0pt 1.0pt 4.0pt;\"><em style=\"mso-bidi-font-style: normal;\"><span style=\"mso-bidi-font-family: Verdana; color: blue;\">Verlieten toen de boodschap <\/span><\/em><\/p>\n<p class=\"MsoNormal\" style=\"mso-pagination: none; mso-layout-grid-align: none; text-autospace: none; border: none; mso-border-alt: solid windowtext .5pt; padding: 0cm; mso-padding-alt: 1.0pt 4.0pt 1.0pt 4.0pt;\"><em style=\"mso-bidi-font-style: normal;\"><span style=\"mso-bidi-font-family: Verdana; color: blue;\">In Bethlehem werd verteld? <\/span><\/em><\/p>\n<p class=\"MsoNormal\" style=\"mso-pagination: none; mso-layout-grid-align: none; text-autospace: none; border: none; mso-border-alt: solid windowtext .5pt; padding: 0cm; mso-padding-alt: 1.0pt 4.0pt 1.0pt 4.0pt;\"><em style=\"mso-bidi-font-style: normal;\"><span style=\"mso-bidi-font-family: Verdana; color: blue;\"> <\/span><\/em><\/p>\n<p class=\"MsoNormal\" style=\"text-align: right; mso-pagination: none; mso-layout-grid-align: none; text-autospace: none; border: none; mso-border-alt: solid windowtext .5pt; padding: 0cm; mso-padding-alt: 1.0pt 4.0pt 1.0pt 4.0pt;\" align=\"right\"><em style=\"mso-bidi-font-style: normal;\"><span style=\"mso-bidi-font-family: Verdana; color: blue;\">Omdat er een Lam <\/span><\/em><\/p>\n<p class=\"MsoNormal\" style=\"text-align: right; mso-pagination: none; mso-layout-grid-align: none; text-autospace: none; border: none; mso-border-alt: solid windowtext .5pt; padding: 0cm; mso-padding-alt: 1.0pt 4.0pt 1.0pt 4.0pt;\" align=\"right\"><em style=\"mso-bidi-font-style: normal;\"><span style=\"mso-bidi-font-family: Verdana; color: blue;\">En een Herder kwam.<\/span><\/em><\/p>\n<\/p><\/div>\n<p class=\"MsoNormal\" style=\"mso-pagination: none; mso-layout-grid-align: none; text-autospace: none;\"><span style=\"mso-bidi-font-size: 11.0pt; mso-bidi-font-family: Tahoma;\"> <\/span><\/p>\n<p class=\"MsoNormal\" style=\"mso-pagination: none; mso-layout-grid-align: none; text-autospace: none;\"><strong style=\"mso-bidi-font-weight: normal;\"><span style=\"mso-bidi-font-size: 11.0pt; mso-bidi-font-family: Tahoma;\">Matheus 2: 1 \u2013 6.<\/span><\/strong><\/p>\n<p class=\"MsoNormal\" style=\"mso-pagination: none; mso-layout-grid-align: none; text-autospace: none;\"><span style=\"mso-bidi-font-size: 11.0pt; mso-bidi-font-family: Tahoma;\">De wijzen uit het oosten, dat is ander volk. Geleerd en zeer aanzienlijk. Ze zien een bijzondere ster en laten zich daardoor leiden. Ze komen uit bij koning Herodes. En delen hem simpelweg mee dat er een nieuwgeboren koning in Juda is die ze hulde willen bewijzen. <\/span><\/p>\n<p class=\"MsoNormal\" style=\"mso-pagination: none; mso-layout-grid-align: none; text-autospace: none;\"><span style=\"mso-bidi-font-size: 11.0pt; mso-bidi-font-family: Tahoma;\">Heel Jeruzalem in shock! Alle Joodse geleerden worden opgetrommeld om uit te zoeken waar de Messias zal worden geboren. Naspeuringen leiden tot de tekst in Micha die luidt <span style=\"color: red;\">&#8216;Maar jij, Bethlehem Efratha, te gering om te zijn bij de duizenden van Juda, uit jou zal er een voor m\u00edj voortkomen om heerser te zijn in Isra\u00ebl; zijn herkomst is uit de voortijd, uit de dagen van eeuwig!&#8217;<\/span><\/span><\/p>\n<p class=\"MsoNormal\" style=\"mso-pagination: none; mso-layout-grid-align: none; text-autospace: none;\"><span style=\"mso-bidi-font-size: 11.0pt; mso-bidi-font-family: Tahoma;\">De wijzen reizen door naar Bethlehem, opnieuw geleid door het licht van de ster. Herodes draagt hen op de nieuwgeborene te zoeken en vervolgens aan hem precies te rapporteren wat er aan de hand is <span style=\"color: red;\">\u2018opdat ook ik kan komen om het hulde te bewijzen!\u2019 <\/span>Maar Herodes\u2019 bedoelingen zijn van politieke aard: hij zit niet op een concurrent te wachten en zoekt mogelijkheden om de nieuwgeborene te vermoorden. De wijzen verlaten het land zonder Herodes in te lichten. <\/span><\/p>\n<p class=\"MsoNormal\" style=\"mso-pagination: none; mso-layout-grid-align: none; text-autospace: none;\"><span style=\"mso-bidi-font-size: 11.0pt; mso-bidi-font-family: Tahoma;\"> <\/span><\/p>\n<p class=\"MsoNormal\" style=\"mso-pagination: none; mso-layout-grid-align: none; text-autospace: none;\"><strong style=\"mso-bidi-font-weight: normal;\"><span style=\"mso-bidi-font-size: 11.0pt; mso-bidi-font-family: Tahoma;\">En wij? <\/span><\/strong><\/p>\n<p class=\"MsoNormal\" style=\"mso-pagination: none; mso-layout-grid-align: none; text-autospace: none;\"><span style=\"mso-bidi-font-size: 11.0pt; mso-bidi-font-family: Tahoma;\">Hoe is onze reactie als we het kindje in de kribbe zien? Belangrijker nog: wat doen we ermee? Brengen we Hem hulde als eens de herders en de wijzen? Zondagelijks? Dagelijks? Laten we dat tot de kern van ons gelovig bestaan maken. <\/span><\/p>\n<p class=\"MsoNormal\" style=\"mso-pagination: none; mso-layout-grid-align: none; text-autospace: none;\"><span style=\"mso-bidi-font-size: 11.0pt; mso-bidi-font-family: Tahoma;\"> <\/span><\/p>\n<p class=\"MsoNormal\" style=\"mso-pagination: none; mso-layout-grid-align: none; text-autospace: none;\"><span style=\"mso-bidi-font-size: 11.0pt; mso-bidi-font-family: Tahoma;\">Want hij die als eerste door herders werd aanbeden wil nu zelf als een goede herder voor ons zorgen. Omdat ons belang hem boven alles gaat. Omdat hij zijn leven inzet voor zijn schapen. <\/span><\/p>\n<p class=\"MsoNormal\" style=\"mso-pagination: none; mso-layout-grid-align: none; text-autospace: none;\"><span style=\"mso-bidi-font-size: 11.0pt; mso-bidi-font-family: Tahoma; color: red;\">De \u00c9ne is mijn h\u00e9rder, m\u00edj zal n\u00edets ontbr\u00e9ken; in weiden vol gr\u00f3en vlijt hij mij n\u00e9er, hij voert mij m\u00e9e naar w\u00e1teren van r\u00fast; mijn ziel keert door h\u00e9m in mij ter\u00fag, hij leidt mij in sporen van gerechtigheid omw\u00edlle v\u00e1n zijn n\u00e1am!<span style=\"mso-tab-count: 1;\"> <\/span><\/span><span style=\"mso-bidi-font-size: 11.0pt; mso-bidi-font-family: Tahoma;\"><\/span><\/p>\n<p class=\"MsoNormal\" style=\"mso-pagination: none; mso-layout-grid-align: none; text-autospace: none;\"><em style=\"mso-bidi-font-style: normal;\"><span style=\"mso-bidi-font-family: Verdana; color: blue;\"> <\/span><\/em><\/p>\n<p class=\"MsoNormal\" style=\"mso-pagination: none; mso-layout-grid-align: none; text-autospace: none;\"><em style=\"mso-bidi-font-style: normal;\"><span style=\"mso-bidi-font-family: Verdana; color: blue;\"> <\/span><\/em><\/p>\n<div style=\"mso-element: para-border-div; border: solid windowtext 1.0pt; mso-border-alt: solid windowtext .5pt; padding: 1.0pt 4.0pt 1.0pt 4.0pt;\">\n<p class=\"MsoNormal\" style=\"text-align: center; border: none; mso-border-alt: solid windowtext .5pt; padding: 0cm; mso-padding-alt: 1.0pt 4.0pt 1.0pt 4.0pt;\" align=\"center\"><strong style=\"mso-bidi-font-weight: normal;\"><span style=\"font-size: 14.0pt; mso-bidi-font-size: 11.0pt; mso-bidi-font-family: Tahoma; color: blue;\">in l\u00e9ngte van d\u00e1gen!<\/span><\/strong><strong style=\"mso-bidi-font-weight: normal;\"><em style=\"mso-bidi-font-style: normal;\"><span style=\"mso-bidi-font-size: 11.0pt; mso-bidi-font-family: Tahoma; color: blue;\"><\/span><\/em><\/strong><\/p>\n<\/p><\/div><\/p>\n","protected":false},"excerpt":{"rendered":"<p>0 false 21 18 pt 18 pt 0 0 false false false \/* Style Definitions *\/ table.MsoNormalTable {mso-style-name:Standaardtabel; mso-tstyle-rowband-size:0; mso-tstyle-colband-size:0; mso-style-noshow:yes; mso-style-parent:&#8221;&#8221;; mso-padding-alt:0cm 5.4pt 0cm 5.4pt; mso-para-margin:0cm; mso-para-margin-bottom:.0001pt; mso-pagination:widow-orphan; font-size:12.0pt; font-family:&#8221;Times New Roman&#8221;; mso-ascii-font-family:Cambria; mso-ascii-theme-font:minor-latin; mso-fareast-font-family:&#8221;Times New Roman&#8221;; mso-fareast-theme-font:minor-fareast; mso-hansi-font-family:Cambria; mso-hansi-theme-font:minor-latin;} terugkeren mag ik in het huis van de \u00c9ne \u00a0 \u00a0 Kerststress is dit &hellip; <\/p>\n<p class=\"link-more\"><a href=\"https:\/\/www.vergaderingalkmaar.nl\/?page_id=226\" class=\"more-link\"><span class=\"screen-reader-text\">&#8220;Preek zondag 23 december 2012&#8221;<\/span> verder lezen<\/a><\/p>\n","protected":false},"author":1,"featured_media":0,"parent":588,"menu_order":21,"comment_status":"open","ping_status":"open","template":"","meta":[],"_links":{"self":[{"href":"https:\/\/www.vergaderingalkmaar.nl\/index.php?rest_route=\/wp\/v2\/pages\/226"}],"collection":[{"href":"https:\/\/www.vergaderingalkmaar.nl\/index.php?rest_route=\/wp\/v2\/pages"}],"about":[{"href":"https:\/\/www.vergaderingalkmaar.nl\/index.php?rest_route=\/wp\/v2\/types\/page"}],"author":[{"embeddable":true,"href":"https:\/\/www.vergaderingalkmaar.nl\/index.php?rest_route=\/wp\/v2\/users\/1"}],"replies":[{"embeddable":true,"href":"https:\/\/www.vergaderingalkmaar.nl\/index.php?rest_route=%2Fwp%2Fv2%2Fcomments&post=226"}],"version-history":[{"count":0,"href":"https:\/\/www.vergaderingalkmaar.nl\/index.php?rest_route=\/wp\/v2\/pages\/226\/revisions"}],"up":[{"embeddable":true,"href":"https:\/\/www.vergaderingalkmaar.nl\/index.php?rest_route=\/wp\/v2\/pages\/588"}],"wp:attachment":[{"href":"https:\/\/www.vergaderingalkmaar.nl\/index.php?rest_route=%2Fwp%2Fv2%2Fmedia&parent=226"}],"curies":[{"name":"wp","href":"https:\/\/api.w.org\/{rel}","templated":true}]}}