{"id":211,"date":"2012-10-08T21:33:49","date_gmt":"2012-10-08T20:33:49","guid":{"rendered":"http:\/\/www.vergaderingalkmaar.nl\/?page_id=211"},"modified":"2019-11-13T01:37:08","modified_gmt":"2019-11-13T00:37:08","slug":"preek-zondag-30-september-2012","status":"publish","type":"page","link":"https:\/\/www.vergaderingalkmaar.nl\/?page_id=211","title":{"rendered":"Preek zondag 30 september 2012"},"content":{"rendered":"<p>      0 false  21  18 pt 18 pt 0 0  false false false               \/* Style Definitions *\/ table.MsoNormalTable \t{mso-style-name:Standaardtabel; \tmso-tstyle-rowband-size:0; \tmso-tstyle-colband-size:0; \tmso-style-noshow:yes; \tmso-style-parent:&#8221;&#8221;; \tmso-padding-alt:0cm 5.4pt 0cm 5.4pt; \tmso-para-margin:0cm; \tmso-para-margin-bottom:.0001pt; \tmso-pagination:widow-orphan; \tfont-size:12.0pt; \tfont-family:&#8221;Times New Roman&#8221;; \tmso-ascii-font-family:Cambria; \tmso-ascii-theme-font:minor-latin; \tmso-hansi-font-family:Cambria; \tmso-hansi-theme-font:minor-latin; \tmso-fareast-language:EN-US;}    <\/p>\n<div style=\"mso-element: para-border-div; border: solid windowtext 1.0pt; mso-border-alt: solid windowtext .5pt; padding: 1.0pt 4.0pt 1.0pt 4.0pt;\">\n<p class=\"MsoNormal\" style=\"text-align: center; border: none; mso-border-alt: solid windowtext .5pt; padding: 0cm; mso-padding-alt: 1.0pt 4.0pt 1.0pt 4.0pt;\" align=\"center\"><span style=\"font-size: 14.0pt; mso-bidi-font-size: 11.0pt; mso-bidi-font-family: Verdana; color: blue;\">De ware kerk des Heren,\u2028in Hem alleen gegrond, <\/span><span style=\"font-size: 14.0pt; mso-bidi-font-size: 12.0pt; color: blue;\"><\/span><\/p>\n<\/p><\/div>\n<p class=\"MsoNormal\">\u00a0<\/p>\n<p class=\"MsoNormal\">In christelijke gemeenten \u2013 wereldwijd \u2013 staat het onderwerp \u2018leiderschap\u2019 hoog op de agenda. Binnen gemeentes leidt dat soms tot spanningen. Op onze laatste gemeentevergadering spraken we af aan het onderwerp \u2018leiderschap in de christelijke gemeente\u2019 aandacht te gaan geven.<\/p>\n<p class=\"MsoNormal\">\u00a0<\/p>\n<p class=\"MsoNormal\">Maar dan moeten we eerst de vraag beantwoorden \u2018wat is de christelijke gemeente?&#8217; In Handelingen 2 begint de gemeente, op de pinksterdag. Drie kenmerken vallen daar op:<\/p>\n<p class=\"MsoListParagraphCxSpFirst\" style=\"margin-left: 18.0pt; mso-add-space: auto; text-indent: -18.0pt; mso-list: l0 level1 lfo1;\"><span style=\"font-family: Symbol; mso-fareast-font-family: Symbol; mso-bidi-font-family: Symbol;\"><span style=\"mso-list: Ignore;\">\u00b7<span style=\"font: 7.0pt \" New=\"New\" Roman\";\"=\"Roman\";\"\"> <\/span><\/span><\/span>De gemeente is \u2019het lichaam van Christus&#8217;<\/p>\n<p class=\"MsoListParagraphCxSpMiddle\" style=\"margin-left: 18.0pt; mso-add-space: auto; text-indent: -18.0pt; mso-list: l0 level1 lfo1;\"><span style=\"font-family: Symbol; mso-fareast-font-family: Symbol; mso-bidi-font-family: Symbol;\"><span style=\"mso-list: Ignore;\">\u00b7<span style=\"font: 7.0pt \" New=\"New\" Roman\";\"=\"Roman\";\"\"> <\/span><\/span><\/span>De gemeente is kostbaar voor Christus<\/p>\n<p class=\"MsoListParagraphCxSpLast\" style=\"margin-left: 18.0pt; mso-add-space: auto; text-indent: -18.0pt; mso-list: l0 level1 lfo1;\"><span style=\"font-family: Symbol; mso-fareast-font-family: Symbol; mso-bidi-font-family: Symbol;\"><span style=\"mso-list: Ignore;\">\u00b7<span style=\"font: 7.0pt \" New=\"New\" Roman\";\"=\"Roman\";\"\"> <\/span><\/span><\/span>De gemeente is de samenbinding van alle christenen.<\/p>\n<p class=\"MsoNormal\">\u00a0<\/p>\n<p class=\"MsoNormal\" style=\"mso-pagination: none; mso-layout-grid-align: none; text-autospace: none;\">In Matthe\u00fcs 16: 13 \u2013 18 staat een bijzondere geschiedenis. Nadat Jezus aan zijn leerlingen heeft gevraagd \u2018wie zeggen de mensen dat ik ben\u2019, stelt hij hen de persoonlijke vraag: \u2018en wie ben ik volgens jullie?\u2019 Het is Petrus die Gods openbaring verwoordt (: 16):<span style=\"mso-spacerun: yes;\"> <\/span><span style=\"mso-bidi-font-size: 11.0pt; mso-bidi-font-family: Tahoma; color: red;\">u bent de Christus de zoon van de levende God! <\/span><span style=\"mso-bidi-font-size: 11.0pt; mso-bidi-font-family: Tahoma;\">Jezus had simpelweg <span style=\"mso-tab-count: 1;\"> <\/span>kunnen bevestigen dat Petrus het bij \u2018t goede eind had. Maar Jezus\u2019 antwoord is heel wat meen bijzonder: <span style=\"color: red;\">en ik op mijn beurt zeg jou dat jij een Petrus,- rotsman, bent: op deze petra,- rots, zal ik mijn vergadering bouwen. <\/span>De Heer kwam om zondaars te redden. Maar het doel was niet louter en alleen de individuele relatie met God tot stand te brengen, maar daarenboven het samenvoegen van al die individuele gelovigen tot de kerk, de gemeente. <\/span><\/p>\n<p class=\"MsoNormal\" style=\"mso-pagination: none; mso-layout-grid-align: none; text-autospace: none;\"><span style=\"mso-bidi-font-size: 11.0pt; mso-bidi-font-family: Tahoma;\"> <\/span><\/p>\n<p class=\"MsoNormal\" style=\"mso-pagination: none; mso-layout-grid-align: none; text-autospace: none;\"><span style=\"mso-bidi-font-size: 11.0pt; mso-bidi-font-family: Tahoma;\">Daaraan aansluitend kondigt Jezus<span style=\"mso-spacerun: yes;\"> <\/span>(: 21) zijn lijden en sterven aan. Maar daarmee eindigt de gemeente niet! Ook<span style=\"mso-spacerun: yes;\"> <\/span>niet met het overlijden van de apostelen. De gemeente groeit en blijft groeien op de oproep van Jezus (Matthe\u00fcs 28: 19, 20<sup>a<\/sup>): <span style=\"color: red;\">maakt alle volkeren tot leerlingen, hen dopend in de naam van de Vader en van de Zoon en van de heilige Geest, hen onderrichtend in het bewaren van al wat ik u heb geboden; <\/span><\/span><\/p>\n<p class=\"MsoNormal\" style=\"mso-pagination: none; mso-layout-grid-align: none; text-autospace: none;\"><span style=\"mso-bidi-font-size: 11.0pt; mso-bidi-font-family: Tahoma;\"> <\/span><\/p>\n<p class=\"MsoNormal\" style=\"mso-pagination: none; mso-layout-grid-align: none; text-autospace: none;\">De Heer hield en houdt zielsveel van zijn gemeente. Alles had hij voor de gemeente over en alles gaf hij op voor die gemeente: met Filippenzen 2: <span style=\"mso-bidi-font-size: 11.0pt; mso-bidi-font-family: Tahoma; color: red;\">hij heeft zichzelf vernederd, gehoorzaam geworden tot in de dood, de dood aan een kruis. <\/span><span style=\"mso-bidi-font-size: 11.0pt; mso-bidi-font-family: Tahoma;\">Dat kruis is de bron van alle leven. En Jezus wil die gemeente tot<span style=\"mso-spacerun: yes;\"> <\/span>het mooiste maken wat maar mogelijk is (Ef. 5: 26, 27): <span style=\"color: red;\">opdat hij haar zou heiligen; hij heeft haar ook gereinigd in het waterbad, door zijn woord, om zelf haar in heerlijkheid naast zich te plaatsen: de vergadering zonder vlek of rimpel of wat dan ook van zulke dingen;<\/span><span style=\"mso-tab-count: 1;\"> <\/span><\/span><\/p>\n<p class=\"MsoNormal\" style=\"mso-pagination: none; mso-layout-grid-align: none; text-autospace: none;\">\u00a0<\/p>\n<p class=\"MsoNormal\" style=\"mso-pagination: none; mso-layout-grid-align: none; text-autospace: none;\"><span style=\"mso-bidi-font-size: 11.0pt; mso-bidi-font-family: Tahoma;\">Dat lijkt een beetje op \u2018eigenbelang van God:\u2019 Hij maakt een cadeautje voor zichzelf. Het beeld moet echter begrepen worden in het licht van de Joodse traditie.<\/span><\/p>\n<p class=\"MsoNormal\" style=\"mso-pagination: none; mso-layout-grid-align: none; text-autospace: none;\"><span style=\"mso-bidi-font-size: 11.0pt; mso-bidi-font-family: Tahoma;\"> <\/span><\/p>\n<div style=\"mso-element: para-border-div; border: solid windowtext 1.0pt; mso-border-alt: solid windowtext .5pt; padding: 1.0pt 4.0pt 1.0pt 4.0pt;\">\n<p class=\"MsoNormal\" style=\"mso-pagination: none; mso-layout-grid-align: none; text-autospace: none; border: none; mso-border-alt: solid windowtext .5pt; padding: 0cm; mso-padding-alt: 1.0pt 4.0pt 1.0pt 4.0pt;\"><em style=\"mso-bidi-font-style: normal;\"><span style=\"mso-bidi-font-size: 11.0pt; mso-bidi-font-family: Tahoma;\">Voor het huwelijk werd een Joodse bruid toevertrouwd aan de meest intieme vriend van de bruidegom. Op de huwelijksdag stelde deze vriend de bruid dan voor aan de bruidegom. In de Heer Jezus komen deze twee \u2018rollen\u2019 samen: hij is zowel de bruidegom als \u2018de vriend van de bruidegom.\u2019<span style=\"mso-spacerun: yes;\"> <\/span>Het doel van Jezus\u2019 kruisdood was dus het voorstellen van de gemeente aan zichzelf. <\/span><\/em><\/p>\n<p class=\"MsoNormal\" style=\"mso-pagination: none; mso-layout-grid-align: none; text-autospace: none; border: none; mso-border-alt: solid windowtext .5pt; padding: 0cm; mso-padding-alt: 1.0pt 4.0pt 1.0pt 4.0pt;\"><em style=\"mso-bidi-font-style: normal;\"><span style=\"mso-bidi-font-size: 11.0pt; mso-bidi-font-family: Tahoma;\">En tevens is hij het middelpunt van de gemeente: de gemeente is in alles volkomen betrokken op Jezus. Het sterkst ervaren we dat bij de viering van het avondmaal.<\/span><\/em><\/p>\n<\/p><\/div>\n<p class=\"MsoNormal\"><span style=\"mso-spacerun: yes;\"> <\/span><\/p>\n<p class=\"MsoNormal\">Wat is nu de kerk, de gemeente? 1 Korinti\u00ebrs 12: 12, 13, 27: <span style=\"mso-bidi-font-size: 11.0pt; mso-bidi-font-family: Tahoma; color: red;\">Zoals immers het lichaam \u00e9\u00e9n is en vele leden heft maar de leden van het lichaam, hoewel ze met vele zijn, \u00e9\u00e9n lichaam vormen, zo ook de Christus; want ook door \u00e9\u00e9n Geest zijn wij allen gedoopt tot \u00e9\u00e9n lichaam, \u2026\u2026\u2026Welnu, samen zijt ge: lichaam van Christus, en ieder ten dele: leden daarvan.<\/span><\/p>\n<p class=\"MsoNormal\"><span style=\"mso-bidi-font-size: 11.0pt; mso-bidi-font-family: Tahoma;\">Bij de bekering wordt je deel van het lichaam van Christus. Dan wordt je \u2018gedoopt met de Heilige Geest.\u2019 Sommigen huldigen de visie dat die \u2018doop met de Heilige Geest\u2019 eerst later plaats vindt, na de bekering zelf. Maar daar wordt het begrip \u2018vervulling\u2019 met de Heilige Geest\u2019 verward met de \u2018doop met de Heilige Geest.\u2019<span style=\"mso-spacerun: yes;\"> <\/span>De \u2018vervulling met de Heilige Geest\u2019 stelt ons in staat Christus te dienen en hem te belijden. De \u2018doop met de Heilige Geest\u2019 is een stempel dat ons vanaf het moment van onze bekering tot lid van de gemeente van Christus maakt.<\/span><\/p>\n<p class=\"MsoNormal\"><span style=\"mso-bidi-font-size: 11.0pt; mso-bidi-font-family: Tahoma;\"> <\/span><\/p>\n<p class=\"MsoNormal\"><span style=\"mso-bidi-font-size: 11.0pt; mso-bidi-font-family: Tahoma;\">Jezus Christus is het hoofd van de wereldwijde kerk, die alle wedergeborenen van welke kerk of denominatie dan ook omvat. Hij is daarmee ook het hoofd van elke lokale \u2018vestiging\u2019 van die wereldwijde gemeente. <span style=\"mso-spacerun: yes;\"> <\/span>En over het leiderschap in die plaatselijke \u2018vestigingen\u2019 gaat het een volgende keer.<\/span><\/p>\n<div style=\"mso-element: para-border-div; border: solid windowtext 1.0pt; mso-border-alt: solid windowtext .5pt; padding: 1.0pt 4.0pt 1.0pt 4.0pt;\">\n<p class=\"MsoNormal\" style=\"text-align: center; border: none; mso-border-alt: solid windowtext .5pt; padding: 0cm; mso-padding-alt: 1.0pt 4.0pt 1.0pt 4.0pt;\" align=\"center\"><span style=\"font-size: 14.0pt; mso-bidi-font-size: 11.0pt; mso-bidi-font-family: Verdana; color: blue;\">geschapen Hem ter ere,\u2028de bruid van zijn verbond,<\/span><span style=\"font-size: 14.0pt; mso-bidi-font-size: 12.0pt; color: blue;\"><\/span><\/p>\n<\/p><\/div><\/p>\n","protected":false},"excerpt":{"rendered":"<p>0 false 21 18 pt 18 pt 0 0 false false false \/* Style Definitions *\/ table.MsoNormalTable {mso-style-name:Standaardtabel; mso-tstyle-rowband-size:0; mso-tstyle-colband-size:0; mso-style-noshow:yes; mso-style-parent:&#8221;&#8221;; mso-padding-alt:0cm 5.4pt 0cm 5.4pt; mso-para-margin:0cm; mso-para-margin-bottom:.0001pt; mso-pagination:widow-orphan; font-size:12.0pt; font-family:&#8221;Times New Roman&#8221;; mso-ascii-font-family:Cambria; mso-ascii-theme-font:minor-latin; mso-hansi-font-family:Cambria; mso-hansi-theme-font:minor-latin; mso-fareast-language:EN-US;} De ware kerk des Heren,\u2028in Hem alleen gegrond, \u00a0 In christelijke gemeenten \u2013 wereldwijd \u2013 staat het &hellip; <\/p>\n<p class=\"link-more\"><a href=\"https:\/\/www.vergaderingalkmaar.nl\/?page_id=211\" class=\"more-link\"><span class=\"screen-reader-text\">&#8220;Preek zondag 30 september 2012&#8221;<\/span> verder lezen<\/a><\/p>\n","protected":false},"author":1,"featured_media":0,"parent":588,"menu_order":31,"comment_status":"closed","ping_status":"open","template":"","meta":[],"_links":{"self":[{"href":"https:\/\/www.vergaderingalkmaar.nl\/index.php?rest_route=\/wp\/v2\/pages\/211"}],"collection":[{"href":"https:\/\/www.vergaderingalkmaar.nl\/index.php?rest_route=\/wp\/v2\/pages"}],"about":[{"href":"https:\/\/www.vergaderingalkmaar.nl\/index.php?rest_route=\/wp\/v2\/types\/page"}],"author":[{"embeddable":true,"href":"https:\/\/www.vergaderingalkmaar.nl\/index.php?rest_route=\/wp\/v2\/users\/1"}],"replies":[{"embeddable":true,"href":"https:\/\/www.vergaderingalkmaar.nl\/index.php?rest_route=%2Fwp%2Fv2%2Fcomments&post=211"}],"version-history":[{"count":1,"href":"https:\/\/www.vergaderingalkmaar.nl\/index.php?rest_route=\/wp\/v2\/pages\/211\/revisions"}],"predecessor-version":[{"id":1739,"href":"https:\/\/www.vergaderingalkmaar.nl\/index.php?rest_route=\/wp\/v2\/pages\/211\/revisions\/1739"}],"up":[{"embeddable":true,"href":"https:\/\/www.vergaderingalkmaar.nl\/index.php?rest_route=\/wp\/v2\/pages\/588"}],"wp:attachment":[{"href":"https:\/\/www.vergaderingalkmaar.nl\/index.php?rest_route=%2Fwp%2Fv2%2Fmedia&parent=211"}],"curies":[{"name":"wp","href":"https:\/\/api.w.org\/{rel}","templated":true}]}}