{"id":206,"date":"2012-08-09T20:23:21","date_gmt":"2012-08-09T19:23:21","guid":{"rendered":"http:\/\/www.vergaderingalkmaar.nl\/?page_id=206"},"modified":"2019-11-13T01:37:08","modified_gmt":"2019-11-13T00:37:08","slug":"preek-zondag-5-augustus-2012","status":"publish","type":"page","link":"https:\/\/www.vergaderingalkmaar.nl\/?page_id=206","title":{"rendered":"Preek zondag 5 augustus 2012"},"content":{"rendered":"<p>      0 false  21  18 pt 18 pt 0 0  false false false               \/* Style Definitions *\/ table.MsoNormalTable \t{mso-style-name:Standaardtabel; \tmso-tstyle-rowband-size:0; \tmso-tstyle-colband-size:0; \tmso-style-noshow:yes; \tmso-style-parent:&#8221;&#8221;; \tmso-padding-alt:0cm 5.4pt 0cm 5.4pt; \tmso-para-margin:0cm; \tmso-para-margin-bottom:.0001pt; \tmso-pagination:widow-orphan; \tfont-size:12.0pt; \tfont-family:&#8221;Times New Roman&#8221;; \tmso-ascii-font-family:Cambria; \tmso-ascii-theme-font:minor-latin; \tmso-fareast-font-family:&#8221;Times New Roman&#8221;; \tmso-fareast-theme-font:minor-fareast; \tmso-hansi-font-family:Cambria; \tmso-hansi-theme-font:minor-latin;}    <\/p>\n<div style=\"mso-element: para-border-div; border: solid windowtext 1.0pt; mso-border-alt: solid windowtext .5pt; padding: 1.0pt 4.0pt 1.0pt 4.0pt;\">\n<p class=\"MsoNormal\" style=\"text-align: center; mso-pagination: none; mso-layout-grid-align: none; text-autospace: none; border: none; mso-border-alt: solid windowtext .5pt; padding: 0cm; mso-padding-alt: 1.0pt 4.0pt 1.0pt 4.0pt;\" align=\"center\"><strong style=\"mso-bidi-font-weight: normal;\"><span style=\"font-size: 14.0pt; mso-bidi-font-size: 11.0pt; mso-bidi-font-family: Tahoma; color: blue; mso-ansi-language: EN-US;\" lang=\"EN-US\">die geplant zijn in het h\u00fais van de \u00c9NE,<\/span><\/strong><\/p>\n<p class=\"MsoNormal\" style=\"text-align: center; border: none; mso-border-alt: solid windowtext .5pt; padding: 0cm; mso-padding-alt: 1.0pt 4.0pt 1.0pt 4.0pt;\" align=\"center\"><strong style=\"mso-bidi-font-weight: normal;\"><span style=\"font-size: 14.0pt; mso-bidi-font-size: 11.0pt; mso-bidi-font-family: Tahoma; color: blue; mso-ansi-language: EN-US;\" lang=\"EN-US\">in de voorhoven van onze G\u00f3d zull\u00e9n zij gr\u00f3eien!<\/span><\/strong><strong style=\"mso-bidi-font-weight: normal;\"><span style=\"font-size: 14.0pt; mso-bidi-font-size: 12.0pt; color: blue;\"><\/span><\/strong><\/p>\n<\/p><\/div>\n<p class=\"MsoNormal\">\u00a0<\/p>\n<p class=\"MsoNormal\" style=\"mso-pagination: none; mso-layout-grid-align: none; text-autospace: none;\">Hoe zit dat met ons gelovige christenen. Die op God en op Zijn hulp vertrouwen. Betekent dat dat ook alles lukt? Dat alles van een leien dakje gaat? Je zal maar dik in de problemen zitten en \u2018toevallig\u2019 psalm 1 lezen. Over de man die zich verre houdt van bozen. Die Gods wet boven alles stelt:<\/p>\n<p class=\"MsoNormal\" style=\"mso-pagination: none; mso-layout-grid-align: none; text-autospace: none;\"><span style=\"mso-bidi-font-size: 11.0pt; mso-bidi-font-family: Tahoma; color: red;\">in de Wet van de Ene heeft hij behagen, d\u00edens Wet sp\u00e9lt hij, de d\u00e1g door \u00e9n de n\u00e1cht. Wezen zal hij als een boom geplant aan beken water, die zijn vrucht geeft op zijn tijd en zijn bl\u00e1d valt niet \u00e1f: al wat hij d\u00f3et zal h\u00e9m gel\u00fakken.<\/span><\/p>\n<p class=\"MsoNormal\" style=\"mso-pagination: none; mso-layout-grid-align: none; text-autospace: none;\"><span style=\"mso-bidi-font-size: 11.0pt; mso-bidi-font-family: Tahoma;\"> <\/span><\/p>\n<p class=\"MsoNormal\" style=\"mso-pagination: none; mso-layout-grid-align: none; text-autospace: none;\"><span style=\"mso-bidi-font-size: 11.0pt; mso-bidi-font-family: Tahoma;\">En dan heet jij Job. Job maakt psalm 1 meer dan waar, getuige de aanhef van het gelijknamige Bijbelboek: <span style=\"color: red;\">Er was eens een man in het land Oets, Job genaamd, en die man was<\/span><\/span><\/p>\n<p class=\"MsoNormal\" style=\"mso-pagination: none; mso-layout-grid-align: none; text-autospace: none;\"><span style=\"mso-bidi-font-size: 11.0pt; mso-bidi-font-family: Tahoma; color: red;\">volmaakt en oprecht, godvrezend en wars van kwaad.<\/span><\/p>\n<p class=\"MsoNormal\" style=\"mso-pagination: none; mso-layout-grid-align: none; text-autospace: none;\"><span style=\"mso-bidi-font-size: 11.0pt; mso-bidi-font-family: Tahoma; color: red;\"> <\/span><\/p>\n<p class=\"MsoNormal\" style=\"mso-pagination: none; mso-layout-grid-align: none; text-autospace: none;\"><span style=\"mso-bidi-font-size: 11.0pt; mso-bidi-font-family: Tahoma;\">Job \u2013 we kennen de geschiedenis \u2013 raakt in de grootste problemen. Hem mislukt werkelijk alles. Gold voor hem dan niet wat veel later werd opgeschreven door de evangelist Johannes (15: 1 \u2013 8): Johannes citeert Jezus die zichzelf vergelijkt met de ware wijnstok. De discipelen zijn de ranken. En die ranken moeten met de wijnstok verbonden blijven. Dan groeien ze. Vers 7 zegt het zo: <\/span><\/p>\n<p class=\"MsoNormal\" style=\"mso-pagination: none; mso-layout-grid-align: none; text-autospace: none;\"><span style=\"mso-bidi-font-size: 11.0pt; mso-bidi-font-family: Tahoma;\"> <\/span><\/p>\n<p class=\"MsoNormal\" style=\"mso-pagination: none; mso-layout-grid-align: none; text-autospace: none;\"><span style=\"mso-bidi-font-size: 11.0pt; mso-bidi-font-family: Tahoma; color: red;\">Als gij blijft in de eenheid met mij en al wat ik gezegd heb u bijblijft,- al wat ge wilt: vraagt het <\/span><\/p>\n<p class=\"MsoNormal\" style=\"mso-pagination: none; mso-layout-grid-align: none; text-autospace: none;\"><span style=\"mso-bidi-font-size: 11.0pt; mso-bidi-font-family: Tahoma; color: red;\">en het zal u ten deel vallen.<\/span><span style=\"color: red;\"><\/span><\/p>\n<p class=\"MsoNormal\">\u00a0<\/p>\n<div style=\"mso-element: para-border-div; border: solid windowtext 1.0pt; mso-border-alt: solid windowtext .5pt; padding: 1.0pt 4.0pt 1.0pt 4.0pt;\">\n<p class=\"MsoNormal\" style=\"border: none; mso-border-alt: solid windowtext .5pt; padding: 0cm; mso-padding-alt: 1.0pt 4.0pt 1.0pt 4.0pt;\"><em style=\"mso-bidi-font-style: normal;\"><span style=\"mso-bidi-font-size: 11.0pt; mso-bidi-font-family: Verdana;\">Bomen moeten groeien. Dat ligt opgesloten in hun cellen, die zijn zo geprogrammeerd. Een boom moet groeien, bloeien en vrucht dragen. Heel bijzonder zie je dat aan de sequoia\u2019s in Californi\u00eb. <\/span><\/em><em style=\"mso-bidi-font-style: normal;\"><span style=\"mso-bidi-font-family: Arial; color: #1a1a1a;\">In de dunne kuststrook daar is er het hele jaar door relatief veel neerslag en is het vaak mistig. Zo kan de boom \u2013 en dat is de kern \u2013 steeds voldoende water opnemen. Er zijn sequoia\u2019s die meer dan 2500 jaar oud zijn. En nog elk jaar verder groeien. <\/span><\/em><\/p>\n<\/p><\/div>\n<p class=\"MsoNormal\"><em style=\"mso-bidi-font-style: normal;\"><span style=\"mso-bidi-font-family: Arial; color: #1a1a1a;\"> <\/span><\/em><\/p>\n<p class=\"MsoNormal\" style=\"mso-pagination: none; mso-layout-grid-align: none; text-autospace: none;\">Van Job kunnen we leren dat er van alles als beproeving op je weg kan komen. Dat er tegenslagen zijn waarvan je het waarom niet begrijpt. Maar ook dat God je niet vergeet. Jakobus 5: 11 zegt dat we moeten volharden, en Job wordt als voorbeeld gesteld. <span style=\"mso-bidi-font-size: 11.0pt; mso-bidi-font-family: Tahoma; color: red;\">zie, wij prijzen zalig wie hebben volhard:<\/span><\/p>\n<p class=\"MsoNormal\" style=\"mso-pagination: none; mso-layout-grid-align: none; text-autospace: none;\"><span style=\"mso-bidi-font-size: 11.0pt; mso-bidi-font-family: Tahoma; color: red;\">de volharding van Job hebt ge gehoord en het einde van de Heer weet ge, omdat &#8216;de Heer rijk aan erbarmen is en mededogend&#8217; (Ps. 103,8).<\/span><\/p>\n<p class=\"MsoNormal\" style=\"mso-pagination: none; mso-layout-grid-align: none; text-autospace: none;\"><span style=\"mso-bidi-font-size: 11.0pt; mso-bidi-font-family: Tahoma; color: red;\"> <\/span><\/p>\n<p class=\"MsoNormal\" style=\"mso-pagination: none; mso-layout-grid-align: none; text-autospace: none;\"><span style=\"mso-bidi-font-size: 11.0pt; mso-bidi-font-family: Tahoma;\">Job groeide in en door zijn lijden. Dat klinkt heel vroom. Zo ervoer Job het niet, toen hij er midden in zat. Hij vocht met God over zijn lijden. Maar God had een koers met hem voor. En Gods koers droeg uiteindelijk bij aan Jobs geluk. <\/span><\/p>\n<p class=\"MsoNormal\" style=\"mso-pagination: none; mso-layout-grid-align: none; text-autospace: none;\"><span style=\"mso-bidi-font-size: 11.0pt; mso-bidi-font-family: Tahoma;\"> <\/span><\/p>\n<p class=\"MsoNormal\" style=\"mso-pagination: none; mso-layout-grid-align: none; text-autospace: none;\"><span style=\"mso-bidi-font-size: 11.0pt; mso-bidi-font-family: Tahoma;\">Zo is het ook met ons. Een christenleven is niet per definitie makkelijk. Maar groei is wel de bedoeling van de christelijke natuur die we hebben. Dat heeft niks met rijkdom te maken. Of met kennis. Of met ervaring. Of met afkomst.<\/span><\/p>\n<p class=\"MsoNormal\" style=\"mso-pagination: none; mso-layout-grid-align: none; text-autospace: none;\"><span style=\"mso-bidi-font-size: 11.0pt; mso-bidi-font-family: Tahoma;\">Je bent christen. Je leest de bijbel. En als vanzelf ga je dan groeien in je geloof. Ga je vrucht dragen. Door de Heilige Geest laat je zien wie God voor je is. Kolossenzen drie schrijft daarover. Vers drie doet sterk denken aan de wijnstok met z\u2019n ranken en aan psalm 1 met z\u2019n boom: <span style=\"color: red;\">Want ge zijt gestorven, en uw leven is met de Christus verborgen in God. <\/span><\/span><\/p>\n<p class=\"MsoNormal\" style=\"mso-pagination: none; mso-layout-grid-align: none; text-autospace: none;\"><span style=\"mso-bidi-font-size: 11.0pt; mso-bidi-font-family: Tahoma; color: red;\"> <\/span><\/p>\n<p class=\"MsoNormal\" style=\"mso-pagination: none; mso-layout-grid-align: none; text-autospace: none;\"><span style=\"mso-bidi-font-size: 11.0pt; mso-bidi-font-family: Tahoma;\">Ons leven is dat van de Christus. Onder meer betekent dat dat we moeten opvallen door een aantal zaken niet meer te vertonen (:5) <span style=\"color: red;\">Doodt dan uw aardsgezinde kanten: ontucht, onreinheid, hartstocht, kwade begeerte, en de hebzucht,- die afgoderij is;<\/span><\/span><\/p>\n<p class=\"MsoNormal\" style=\"mso-pagination: none; mso-layout-grid-align: none; text-autospace: none;\"><span style=\"mso-bidi-font-size: 11.0pt; mso-bidi-font-family: Tahoma; color: red;\"> <\/span><\/p>\n<p class=\"MsoNormal\" style=\"mso-pagination: none; mso-layout-grid-align: none; text-autospace: none;\"><span style=\"mso-bidi-font-size: 11.0pt; mso-bidi-font-family: Tahoma;\">In plaats daarvan moeten we als groeiende christenen worden gekenmerkt door (:12) <span style=\"color: red;\">een barmhartig innerlijk, goedertierenheid, nederigheid, zachtmoedigheid en geduld, waarmee ge elkaar kunt verdragen en begenadigen. <span style=\"mso-tab-count: 1;\"> <\/span><\/span><\/span><\/p>\n<p class=\"MsoNormal\" style=\"mso-pagination: none; mso-layout-grid-align: none; text-autospace: none;\"><span style=\"mso-bidi-font-size: 11.0pt; mso-bidi-font-family: Tahoma; color: red;\"> <\/span><\/p>\n<\/p>\n<table class=\"MsoNormalTable\" style=\"border-collapse: collapse; mso-table-layout-alt: fixed; border: none; mso-padding-alt: 0cm 5.4pt 0cm 5.4pt;\" border=\"1\" cellspacing=\"0\" cellpadding=\"0\">\n<tbody>\n<tr style=\"mso-yfti-irow: 0; mso-yfti-firstrow: yes; mso-yfti-lastrow: yes;\">\n<td style=\"width: 272.0pt; border: none; padding: 0cm 5.4pt 0cm 5.4pt;\" width=\"272\" valign=\"top\">\n<p class=\"MsoNormal\" style=\"mso-pagination: none; mso-layout-grid-align: none; text-autospace: none;\"><span style=\"font-size: 11.0pt; font-family: Tahoma; mso-bidi-font-family: Tahoma; mso-ansi-language: EN-US;\" lang=\"EN-US\"> <\/span><\/p>\n<\/td>\n<td style=\"width: 124.0pt; border: none; padding: 0cm 5.4pt 0cm 5.4pt;\" width=\"124\">\n<p class=\"MsoNormal\" style=\"mso-pagination: none; mso-layout-grid-align: none; text-autospace: none;\"><span style=\"font-size: 11.0pt; font-family: Tahoma; mso-bidi-font-family: Tahoma; mso-ansi-language: EN-US;\" lang=\"EN-US\"> <\/span><\/p>\n<\/td>\n<\/tr>\n<\/tbody>\n<\/table>\n<div style=\"mso-element: para-border-div; border: solid windowtext 1.0pt; mso-border-alt: solid windowtext .5pt; padding: 1.0pt 4.0pt 1.0pt 4.0pt;\">\n<p class=\"MsoNormal\" style=\"text-align: center; mso-pagination: none; mso-layout-grid-align: none; text-autospace: none; border: none; mso-border-alt: solid windowtext .5pt; padding: 0cm; mso-padding-alt: 1.0pt 4.0pt 1.0pt 4.0pt;\" align=\"center\"><strong style=\"mso-bidi-font-weight: normal;\"><span style=\"font-size: 14.0pt; mso-bidi-font-size: 11.0pt; mso-bidi-font-family: Tahoma; color: blue; mso-ansi-language: EN-US;\" lang=\"EN-US\">Nog in gr\u00edjsheid lopen zij \u00fait,-<\/span><\/strong><\/p>\n<p class=\"MsoNormal\" style=\"text-align: center; mso-pagination: none; mso-layout-grid-align: none; text-autospace: none; border: none; mso-border-alt: solid windowtext .5pt; padding: 0cm; mso-padding-alt: 1.0pt 4.0pt 1.0pt 4.0pt;\" align=\"center\"><strong style=\"mso-bidi-font-weight: normal;\"><span style=\"font-size: 14.0pt; mso-bidi-font-size: 11.0pt; mso-bidi-font-family: Tahoma; color: blue; mso-ansi-language: EN-US;\" lang=\"EN-US\">blijven gr\u00f3en \u00e9n vol fr\u00edsheid.<\/span><\/strong><strong style=\"mso-bidi-font-weight: normal;\"><span style=\"font-size: 14.0pt; mso-bidi-font-size: 9.0pt; mso-bidi-font-family: Verdana; color: blue; mso-ansi-language: EN-US;\" lang=\"EN-US\"><\/span><\/strong><\/p>\n<\/p><\/div>\n<p class=\"MsoNormal\" style=\"mso-pagination: none; mso-layout-grid-align: none; text-autospace: none;\"><span style=\"font-size: 9.0pt; font-family: Verdana; mso-bidi-font-family: Verdana; color: #e40000; mso-ansi-language: EN-US;\" lang=\"EN-US\"> <\/span><\/p>\n<\/p>\n<table class=\"MsoNormalTable\" style=\"border-collapse: collapse; mso-table-layout-alt: fixed; border: none; mso-padding-alt: 0cm 5.4pt 0cm 5.4pt;\" border=\"1\" cellspacing=\"0\" cellpadding=\"0\">\n<tbody>\n<tr style=\"mso-yfti-irow: 0; mso-yfti-firstrow: yes; mso-yfti-lastrow: yes;\">\n<td style=\"width: 272.0pt; border: none; padding: 0cm 5.4pt 0cm 5.4pt;\" width=\"272\" valign=\"top\">\n<p class=\"MsoNormal\" style=\"mso-pagination: none; mso-layout-grid-align: none; text-autospace: none;\"><span style=\"font-size: 11.0pt; font-family: Tahoma; mso-bidi-font-family: Tahoma; mso-ansi-language: EN-US;\" lang=\"EN-US\"> <\/span><\/p>\n<\/td>\n<td style=\"width: 124.0pt; border: none; padding: 0cm 5.4pt 0cm 5.4pt;\" width=\"124\">\n<p class=\"MsoNormal\" style=\"mso-pagination: none; mso-layout-grid-align: none; text-autospace: none;\"><span style=\"font-size: 11.0pt; font-family: Tahoma; mso-bidi-font-family: Tahoma; mso-ansi-language: EN-US;\" lang=\"EN-US\"> <\/span><\/p>\n<\/td>\n<\/tr>\n<\/tbody>\n<\/table>\n<table class=\"MsoNormalTable\" style=\"border-collapse: collapse; mso-table-layout-alt: fixed; border: none; mso-padding-alt: 0cm 5.4pt 0cm 5.4pt;\" border=\"1\" cellspacing=\"0\" cellpadding=\"0\">\n<tbody>\n<tr style=\"mso-yfti-irow: 0; mso-yfti-firstrow: yes; mso-yfti-lastrow: yes;\">\n<td style=\"width: 272.0pt; border: none; padding: 0cm 5.4pt 0cm 5.4pt;\" width=\"272\" valign=\"top\">\n<p class=\"MsoNormal\" style=\"mso-pagination: none; mso-layout-grid-align: none; text-autospace: none;\"><span style=\"font-size: 11.0pt; font-family: Tahoma; mso-bidi-font-family: Tahoma; mso-ansi-language: EN-US;\" lang=\"EN-US\"> <\/span><\/p>\n<\/td>\n<td style=\"width: 272.0pt; border: none; padding: 0cm 5.4pt 0cm 5.4pt;\" width=\"272\" valign=\"top\">\n<p class=\"MsoNormal\" style=\"mso-pagination: none; mso-layout-grid-align: none; text-autospace: none;\"><span style=\"font-size: 11.0pt; font-family: Tahoma; mso-bidi-font-family: Tahoma; mso-ansi-language: EN-US;\" lang=\"EN-US\"> <\/span><\/p>\n<\/td>\n<\/tr>\n<\/tbody>\n<\/table>\n","protected":false},"excerpt":{"rendered":"<p>0 false 21 18 pt 18 pt 0 0 false false false \/* Style Definitions *\/ table.MsoNormalTable {mso-style-name:Standaardtabel; mso-tstyle-rowband-size:0; mso-tstyle-colband-size:0; mso-style-noshow:yes; mso-style-parent:&#8221;&#8221;; mso-padding-alt:0cm 5.4pt 0cm 5.4pt; mso-para-margin:0cm; mso-para-margin-bottom:.0001pt; mso-pagination:widow-orphan; font-size:12.0pt; font-family:&#8221;Times New Roman&#8221;; mso-ascii-font-family:Cambria; mso-ascii-theme-font:minor-latin; mso-fareast-font-family:&#8221;Times New Roman&#8221;; mso-fareast-theme-font:minor-fareast; mso-hansi-font-family:Cambria; mso-hansi-theme-font:minor-latin;} die geplant zijn in het h\u00fais van de \u00c9NE, in de voorhoven van onze &hellip; <\/p>\n<p class=\"link-more\"><a href=\"https:\/\/www.vergaderingalkmaar.nl\/?page_id=206\" class=\"more-link\"><span class=\"screen-reader-text\">&#8220;Preek zondag 5 augustus 2012&#8221;<\/span> verder lezen<\/a><\/p>\n","protected":false},"author":1,"featured_media":0,"parent":588,"menu_order":36,"comment_status":"closed","ping_status":"open","template":"","meta":[],"_links":{"self":[{"href":"https:\/\/www.vergaderingalkmaar.nl\/index.php?rest_route=\/wp\/v2\/pages\/206"}],"collection":[{"href":"https:\/\/www.vergaderingalkmaar.nl\/index.php?rest_route=\/wp\/v2\/pages"}],"about":[{"href":"https:\/\/www.vergaderingalkmaar.nl\/index.php?rest_route=\/wp\/v2\/types\/page"}],"author":[{"embeddable":true,"href":"https:\/\/www.vergaderingalkmaar.nl\/index.php?rest_route=\/wp\/v2\/users\/1"}],"replies":[{"embeddable":true,"href":"https:\/\/www.vergaderingalkmaar.nl\/index.php?rest_route=%2Fwp%2Fv2%2Fcomments&post=206"}],"version-history":[{"count":1,"href":"https:\/\/www.vergaderingalkmaar.nl\/index.php?rest_route=\/wp\/v2\/pages\/206\/revisions"}],"predecessor-version":[{"id":1734,"href":"https:\/\/www.vergaderingalkmaar.nl\/index.php?rest_route=\/wp\/v2\/pages\/206\/revisions\/1734"}],"up":[{"embeddable":true,"href":"https:\/\/www.vergaderingalkmaar.nl\/index.php?rest_route=\/wp\/v2\/pages\/588"}],"wp:attachment":[{"href":"https:\/\/www.vergaderingalkmaar.nl\/index.php?rest_route=%2Fwp%2Fv2%2Fmedia&parent=206"}],"curies":[{"name":"wp","href":"https:\/\/api.w.org\/{rel}","templated":true}]}}