{"id":200,"date":"2012-06-03T20:09:59","date_gmt":"2012-06-03T19:09:59","guid":{"rendered":"http:\/\/www.vergaderingalkmaar.nl\/?page_id=200"},"modified":"2019-11-13T01:37:08","modified_gmt":"2019-11-13T00:37:08","slug":"preek-zondag-3-juni-2012","status":"publish","type":"page","link":"https:\/\/www.vergaderingalkmaar.nl\/?page_id=200","title":{"rendered":"Preek zondag 3 juni 2012"},"content":{"rendered":"<p>      0 false  21  18 pt 18 pt 0 0  false false false               \/* Style Definitions *\/ table.MsoNormalTable \t{mso-style-name:Standaardtabel; \tmso-tstyle-rowband-size:0; \tmso-tstyle-colband-size:0; \tmso-style-noshow:yes; \tmso-style-parent:&#8221;&#8221;; \tmso-padding-alt:0cm 5.4pt 0cm 5.4pt; \tmso-para-margin:0cm; \tmso-para-margin-bottom:.0001pt; \tmso-pagination:widow-orphan; \tfont-size:12.0pt; \tfont-family:&#8221;Times New Roman&#8221;; \tmso-ascii-font-family:Cambria; \tmso-ascii-theme-font:minor-latin; \tmso-fareast-font-family:&#8221;Times New Roman&#8221;; \tmso-fareast-theme-font:minor-fareast; \tmso-hansi-font-family:Cambria; \tmso-hansi-theme-font:minor-latin;}    <\/p>\n<div style=\"mso-element: para-border-div; border: solid windowtext 1.0pt; mso-border-alt: solid windowtext .5pt; padding: 1.0pt 4.0pt 1.0pt 4.0pt;\">\n<p class=\"MsoNormal\" style=\"text-align: center; mso-pagination: none; mso-layout-grid-align: none; text-autospace: none; border: none; mso-border-alt: solid windowtext .5pt; padding: 0cm; mso-padding-alt: 1.0pt 4.0pt 1.0pt 4.0pt;\" align=\"center\"><strong style=\"mso-bidi-font-weight: normal;\"><span style=\"font-size: 14.0pt; mso-bidi-font-size: 11.0pt; mso-bidi-font-family: Tahoma; color: blue; mso-ansi-language: EN-US;\" lang=\"EN-US\">Wie gaat, gaat voort al wenend, dragend een handvol van het zaad,<\/span><\/strong><strong style=\"mso-bidi-font-weight: normal;\"><span style=\"font-size: 14.0pt; mso-bidi-font-size: 12.0pt; color: blue;\"><\/span><\/strong><\/p>\n<\/p><\/div>\n<p class=\"MsoNormal\">\u00a0<\/p>\n<div style=\"mso-element: para-border-div; border: solid windowtext 1.0pt; mso-border-alt: solid windowtext .5pt; padding: 1.0pt 4.0pt 1.0pt 4.0pt;\">\n<p class=\"MsoNormal\" style=\"border: none; mso-border-alt: solid windowtext .5pt; padding: 0cm; mso-padding-alt: 1.0pt 4.0pt 1.0pt 4.0pt;\"><em style=\"mso-bidi-font-style: normal;\">Als je lekker Italiaans wil eten doe je er verstandig aan paprika\u2019s en tomaten te kweken in eigen tuin. Tezamen met correct gekruide worstjes heb je dan de basis van een goed mediterraan maal. Maar wat doe je als blijkt dat ondanks al je goede zorgen, ondanks wieden, water geven en bemesten, de paprikaoogst vrijwel nihil is? Volhouden en het volgend jaar opnieuw proberen of opgeven?<\/em><\/p>\n<\/p><\/div>\n<p class=\"MsoNormal\">\u00a0<\/p>\n<p class=\"MsoNormal\"><span style=\"mso-spacerun: yes;\"> <\/span>Bovenstaand dilemma kennen we vast ook wel uit ons christenleven. Waar steken we onze tijd en ons geld in? Onze inspanningen om mensen met het evangelie te bereiken lijken nogal eens zonder enig resultaat te blijven. Wat dan te doen? We lezen Galaten 6: 7 \u2013 9.<\/p>\n<p class=\"MsoNormal\" style=\"mso-pagination: none; mso-layout-grid-align: none; text-autospace: none;\"><span style=\"mso-bidi-font-size: 11.0pt; mso-bidi-font-family: Tahoma; color: red;\">Dwaalt niet: God laat niet met zich spotten; want al wat een mens zaait dat zal hij ook oogsten; want wie zaait in de akker van zijn eigen vlees zal er verderf van oogsten, maar wie zaait in de akker van de Geest zal van de Geest eeuwig leven oogsten; laten wij in goed-doen niet verslappen; te gelegener tijd immers zullen wij oogsten als we niet verflauwen.<span style=\"mso-tab-count: 1;\"> <\/span><\/span><\/p>\n<p class=\"MsoNormal\" style=\"mso-pagination: none; mso-layout-grid-align: none; text-autospace: none;\"><span style=\"mso-bidi-font-size: 11.0pt; mso-bidi-font-family: Tahoma; color: red;\"> <\/span><\/p>\n<p class=\"MsoNormal\" style=\"mso-pagination: none; mso-layout-grid-align: none; text-autospace: none;\"><span style=\"mso-bidi-font-size: 11.0pt; mso-bidi-font-family: Tahoma;\">Les een is dat je moet zaaien met een doel voor ogen. Als het je doel is zelf meer glorie te krijgen zegt dit deel zal verderf oogsten. Als het je doel is om te pochen op je christelijke inspanningen en de resultaten daarvan ben je verkeerd bezig. Onze inspanningen voor de Heer moeten hem en Hem alleen tot doel hebben. <\/span><\/p>\n<p class=\"MsoNormal\" style=\"mso-pagination: none; mso-layout-grid-align: none; text-autospace: none;\"><span style=\"mso-bidi-font-size: 11.0pt; mso-bidi-font-family: Tahoma;\">Pleit dit Bijbelgedeelte voor <em style=\"mso-bidi-font-style: normal;\">\u2019rechtvaardiging op grond van goede werken<\/em>\u2019, als er staat dat <span style=\"color: red;\">wie zaait in de akker van de Geest van de Geest eeuwig leven zal oogsten<\/span>? Zeker niet! Maar als we in plaats van eigen eer Gods belangen in het oog houden, zaaien we op weg naar het ons al gegeven eeuwige leven. Dan zijn onze inspanningen gericht op de kroon die al voor ons klaarligt.<\/span><\/p>\n<p class=\"MsoNormal\">\u00a0<\/p>\n<div style=\"mso-element: para-border-div; border: solid windowtext 1.0pt; mso-border-alt: solid windowtext .5pt; padding: 1.0pt 4.0pt 1.0pt 4.0pt;\">\n<p class=\"MsoNormal\" style=\"margin-bottom: 6.0pt; mso-pagination: none; mso-layout-grid-align: none; text-autospace: none; border: none; mso-border-alt: solid windowtext .5pt; padding: 0cm; mso-padding-alt: 1.0pt 4.0pt 1.0pt 4.0pt;\"><strong><em style=\"mso-bidi-font-style: normal;\"><span style=\"mso-bidi-font-size: 13.0pt; mso-bidi-font-family: Helvetica;\">William Wilberforce<\/span><\/em><\/strong><em style=\"mso-bidi-font-style: normal;\"><span style=\"mso-bidi-font-size: 13.0pt; mso-bidi-font-family: Helvetica;\"> (24 augustus 1759 &#8211; 29 juli 1833) was een christen en Engels parlementari\u00ebr. Na zijn verkiezing op relatief jonge leeftijd tot lid van het Lagerhuis in <a href=\"http:\/\/nl.wikipedia.org\/wiki\/1784\"><span style=\"color: windowtext; text-decoration: none; text-underline: none;\">1784<\/span><\/a>, had hij twee doelen &#8211; die hij grondde op zijn christen-zijn &#8211; <span style=\"mso-spacerun: yes;\"> <\/span>voor ogen. Hij werkte aan sociale hervormingen, voornamelijk waar het ging om werkcondities van arbeiders. Werknemers moesten in die tijd buitengewoon lange dagen werken, hun gezinnen kwamen in groten getale in de steden wonen en leefden daar in mensonwaardige omstandigheden. <\/span><\/em><\/p>\n<p class=\"MsoNormal\" style=\"margin-bottom: 6.0pt; mso-pagination: none; mso-layout-grid-align: none; text-autospace: none; border: none; mso-border-alt: solid windowtext .5pt; padding: 0cm; mso-padding-alt: 1.0pt 4.0pt 1.0pt 4.0pt;\"><em style=\"mso-bidi-font-style: normal;\"><span style=\"mso-bidi-font-size: 13.0pt; mso-bidi-font-family: Helvetica;\">Daarnaast was hij &#8211; tegen vele van zijn partijgenoten in &#8211; een fervent tegenstander van de slavernij. Op <a href=\"http:\/\/nl.wikipedia.org\/wiki\/12_mei\"><span style=\"color: windowtext; text-decoration: none; text-underline: none;\">12 mei<\/span><\/a> 1789 hield hij zijn eerste toespraak tegen de slavernij en vanaf toen was hij een van de leidende figuren in de beweging. Hij hield vol en uiteindelijk werd in 1807 een wet aangenomen die slavenhandel illegaal maakte. De afschaffing van de slavernij zelf werd eerst drie dagen voor zijn dood in 1833 bekrachtigd. Alle slaven in het Britse Rijk kregen hierdoor hun vrijheid terug.<\/span><\/em><\/p>\n<\/p><\/div>\n<p class=\"MsoNormal\">God vraagt van ons trouw. Hij vraagt van ons dat we zaaien in de Geest. Dat we werken met Hemzelf voor ogen. William Wilberforce had eerst na achttien jaar zijn eerste succesje. En op de afschaffing van de slavernij moest hij meer dan veertig jaar wachten. Maar hij bleef werken ondanks het uitblijven van succes.<\/p>\n<p class=\"MsoNormal\">\u00a0<\/p>\n<p class=\"MsoNormal\">Dat is wat hier in galaten wordt bedoeld. Van onze kant wordt trouw verwacht. God zorgt voor de oogst. Die is onze verantwoordelijkheid niet. Wij moeten niet verslappen. God geeft de oogst dan <span style=\"mso-bidi-font-size: 11.0pt; mso-bidi-font-family: Tahoma; color: red;\">te gelegener tijd.<\/span><\/p>\n<p class=\"MsoNormal\"><span style=\"mso-bidi-font-size: 11.0pt; mso-bidi-font-family: Tahoma; color: red;\"> <\/span><\/p>\n<p class=\"MsoNormal\" style=\"mso-pagination: none; mso-layout-grid-align: none; text-autospace: none;\"><span style=\"mso-bidi-font-size: 11.0pt; mso-bidi-font-family: Tahoma;\">Wat betekent dat: <em style=\"mso-bidi-font-style: normal;\">te gelegener tijd<\/em>? Hetzelfde woord staat in Galaten 4: 4: <span style=\"color: red;\">Maar toen de <strong style=\"mso-bidi-font-weight: normal;\">volheid des tijds<\/strong> kwam, heeft God zijn zoon als afgezant gezonden. <\/span>En in 1 Timotheus 6: 14, 15:<span style=\"mso-spacerun: yes;\"> <\/span><span style=\"color: red;\">tot aan de<\/span><\/span><\/p>\n<p class=\"MsoNormal\" style=\"mso-pagination: none; tab-stops: 209.0pt 288.0pt; mso-layout-grid-align: none; text-autospace: none;\"><span style=\"mso-bidi-font-size: 11.0pt; mso-bidi-font-family: Tahoma; color: red;\">verschijning van onze Heer, Jezus Christus, die hij <strong style=\"mso-bidi-font-weight: normal;\">op zijn tijden<\/strong> zal tonen, <\/span><span style=\"mso-bidi-font-size: 11.0pt; mso-bidi-font-family: Tahoma;\">Het gaat steeds om het moment waarop God zijn voornemen volvoert. <\/span><\/p>\n<p class=\"MsoNormal\" style=\"mso-pagination: none; tab-stops: 209.0pt 288.0pt; mso-layout-grid-align: none; text-autospace: none;\"><span style=\"mso-bidi-font-size: 11.0pt; mso-bidi-font-family: Tahoma;\"> <\/span><\/p>\n<p class=\"MsoNormal\" style=\"mso-pagination: none; tab-stops: 209.0pt 288.0pt; mso-layout-grid-align: none; text-autospace: none;\"><span style=\"mso-bidi-font-size: 11.0pt; mso-bidi-font-family: Tahoma;\">En dat geld took voor de oogst na onze inspanningen. God gaat over die oogst en over het tijdstip daarvan. Misschien in ons leven nog, misschien ook niet. Va ons wordt trouw verwacht. Trouw aan onze opdracht in het Koninkrijk van God. Gericht op Gods eer en grootheid. God geeft dan het resultaat <em style=\"mso-bidi-font-style: normal;\">te gelegener tijd<\/em>. Op Zijn tijd dus.<span style=\"mso-tab-count: 1;\"> <\/span><\/span><\/p>\n<p class=\"MsoNormal\" style=\"mso-pagination: none; tab-stops: 209.0pt 288.0pt; mso-layout-grid-align: none; text-autospace: none;\"><span style=\"mso-bidi-font-size: 11.0pt; mso-bidi-font-family: Tahoma;\"> <\/span><\/p>\n<div style=\"mso-element: para-border-div; border: solid windowtext 1.0pt; mso-border-alt: solid windowtext .5pt; padding: 1.0pt 4.0pt 1.0pt 4.0pt;\">\n<p class=\"MsoNormal\" style=\"text-align: center; mso-pagination: none; mso-layout-grid-align: none; text-autospace: none; border: none; mso-border-alt: solid windowtext .5pt; padding: 0cm; mso-padding-alt: 1.0pt 4.0pt 1.0pt 4.0pt;\" align=\"center\"><strong style=\"mso-bidi-font-weight: normal;\"><span style=\"font-size: 14.0pt; mso-bidi-font-size: 11.0pt; mso-bidi-font-family: Tahoma; color: blue; mso-ansi-language: EN-US;\" lang=\"EN-US\">wie thuiskomt, komt \u00e1an in j\u00fabel, als dr\u00e1ger v\u00e1n zijn sch\u00f3ven.<span style=\"mso-spacerun: yes;\"> <\/span><\/span><\/strong><\/p>\n<\/p><\/div>\n<p class=\"MsoNormal\" style=\"mso-pagination: none; mso-layout-grid-align: none; text-autospace: none;\"><span style=\"font-size: 9.0pt; mso-bidi-font-size: 12.0pt;\"> <\/span><\/p>\n<p class=\"MsoNormal\" style=\"mso-pagination: none; mso-layout-grid-align: none; text-autospace: none;\"><span style=\"font-size: 9.0pt; mso-bidi-font-size: 12.0pt;\">Menselssohn, Elias, No 32: Wer bis an das Ende beharrt, der wird selig werden (<\/span><span style=\"font-family: \" New=\"New\" Roman\";\"=\"Roman\";\"\">Wie tot het einde volhardt, zal zalig worden.)<span style=\"mso-spacerun: yes;\"> <\/span><\/span><span style=\"font-size: 9.0pt; mso-bidi-font-size: 12.0pt;\">http:\/\/www.youtube.com\/watch?v=2uOm4BMYHA8<\/span><\/p><\/p>\n","protected":false},"excerpt":{"rendered":"<p>0 false 21 18 pt 18 pt 0 0 false false false \/* Style Definitions *\/ table.MsoNormalTable {mso-style-name:Standaardtabel; mso-tstyle-rowband-size:0; mso-tstyle-colband-size:0; mso-style-noshow:yes; mso-style-parent:&#8221;&#8221;; mso-padding-alt:0cm 5.4pt 0cm 5.4pt; mso-para-margin:0cm; mso-para-margin-bottom:.0001pt; mso-pagination:widow-orphan; font-size:12.0pt; font-family:&#8221;Times New Roman&#8221;; mso-ascii-font-family:Cambria; mso-ascii-theme-font:minor-latin; mso-fareast-font-family:&#8221;Times New Roman&#8221;; mso-fareast-theme-font:minor-fareast; mso-hansi-font-family:Cambria; mso-hansi-theme-font:minor-latin;} Wie gaat, gaat voort al wenend, dragend een handvol van het zaad, \u00a0 Als &hellip; <\/p>\n<p class=\"link-more\"><a href=\"https:\/\/www.vergaderingalkmaar.nl\/?page_id=200\" class=\"more-link\"><span class=\"screen-reader-text\">&#8220;Preek zondag 3 juni 2012&#8221;<\/span> verder lezen<\/a><\/p>\n","protected":false},"author":1,"featured_media":0,"parent":588,"menu_order":42,"comment_status":"closed","ping_status":"open","template":"","meta":[],"_links":{"self":[{"href":"https:\/\/www.vergaderingalkmaar.nl\/index.php?rest_route=\/wp\/v2\/pages\/200"}],"collection":[{"href":"https:\/\/www.vergaderingalkmaar.nl\/index.php?rest_route=\/wp\/v2\/pages"}],"about":[{"href":"https:\/\/www.vergaderingalkmaar.nl\/index.php?rest_route=\/wp\/v2\/types\/page"}],"author":[{"embeddable":true,"href":"https:\/\/www.vergaderingalkmaar.nl\/index.php?rest_route=\/wp\/v2\/users\/1"}],"replies":[{"embeddable":true,"href":"https:\/\/www.vergaderingalkmaar.nl\/index.php?rest_route=%2Fwp%2Fv2%2Fcomments&post=200"}],"version-history":[{"count":1,"href":"https:\/\/www.vergaderingalkmaar.nl\/index.php?rest_route=\/wp\/v2\/pages\/200\/revisions"}],"predecessor-version":[{"id":1728,"href":"https:\/\/www.vergaderingalkmaar.nl\/index.php?rest_route=\/wp\/v2\/pages\/200\/revisions\/1728"}],"up":[{"embeddable":true,"href":"https:\/\/www.vergaderingalkmaar.nl\/index.php?rest_route=\/wp\/v2\/pages\/588"}],"wp:attachment":[{"href":"https:\/\/www.vergaderingalkmaar.nl\/index.php?rest_route=%2Fwp%2Fv2%2Fmedia&parent=200"}],"curies":[{"name":"wp","href":"https:\/\/api.w.org\/{rel}","templated":true}]}}