{"id":185,"date":"2012-01-23T18:37:38","date_gmt":"2012-01-23T17:37:38","guid":{"rendered":"http:\/\/www.vergaderingalkmaar.nl\/?page_id=185"},"modified":"2019-11-13T01:37:07","modified_gmt":"2019-11-13T00:37:07","slug":"preek-zondag-22-januari-2012","status":"publish","type":"page","link":"https:\/\/www.vergaderingalkmaar.nl\/?page_id=185","title":{"rendered":"Preek zondag 22 januari 2012"},"content":{"rendered":"<p>      0 false  21  18 pt 18 pt 0 0  false false false               \/* Style Definitions *\/ table.MsoNormalTable \t{mso-style-name:Standaardtabel; \tmso-tstyle-rowband-size:0; \tmso-tstyle-colband-size:0; \tmso-style-noshow:yes; \tmso-style-parent:&#8221;&#8221;; \tmso-padding-alt:0cm 5.4pt 0cm 5.4pt; \tmso-para-margin:0cm; \tmso-para-margin-bottom:.0001pt; \tmso-pagination:widow-orphan; \tfont-size:12.0pt; \tfont-family:&#8221;Times New Roman&#8221;; \tmso-ascii-font-family:Cambria; \tmso-ascii-theme-font:minor-latin; \tmso-fareast-font-family:&#8221;Times New Roman&#8221;; \tmso-fareast-theme-font:minor-fareast; \tmso-hansi-font-family:Cambria; \tmso-hansi-theme-font:minor-latin;}    <\/p>\n<div style=\"mso-element: para-border-div; border: solid windowtext 1.0pt; mso-border-alt: solid windowtext .5pt; padding: 1.0pt 4.0pt 1.0pt 4.0pt;\">\n<p class=\"MsoNormal\" style=\"text-align: center; mso-pagination: none; mso-layout-grid-align: none; text-autospace: none; border: none; mso-border-alt: solid windowtext .5pt; padding: 0cm; mso-padding-alt: 1.0pt 4.0pt 1.0pt 4.0pt;\" align=\"center\"><strong style=\"mso-bidi-font-weight: normal;\"><span style=\"font-size: 14.0pt; mso-bidi-font-size: 13.0pt; mso-bidi-font-family: Georgia; color: blue;\">Zijn wij als broed&#8217;ren een, geen strijd om beuzelingen,<\/span><\/strong><\/p>\n<\/p><\/div>\n<p class=\"MsoNormal\" style=\"mso-pagination: none; mso-layout-grid-align: none; text-autospace: none;\">\u00a0<\/p>\n<p class=\"MsoNormal\" style=\"mso-pagination: none; mso-layout-grid-align: none; text-autospace: none;\">Wanneer ben je een goed christen? En hoe wordt je dat trouwens? In zijn brief aan de Filippenzen spreekt<span style=\"mso-spacerun: yes;\"> <\/span>Paulus daar behartigenswaardige worden over. De kortste samenvatting van die brief staat in hoofdstuk 1: 27: <span style=\"mso-bidi-font-size: 11.0pt; mso-bidi-font-family: Tahoma; color: red;\">leidt een leven waardig aan de verkondiging van de Christus. <\/span><span style=\"mso-bidi-font-size: 11.0pt; mso-bidi-font-family: Tahoma;\">Vervolgens stelt Paulus in hoofdstuk 2: 1 \u2013 11 Christus zelf voor \u2013 in de vorm van een lofzang! &#8211;<span style=\"mso-spacerun: yes;\"> <\/span>als het grote voorbeeld. En dan legt Paulus uit hoe wij ons moeten opstellen om ons werkelijk als christenen te gedragen (Filippenzen 2: 12 \u2013 18). Hij begint met een opmerkelijke volzin: <span style=\"color: red;\">Z\u00f3, \u2026.,\u2026.,werkt, met vreze en beven aan uw redding. <\/span>Wat? Is de redding dan niet eens en voor altijd geschied? Paulus maakt hier een helder onderscheid tussen \u2018rechtvaardiging\u2019 en heiliging. Rechtvaardiging gebeurt op \u00e9\u00e9n moment in de tijd. Inderdaad \u00e9\u00e9ns voor altijd. Elke zondaar mag komen hoe hij is. <\/span><\/p>\n<p class=\"MsoNormal\" style=\"mso-pagination: none; mso-layout-grid-align: none; text-autospace: none;\"><span style=\"mso-bidi-font-size: 11.0pt; mso-bidi-font-family: Tahoma;\">Maar dan begint er een leven met Christus. En dat is een proces \u2013 en het duurt de rest van je leven \u2013 dat Paulus aanduidt met het woord heiliging. Want een zondaar mag niet bl\u00ecjven hoe hij is! Het doel van een christen is dat zij\/hij (Rom. 8: 29) <span style=\"color: red;\">bestemd is om mede-gestalten van het beeld van zijn Zoon te zijn. <\/span>God heeft een plan met het leven van iedere christen. En daar moet aan gewerkt worden, zegt Paulus. Dat kost inspanning en opoffering. Dat kost zelfverloochening. Een christen kan niet goedkoop leven. God de Vader gaf zijn zoon. En als wij het leven aanvaarden op grond van zijn dood, dan wordt er van ons verwacht dat wij iets van Christus\u2019 beeld zullen laten zien.<\/span><\/p>\n<p class=\"MsoNormal\" style=\"mso-pagination: none; mso-layout-grid-align: none; text-autospace: none;\"><span style=\"mso-bidi-font-size: 11.0pt; mso-bidi-font-family: Tahoma;\"> <\/span><\/p>\n<p class=\"MsoNormal\" style=\"mso-pagination: none; mso-layout-grid-align: none; text-autospace: none;\"><span style=\"mso-bidi-font-size: 11.0pt; mso-bidi-font-family: Tahoma;\">Paulus maakt dat heel concreet. Hij geeft een aantal aanwijzingen die een toetssteen vormen voor iedere christen. Fil. 2: 14:<span style=\"mso-spacerun: yes;\"> <\/span><span style=\"color: red;\">Doet alles zonder morren en tegenspreken. <\/span><\/span><\/p>\n<p class=\"MsoNormal\" style=\"mso-pagination: none; mso-layout-grid-align: none; text-autospace: none;\"><span style=\"mso-bidi-font-size: 11.0pt; mso-bidi-font-family: Tahoma; color: red;\"> <\/span><\/p>\n<div style=\"mso-element: para-border-div; border: solid windowtext 1.0pt; mso-border-alt: solid windowtext .5pt; padding: 1.0pt 4.0pt 1.0pt 4.0pt;\">\n<p class=\"MsoNormal\" style=\"mso-pagination: none; mso-layout-grid-align: none; text-autospace: none; border: none; mso-border-alt: solid windowtext .5pt; padding: 0cm; mso-padding-alt: 1.0pt 4.0pt 1.0pt 4.0pt;\"><em style=\"mso-bidi-font-style: normal;\">Als je computer een foutje heeft in het audio-systeem kun je horendol worden van het irritante geluid. Soms is dat zo zachtjes, dat je je eerst later realiseert wat er aan de hand is. Waarom je zo moe wordt als je achter de pc zit.<\/em><\/p>\n<p class=\"MsoNormal\" style=\"mso-pagination: none; mso-layout-grid-align: none; text-autospace: none; border: none; mso-border-alt: solid windowtext .5pt; padding: 0cm; mso-padding-alt: 1.0pt 4.0pt 1.0pt 4.0pt;\"><em style=\"mso-bidi-font-style: normal;\">Zo kunnen ook mensen geweldige stoorzenders zijn in hun omgeving. Personen waar iedereen heel uitgeput van wordt. Mensen die de gewoonte hebben ontwikkeld om kritisch te zijn. Niet vanuit de opstelling om daarmee anderen tot beter presteren te brengen. Maar met het effect dat die ander zich in gebreke gesteld voelt. Dat de ander zich voelt falen. Zulke mensen maken opmerkingen die iedere bemoediging ontberen.<\/em><\/p>\n<p class=\"MsoNormal\" style=\"mso-pagination: none; mso-layout-grid-align: none; text-autospace: none; border: none; mso-border-alt: solid windowtext .5pt; padding: 0cm; mso-padding-alt: 1.0pt 4.0pt 1.0pt 4.0pt;\"><em style=\"mso-bidi-font-style: normal;\">Bent u \u2013 of ik \u2013 zo een stoorzender in de gemeente? Vindt u \u2013 of ik \u2013 altijd van alles wel iets? Staat u \u2013 of ik \u2013 bekend als iemand die altijd kritiek heeft? Kunt u \u2013 of ik \u2013 werkelijk nergens mee leven?<\/em><\/p>\n<\/p><\/div>\n<p class=\"MsoNormal\">\u00a0<\/p>\n<p class=\"MsoNormal\" style=\"mso-pagination: none; mso-layout-grid-align: none; text-autospace: none;\">Wanneer we bekend staan als positief ingestelde mensen die niet zeuren, gedragen we ons in en buiten de christelijke gemeente (: 15) <span style=\"mso-bidi-font-size: 11.0pt; mso-bidi-font-family: Tahoma; color: red;\">te midden van een ontaard en verkeerd geslacht, onder wie gij straalt als lichtsterren in de wereld<\/span><span style=\"mso-bidi-font-size: 11.0pt; mso-bidi-font-family: Tahoma;\">) <\/span>als getuigen van Christus.<\/p>\n<p class=\"MsoNormal\" style=\"mso-pagination: none; mso-layout-grid-align: none; text-autospace: none;\">\u00a0<\/p>\n<p class=\"MsoNormal\" style=\"mso-pagination: none; mso-layout-grid-align: none; text-autospace: none;\">Een tweede toetssteen is dat we het (: 16a) <span style=\"mso-bidi-font-size: 11.0pt; mso-bidi-font-family: Tahoma; color: red;\">woord van leven vasthouden<\/span><span style=\"font-size: 11.0pt; font-family: Tahoma; mso-bidi-font-family: Tahoma;\">. <\/span><span style=\"mso-bidi-font-size: 11.0pt; mso-bidi-font-family: Tahoma;\">In de westerse wereld leven we in een cultuur van tolerantie. Alles wat al dan niet spontaan uit de menselijke natuur opborrelt moet aanvaard worden. De grootste zonde (als er \u00fcberhaupt van een zondebegrip al sprake is) is die van de intolerantie. Gij zult tolerant zijn luidt het gebod. <\/span><\/p>\n<p class=\"MsoNormal\" style=\"mso-pagination: none; mso-layout-grid-align: none; text-autospace: none;\"><span style=\"mso-bidi-font-size: 11.0pt; mso-bidi-font-family: Tahoma;\">Waarheid is dan een relatief begrip. En de opvatting dat God de waarheid van buiten het heelal heeft verkondigd wordt als absolute onzin gezien. Geen wonder dus dat christenen \u2013 als ze in de openbare discussie zich beroepen op Gods geboden \u2013 als achterlijke boertjes worden weggezet. Want wie houdt nou nog rekening met normen die van buiten af worden opgelegd? Maar christenen moeten worden gekenmerkt door juist<span style=\"mso-spacerun: yes;\"> <\/span>vast te houden aan Gods geboden voor het dagelijkse leven. Tegen de moderne tijd in. <\/span><\/p>\n<p class=\"MsoNormal\" style=\"mso-pagination: none; mso-layout-grid-align: none; text-autospace: none;\"><span style=\"mso-bidi-font-size: 11.0pt; mso-bidi-font-family: Tahoma;\"> <\/span><\/p>\n<p class=\"MsoNormal\" style=\"mso-pagination: none; mso-layout-grid-align: none; text-autospace: none;\"><span style=\"mso-bidi-font-size: 11.0pt; mso-bidi-font-family: Tahoma;\">Paulus schrijft aan de Filippenzen vanuit de gevangenis. Hij was bij hen geweest. Had zich voor hen ingespannen. Hij hield zielveel van ze. En dan schrijft hij dat zijn vreugde voor wat betreft de christelijke opstelling van de Filippenzen erin zit (: 16b)<span style=\"mso-spacerun: yes;\"> <\/span><span style=\"color: red;\">dat ik niet voor niets heb gelopen en niet voor niets gezwoegd. <\/span>Niets is ontmoedigender voor leiders van een christelijke gemeente dan negatieve kritiek. Een positieve opstelling van de gemeente is wel het minste wat ze mogen verwachten (Hebr. 13 :8) <span style=\"color: red;\">Weest uw voorgangers gehoorzaam, en voegt u; want zij zijn waakzaam voor uw zielen als mensen die rekenschap moeten afleggen: opdat ze dat met vreugde doen en niet al zuchtende, want dat is niet voordelig voor u. <\/span>Bemoedigen wij onze leiders? Bidden we voor hen? Dat is \u00e9\u00e9n van de kernopdrachten bij het \u2018uitwerken van onze redding met vreze en beven\u2019. Dat is een kenmerk van waarachtig christen zijn. <\/span><\/p>\n<p class=\"MsoNormal\"><span style=\"mso-bidi-font-size: 11.0pt; mso-bidi-font-family: Tahoma;\"> <\/span><\/p>\n<div style=\"mso-element: para-border-div; border: solid windowtext 1.0pt; mso-border-alt: solid windowtext .5pt; padding: 1.0pt 4.0pt 1.0pt 4.0pt;\">\n<p class=\"MsoNormal\" style=\"text-align: center; mso-pagination: none; mso-layout-grid-align: none; text-autospace: none; border: none; mso-border-alt: solid windowtext .5pt; padding: 0cm; mso-padding-alt: 1.0pt 4.0pt 1.0pt 4.0pt;\" align=\"center\"><strong style=\"mso-bidi-font-weight: normal;\"><span style=\"font-size: 14.0pt; mso-bidi-font-size: 13.0pt; mso-bidi-font-family: Georgia; color: blue;\">daar eng&#8217;len ons omringen en zweven voor ons heen!<\/span><\/strong><\/p>\n<\/p><\/div><\/p>\n","protected":false},"excerpt":{"rendered":"<p>0 false 21 18 pt 18 pt 0 0 false false false \/* Style Definitions *\/ table.MsoNormalTable {mso-style-name:Standaardtabel; mso-tstyle-rowband-size:0; mso-tstyle-colband-size:0; mso-style-noshow:yes; mso-style-parent:&#8221;&#8221;; mso-padding-alt:0cm 5.4pt 0cm 5.4pt; mso-para-margin:0cm; mso-para-margin-bottom:.0001pt; mso-pagination:widow-orphan; font-size:12.0pt; font-family:&#8221;Times New Roman&#8221;; mso-ascii-font-family:Cambria; mso-ascii-theme-font:minor-latin; mso-fareast-font-family:&#8221;Times New Roman&#8221;; mso-fareast-theme-font:minor-fareast; mso-hansi-font-family:Cambria; mso-hansi-theme-font:minor-latin;} Zijn wij als broed&#8217;ren een, geen strijd om beuzelingen, \u00a0 Wanneer ben je een &hellip; <\/p>\n<p class=\"link-more\"><a href=\"https:\/\/www.vergaderingalkmaar.nl\/?page_id=185\" class=\"more-link\"><span class=\"screen-reader-text\">&#8220;Preek zondag 22 januari 2012&#8221;<\/span> verder lezen<\/a><\/p>\n","protected":false},"author":1,"featured_media":0,"parent":588,"menu_order":57,"comment_status":"closed","ping_status":"open","template":"","meta":[],"_links":{"self":[{"href":"https:\/\/www.vergaderingalkmaar.nl\/index.php?rest_route=\/wp\/v2\/pages\/185"}],"collection":[{"href":"https:\/\/www.vergaderingalkmaar.nl\/index.php?rest_route=\/wp\/v2\/pages"}],"about":[{"href":"https:\/\/www.vergaderingalkmaar.nl\/index.php?rest_route=\/wp\/v2\/types\/page"}],"author":[{"embeddable":true,"href":"https:\/\/www.vergaderingalkmaar.nl\/index.php?rest_route=\/wp\/v2\/users\/1"}],"replies":[{"embeddable":true,"href":"https:\/\/www.vergaderingalkmaar.nl\/index.php?rest_route=%2Fwp%2Fv2%2Fcomments&post=185"}],"version-history":[{"count":1,"href":"https:\/\/www.vergaderingalkmaar.nl\/index.php?rest_route=\/wp\/v2\/pages\/185\/revisions"}],"predecessor-version":[{"id":1713,"href":"https:\/\/www.vergaderingalkmaar.nl\/index.php?rest_route=\/wp\/v2\/pages\/185\/revisions\/1713"}],"up":[{"embeddable":true,"href":"https:\/\/www.vergaderingalkmaar.nl\/index.php?rest_route=\/wp\/v2\/pages\/588"}],"wp:attachment":[{"href":"https:\/\/www.vergaderingalkmaar.nl\/index.php?rest_route=%2Fwp%2Fv2%2Fmedia&parent=185"}],"curies":[{"name":"wp","href":"https:\/\/api.w.org\/{rel}","templated":true}]}}