{"id":1751,"date":"2019-11-23T19:22:36","date_gmt":"2019-11-23T18:22:36","guid":{"rendered":"http:\/\/www.vergaderingalkmaar.nl\/?page_id=1751"},"modified":"2019-11-24T23:53:57","modified_gmt":"2019-11-24T22:53:57","slug":"preek-zondag-17-november-2019","status":"publish","type":"page","link":"https:\/\/www.vergaderingalkmaar.nl\/?page_id=1751","title":{"rendered":"Preek zondag 17 november 2019"},"content":{"rendered":"\n<h2 class=\"has-text-align-center\"><strong>In ieder mens is er een oneindige afgrond<\/strong><\/h2>\n\n\n\n<p>Wanneer ik zoek naar woorden<\/p>\n\n\n\n<p class=\"has-text-align-center\">Wanneer ik zoek naar woorden en niets dan stilte vind,<br>dan weet ik: Heer, Gij hoorde \u00e9\u00e9n stem: uw eigen kind.<br>Uw adem wekt mijn leven, uw liefde kleurt mijn bloed;<br>mijn stilte is vergeven, mijn zwijgen keurt Gij goed.<br><br>Wanneer ik zoek naar zinnen en bid om een gebed,<br>niet weet hoe&nbsp;te beginnen, niet spreek, in stil verzet,<br>dan roep ik mij te binnen uw stem, o Christus &#8211; Gij,<br>Gij zult eens overwinnen de tegenstem in mij.<br><br>Wanneer ik zoek te zeggen al wat er in mij leeft,<br>maar zich niet uit laat leggen en zich niet open geeft,<br>dan ben ik al gevonden voordat ik U niet vind;<br>dan bidt met duizend monden de Geest, vol vuur en wind.<br><br>Wanneer ik zoek naar woorden is uw Woord mij genoeg;<br>dat Woord, dat wij eens hoorden, dat Woord, dat mij al droeg,<br>dat zal mij blijven dragen &#8211; mij maakt geen stilte bang;<br>slechts dit wilt Gij mij vragen: dat ik naar U verlang.<br><br>Andr\u00e9 F. Troost<\/p>\n\n\n\n<p>Joh. 15, 15 \u2013 21:<\/p>\n\n\n\n<p>15<\/p>\n\n\n\n<p>als ge mij liefhebt zult ge mijn geboden bewaren;&nbsp;<\/p>\n\n\n\n<p>16<\/p>\n\n\n\n<p>en \u00edk zal de Vader erom bidden en hij zal u een \u00e1ndere troosttoeroeper geven om bij u te zijn tot in de eeuwigheid:&nbsp;<\/p>\n\n\n\n<p>17<\/p>\n\n\n\n<p>de geestesadem van de waarachtigheid, welke de wereld niet bij machte is op te nemen omdat ze die niet aanschouwt en niet kent; g\u00edj kent hem omdat hij bij u verblijf houdt en \u00edn u zijn zal;&nbsp;<\/p>\n\n\n\n<p>18<\/p>\n\n\n\n<p>&nbsp;ik laat u niet als wezen achter, ik kom naar u toe;<\/p>\n\n\n\n<p>19&nbsp;&nbsp;&nbsp;&nbsp;&nbsp;&nbsp;&nbsp;&nbsp;<\/p>\n\n\n\n<p>nog een korte tijd en de wereld aanschouwt mij niet meer, maar g\u00edj aanschouwt mij omdat \u00edk leef, en g\u00edj zult leven;&nbsp;<\/p>\n\n\n\n<p>20&nbsp;&nbsp;&nbsp;&nbsp;&nbsp;&nbsp;&nbsp;&nbsp;<\/p>\n\n\n\n<p>op die dag zult g\u00edj erkennen dat \u00edk \u00e9\u00e9n ben met mijn Vader en g\u00edj \u00e9\u00e9n met mij en \u00edk ook met u!-<\/p>\n\n\n\n<p>21&nbsp;&nbsp;&nbsp;&nbsp;&nbsp;&nbsp;&nbsp;&nbsp;<\/p>\n\n\n\n<p>wie mijn geboden heeft en ze bewaart, die is het die mij liefheeft; maar wie mij liefheeft, hem zal mijn Vader liefhebben en ook \u00edk zal hem liefhebben en mijzelf aan hem openbaren!<\/p>\n\n\n\n<h2 class=\"has-text-align-center\"><strong>die men alleen met God kan vullen<\/strong><\/h2>\n\n\n\n<p class=\"has-text-align-right\">Blaise Pascal (1623 \u2013 1662)<\/p>\n\n\n\n<h2><\/h2>\n\n\n\n<p><\/p>\n","protected":false},"excerpt":{"rendered":"<p>In ieder mens is er een oneindige afgrond Wanneer ik zoek naar woorden Wanneer ik zoek naar woorden en niets dan stilte vind,dan weet ik: Heer, Gij hoorde \u00e9\u00e9n stem: uw eigen kind.Uw adem wekt mijn leven, uw liefde kleurt mijn bloed;mijn stilte is vergeven, mijn zwijgen keurt Gij goed. Wanneer ik zoek naar zinnen &hellip; <\/p>\n<p class=\"link-more\"><a href=\"https:\/\/www.vergaderingalkmaar.nl\/?page_id=1751\" class=\"more-link\"><span class=\"screen-reader-text\">&#8220;Preek zondag 17 november 2019&#8221;<\/span> verder lezen<\/a><\/p>\n","protected":false},"author":3,"featured_media":0,"parent":588,"menu_order":0,"comment_status":"closed","ping_status":"closed","template":"preken_page.php","meta":[],"_links":{"self":[{"href":"https:\/\/www.vergaderingalkmaar.nl\/index.php?rest_route=\/wp\/v2\/pages\/1751"}],"collection":[{"href":"https:\/\/www.vergaderingalkmaar.nl\/index.php?rest_route=\/wp\/v2\/pages"}],"about":[{"href":"https:\/\/www.vergaderingalkmaar.nl\/index.php?rest_route=\/wp\/v2\/types\/page"}],"author":[{"embeddable":true,"href":"https:\/\/www.vergaderingalkmaar.nl\/index.php?rest_route=\/wp\/v2\/users\/3"}],"replies":[{"embeddable":true,"href":"https:\/\/www.vergaderingalkmaar.nl\/index.php?rest_route=%2Fwp%2Fv2%2Fcomments&post=1751"}],"version-history":[{"count":1,"href":"https:\/\/www.vergaderingalkmaar.nl\/index.php?rest_route=\/wp\/v2\/pages\/1751\/revisions"}],"predecessor-version":[{"id":1752,"href":"https:\/\/www.vergaderingalkmaar.nl\/index.php?rest_route=\/wp\/v2\/pages\/1751\/revisions\/1752"}],"up":[{"embeddable":true,"href":"https:\/\/www.vergaderingalkmaar.nl\/index.php?rest_route=\/wp\/v2\/pages\/588"}],"wp:attachment":[{"href":"https:\/\/www.vergaderingalkmaar.nl\/index.php?rest_route=%2Fwp%2Fv2%2Fmedia&parent=1751"}],"curies":[{"name":"wp","href":"https:\/\/api.w.org\/{rel}","templated":true}]}}