{"id":1493,"date":"2019-04-15T22:24:55","date_gmt":"2019-04-15T21:24:55","guid":{"rendered":"http:\/\/www.vergaderingalkmaar.nl\/?page_id=1493"},"modified":"2019-04-15T22:24:55","modified_gmt":"2019-04-15T21:24:55","slug":"preek-zondag-14-april-2019","status":"publish","type":"page","link":"https:\/\/www.vergaderingalkmaar.nl\/?page_id=1493","title":{"rendered":"Preek zondag 14 april 2019"},"content":{"rendered":"<h3 style=\"text-align: center;\"><span style=\"color: #0000ff;\"><strong>werkt zo, \u2026..met vreze en beven aan uw redding, <\/strong><\/span><\/h3>\n<p>&nbsp;<\/p>\n<p>God bezingen wij met de liedtekst &#8220;Bron van het zijnde, groot zijt Gij: eeuwig oneindig, en zo nabij.&#8221; God is zonder begin en zonder einde. Te zien als een koord dat nergens begint en nergens ophoudt. Er is nooit een moment geweest waarop God begon te bestaan, en er zal ook nooit een moment zijn waarop Hij zal ophouden te bestaan.<\/p>\n<p>&nbsp;<\/p>\n<p>En \u2018ergens\u2019 op dat koord zegt de Bijbel dat <span style=\"color: #ff0000;\">Bij begin is God gaan scheppen,- de hemelen en het aardland. Het aardland is in z\u2019n geschieden geworden woestheid en warboel, en duisternis \u00a0op het aanschijn van de oervloed,- en geestesadem van God wervelend over het aanschijn van de wateren.<\/span><\/p>\n<p>&nbsp;<\/p>\n<p>God zette mensen op de aarde, om die te bewerken. En om Hem te kennen en te dienen. Filippenzen 3: 1 \u2013 17 zegt dat heel pregnant (: 14): <span style=\"color: #ff0000;\">Broeders-en-zusters, ik denk van mijzelf niet dat ik die gegrepen heb, maar \u00e9\u00e9n ding wel: vergetend wat achter mij ligt en mij uitstrekkend naar wat v\u00f3\u00f3r mij ligt, jaag ik naar het doel voor de prijs van de roeping van boven, van God in Christus Jezus.<\/span><\/p>\n<p>&nbsp;<\/p>\n<p>Van Gods oneindig lange geschiedenis maakt de aarde maar een oneindig kleine periode uit. En het verblijf van ons mensen op aarde is op die Goddelijke tijdschaal zoiets als een nanoseconde. De vraag die Paulus opwerpt is wat we van die korte tijd maken. Hij laat er geen misverstand over bestaan waar het echt om gaat. Er is niks belangrijker dan <span style=\"color: #0000ff;\"><em>de kennis van Christus<\/em><\/span>. \u00a0Alle andere zaken, zaken waarop je als mens eigenlijk best trots zou kunnen zijn, zinken volstrekt in het niet als het om Christus gaat. Paulus was zich zeer bewust van de echte reden dat hij op aarde was. Hij was op aarde, maar had een <span style=\"color: #ff0000;\">roeping van boven<\/span>, hij was, hoewel aardbewoner, tevens burger van de hemel. En uit die hemel verwachtte hij de Heer, Jezus Christus, als redder. We moeten <em>alles vergeten wat achter ons ligt<\/em>en ons geheel richten op onze toekomst.<\/p>\n<p>&nbsp;<\/p>\n<p>Enig zelfonderzoek kan dan heel nuttig zijn. Laten ook wij ons overdonderen en alle kanten opsturen door de overload aan informatie die ons dagelijks bereikt? Hoe zit het met onze twitter \u2013 netflix \u2013 facebook \u2013 whatsapp \u2013 instagram \u2013 tinder \u2013 amazon \u2013 deliveroo &#8211; \u00a0verslaving? Helpen dat soort middelen ons op weg naar de eeuwigheid? Komen we met hulp van al die moderne zaken dichter bij Christus uit?<\/p>\n<p>&nbsp;<\/p>\n<p>Of zijn dat eigenlijk (Ef. 5: 11 e.v.) <span style=\"color: #ff0000;\">de onvruchtbare werken van de duisternis<\/span> die we moeten ontmaskeren zoals Paulus zegt. Wat er achter de schermen gebeurt is te afschuwelijk en schandalig om zelfs maar over te praten zegt Paulus. Gods licht zal dat onthullen en blootleggen (Ef. 5: 14 \u2013 17):<\/p>\n<p>&nbsp;<\/p>\n<p><span style=\"color: #ff0000;\">ja, al wat openbaar gemaakt wordt is licht. Daarom wordt er gezegd: ontwaak, jij die slaapt, en sta op uit de doden, en de Gezalfde zal over jou schijnen! Kijkt dan nauwlettend hoe gij wandelt, niet als onwijzen maar als wijzen die de tijd uitkopen omdat de dagen boos zijn. Daarom: weest niet onnadenkend maar verstaat wat de wil van de Heer is.<\/span><\/p>\n<p>&nbsp;<\/p>\n<p>De toekomst die ons christenen wordt beloofd is een toekomst waar God bij de mensen zal wonen. Een toekomst\u00a0 waar er geen nacht meer zal zijn. Waar God ieder traan uit onze ogen zal afwissen. Waar er geen rouw of geschreeuw of moeite meer zal zijn. <em><span style=\"color: #0000ff;\">Geen lamp is daar nodig\/ de maan overbodig\/ de zon dooft haar vlam\/ als God zal ontsteken het licht van het lam.<\/span><\/em><\/p>\n<p>&nbsp;<\/p>\n<p>Hebree\u00ebn 9: 27 maakt een statement: <span style=\"color: #ff0000;\">het is de mensen beschikt eenmaal te sterven, met daarna een oordeel.<\/span>\u00a0Vandaag de dag wordt het begrip \u2018tijd\u2019 door filosofen meer en meer gerelativeerd, en soms zelfs ontkend. Tijd zou niet meer zijn dan een illusie, die ontstaat doordat er vele veranderingen zijn.<\/p>\n<p>De christelijke leer is echter dat God ooit ingrijpt en ons uit onze aardse \u2018tijd\u2019 bij zich zal halen in zijn eeuwig koninkrijk. Maar dan moeten we wel ons compleet en onverkort richten op (2 Petr. 1:3<sup>a<\/sup>; 10 &#8211; 11) Gods <span style=\"color: #ff0000;\">goddelijke kracht die voor leven en vroomheid nodig is\u2026\u2026\u2026.\u00a0\u00a0 Daarom, broeders-en-zusters, zet u des te meer in om uw roeping en verkiezing \u2018vast\u2019 te maken. Want wanneer ge dat doet zult ge nooit struikelen. Want z\u00f3 zal u rijkelijk toegevoegd worden de toegang tot het eeuwig koninkrijk van onze Heer en redder, Jezus Christus.<\/span><\/p>\n<p>&nbsp;<\/p>\n<h3 style=\"text-align: center;\"><span style=\"color: #0000ff;\"><strong>want het is God<\/strong><strong>\u00a0<\/strong><strong>die in u \u00e9n het willen bewerkt<\/strong><strong><br \/>\n<\/strong><strong>\u00e9n het werken voor het welbehagen.<\/strong><\/span><\/h3>\n<h6 style=\"text-align: right;\">Fil. 2: 12, 13<\/h6>\n","protected":false},"excerpt":{"rendered":"<p>werkt zo, \u2026..met vreze en beven aan uw redding, &nbsp; God bezingen wij met de liedtekst &#8220;Bron van het zijnde, groot zijt Gij: eeuwig oneindig, en zo nabij.&#8221; God is zonder begin en zonder einde. Te zien als een koord dat nergens begint en nergens ophoudt. Er is nooit een moment geweest waarop God begon &hellip; <\/p>\n<p class=\"link-more\"><a href=\"https:\/\/www.vergaderingalkmaar.nl\/?page_id=1493\" class=\"more-link\"><span class=\"screen-reader-text\">&#8220;Preek zondag 14 april 2019&#8221;<\/span> verder lezen<\/a><\/p>\n","protected":false},"author":3,"featured_media":0,"parent":588,"menu_order":0,"comment_status":"closed","ping_status":"closed","template":"","meta":[],"_links":{"self":[{"href":"https:\/\/www.vergaderingalkmaar.nl\/index.php?rest_route=\/wp\/v2\/pages\/1493"}],"collection":[{"href":"https:\/\/www.vergaderingalkmaar.nl\/index.php?rest_route=\/wp\/v2\/pages"}],"about":[{"href":"https:\/\/www.vergaderingalkmaar.nl\/index.php?rest_route=\/wp\/v2\/types\/page"}],"author":[{"embeddable":true,"href":"https:\/\/www.vergaderingalkmaar.nl\/index.php?rest_route=\/wp\/v2\/users\/3"}],"replies":[{"embeddable":true,"href":"https:\/\/www.vergaderingalkmaar.nl\/index.php?rest_route=%2Fwp%2Fv2%2Fcomments&post=1493"}],"version-history":[{"count":1,"href":"https:\/\/www.vergaderingalkmaar.nl\/index.php?rest_route=\/wp\/v2\/pages\/1493\/revisions"}],"predecessor-version":[{"id":1494,"href":"https:\/\/www.vergaderingalkmaar.nl\/index.php?rest_route=\/wp\/v2\/pages\/1493\/revisions\/1494"}],"up":[{"embeddable":true,"href":"https:\/\/www.vergaderingalkmaar.nl\/index.php?rest_route=\/wp\/v2\/pages\/588"}],"wp:attachment":[{"href":"https:\/\/www.vergaderingalkmaar.nl\/index.php?rest_route=%2Fwp%2Fv2%2Fmedia&parent=1493"}],"curies":[{"name":"wp","href":"https:\/\/api.w.org\/{rel}","templated":true}]}}