{"id":1397,"date":"2018-07-29T20:44:17","date_gmt":"2018-07-29T19:44:17","guid":{"rendered":"http:\/\/www.vergaderingalkmaar.nl\/?page_id=1397"},"modified":"2018-07-29T20:58:51","modified_gmt":"2018-07-29T19:58:51","slug":"preek-zondag-22-juli-2018","status":"publish","type":"page","link":"https:\/\/www.vergaderingalkmaar.nl\/?page_id=1397","title":{"rendered":"Preek zondag 22 juli 2018"},"content":{"rendered":"<h3 style=\"text-align: center;\"><span style=\"color: #0000ff;\"><strong><a href=\"https:\/\/www.youtube.com\/watch?v=2Gwq9YhpxmY%20%20\">https:\/\/www.youtube.com\/watch?v=2Gwq9YhpxmY<\/a><\/strong><\/span><\/h3>\n<h3 style=\"text-align: center;\"><span style=\"color: #0000ff;\"><strong>Als alles duister is, ontsteek dan een lichtend vuur<\/strong><\/span><\/h3>\n<p>&nbsp;<\/p>\n<p>Wie kent het niet? Ook als christenen \u2018treden we lang niet altijd op onze hoogten.\u2019 De vrede sijpelt weg uit ons hart. Omdat iets ons niet lukt. Omdat je relatie met God verpietert. Omdat je best weet\u00a0dat je iets moet dien, maar het lukt je niet. Je vreugde in God is weg. Je dienst aan God verlamt. Je ziet je beperkingen en bent ervan overtuigd: ik stel voor God niks neer voor. Ik bak er niks van.<\/p>\n<p>Wat doe je dan?<\/p>\n<p>We lezen Richteren 6: 1 \u2013 24. Het begin van de geschiedenis van Gideon. Die van zichzelf geen hoge pet ophad.<\/p>\n<p>Het begin van het hoofdstuk geeft een situatieschets. De Midianieten \u2013 een rondzwervend woestijnvolk \u2013 vielen Isra\u00ebl binnen zodra er wat te halen viel. Ze roofden het koren in de oogsttijd en namen schapen, runderen en ezels mee. Hoogst leep, en zeer verwoestend. Gideon treffen we dan ook aan op een plekje uit het zicht. Hij dorst wat graan in een wijnpers, in de hoop dat de Midianieten hem niet opmerken.<\/p>\n<p>&nbsp;<\/p>\n<p>Waarom kreeg Midian vrij spel in Isra\u00ebl?\u00a0 Dat maakt God simpelweg duidelijk: <span style=\"color: #ff0000;\">ik heb ik tot u gezegd:\u00a0ik ben de Ene, uw God; vreest niet de goden van de Amoriet, in wiens land ge nu zetelt!- <strong>maar ge hebt niet gehoord naar mijn stem!<\/strong><\/span><\/p>\n<p><strong>\u00a0<\/strong><\/p>\n<p>Isra\u00ebl vergat de uittocht uit Egypte, en dus de God die dat bewerkstelligde. Isra\u00ebl vergat dat ze in het beloofde land waren aangekomen en dat God hen daar had gebracht. Isra\u00ebl was ertoe overgegaan om de afgoden van de oorspronkelijke bewoners van hel beloofde land tot de zijne te maken. Isra\u00ebls ontrouw en ondankbaarheid aan God maakte dat God zich terugtrok. En dat gaf Midian de kans tot zijn strooptochten.<\/p>\n<p>&nbsp;<\/p>\n<p>In letterlijke zin zal ons zoiets niet zo simpel overkomen in Nederland\/ West Europa. Maar ook hier en nu bij ons bestaat de kans dat onze vrijheid wordt ingeperkt. Door intolerante andersgelovigen misschien. Of door intolerante liberale uitgangspunten. Of ook dat ons geloof simpelweg verzwakt van binnenuit. Zoals bij Gideon: <span style=\"color: #ff0000;\">ach mijn heer, als de Ene met ons is, waarom treft ons dan dit alles?-<\/span>\u00a0En als God hem een opdracht geeft, riposteert Gideon <span style=\"color: #ff0000;\">ach mijn heer, waarmee zal ik Isra\u00ebl redden?-\u00a0zie, mijn duizendtal is het armste in Manasse en ik ben de geringste in het huis van mijn vader!<\/span><\/p>\n<p>&nbsp;<\/p>\n<p>In goed Nederlands: vraag alstublieft een ander, God. Ik kan het niet en durf het niet. En ik zie mijn mislukking al op de loer liggen. Gaat u liever een deurtje verder.<\/p>\n<p>&nbsp;<\/p>\n<p>En Gods antwoord? Niks uitleg. Niks herhaling van de opdracht met andere woorden. Niks aanpassing of onderhandeling. Gods antwoord is bijna ironisch te noemen: De Ene wendt zich tot hem en zegt: <span style=\"color: #ff0000;\"><strong>ga heen in deze kracht van jou<\/strong>, redden zul jij Isra\u00ebl uit de handpalm van Midjan;\u00a0heb ik je niet gezonden?!<\/span> God besteedt nog geen seconde aandacht aan Gideons gevoelens en twijfel. Aan Gideons krachteloosheid.<\/p>\n<p>God wil niet dat we ons focussen op onze zwakheden. Of dat we eindeloos de leeuwen en beren die we op de weg zien koesteren. Wij zien makkelijk onze beperkingen. God ziet de mogelijkheden. En wil dat wij die ook gaan zien.<\/p>\n<p>&nbsp;<\/p>\n<p>Gideon wil iets voor de engel van de Heer, die met hem spreekt, halen. Gideon wil een offer brengen. Door de wijze waarop het offer in \u00e9\u00e9n n flits wordt verteerd snapt Gideon dat hij met God zelf te maken had. En hij vreest te sterven <em>(\u2018niemand kan God zien en leven\u2019<\/em>). <span style=\"color: #ff0000;\">Maar De Ene zegt tot hem: vrede voor jou, vrees niet, je zult niet sterven! Gideon bouwt daar een altaar voor de Ene en roept als naam daarvoor uit \u2018de Ene is vrede\u2019,-<\/span><\/p>\n<p>&nbsp;<\/p>\n<p>Gods naam is Jehova Shalom. God is Vrede. Die God is ook onze vrede. Die God heeft ons verlost, opdat wij hem zouden dienen. Joh. 1&amp;: 18: <span style=\"color: #ff0000;\">Zoals gij mij de wereld in hebt gezonden, heb ook \u00edk hen de wereld in gezonden;<\/span><\/p>\n<p>&nbsp;<\/p>\n<p>Als onze focus maar gericht is op Jehova Shalom. En niet op onze twijfels en onmogelijkheden.<\/p>\n<p>&nbsp;<\/p>\n<h3 style=\"text-align: center;\"><span style=\"color: #0000ff;\"><strong>dat nooit meer dooft, een vuur dat nooit meer dooft.\u00a0 <\/strong><\/span><\/h3>\n<p><em>Dans nos obscurit\u00e9s, <\/em>Jacques Berthier, Ateliers et Presses de Taiz\u00e9<\/p>\n","protected":false},"excerpt":{"rendered":"<p>https:\/\/www.youtube.com\/watch?v=2Gwq9YhpxmY Als alles duister is, ontsteek dan een lichtend vuur &nbsp; Wie kent het niet? Ook als christenen \u2018treden we lang niet altijd op onze hoogten.\u2019 De vrede sijpelt weg uit ons hart. Omdat iets ons niet lukt. Omdat je relatie met God verpietert. Omdat je best weet\u00a0dat je iets moet dien, maar het lukt &hellip; <\/p>\n<p class=\"link-more\"><a href=\"https:\/\/www.vergaderingalkmaar.nl\/?page_id=1397\" class=\"more-link\"><span class=\"screen-reader-text\">&#8220;Preek zondag 22 juli 2018&#8221;<\/span> verder lezen<\/a><\/p>\n","protected":false},"author":3,"featured_media":0,"parent":588,"menu_order":0,"comment_status":"closed","ping_status":"closed","template":"","meta":[],"_links":{"self":[{"href":"https:\/\/www.vergaderingalkmaar.nl\/index.php?rest_route=\/wp\/v2\/pages\/1397"}],"collection":[{"href":"https:\/\/www.vergaderingalkmaar.nl\/index.php?rest_route=\/wp\/v2\/pages"}],"about":[{"href":"https:\/\/www.vergaderingalkmaar.nl\/index.php?rest_route=\/wp\/v2\/types\/page"}],"author":[{"embeddable":true,"href":"https:\/\/www.vergaderingalkmaar.nl\/index.php?rest_route=\/wp\/v2\/users\/3"}],"replies":[{"embeddable":true,"href":"https:\/\/www.vergaderingalkmaar.nl\/index.php?rest_route=%2Fwp%2Fv2%2Fcomments&post=1397"}],"version-history":[{"count":3,"href":"https:\/\/www.vergaderingalkmaar.nl\/index.php?rest_route=\/wp\/v2\/pages\/1397\/revisions"}],"predecessor-version":[{"id":1402,"href":"https:\/\/www.vergaderingalkmaar.nl\/index.php?rest_route=\/wp\/v2\/pages\/1397\/revisions\/1402"}],"up":[{"embeddable":true,"href":"https:\/\/www.vergaderingalkmaar.nl\/index.php?rest_route=\/wp\/v2\/pages\/588"}],"wp:attachment":[{"href":"https:\/\/www.vergaderingalkmaar.nl\/index.php?rest_route=%2Fwp%2Fv2%2Fmedia&parent=1397"}],"curies":[{"name":"wp","href":"https:\/\/api.w.org\/{rel}","templated":true}]}}