{"id":1263,"date":"2017-08-14T22:30:13","date_gmt":"2017-08-14T21:30:13","guid":{"rendered":"http:\/\/www.vergaderingalkmaar.nl\/?page_id=1263"},"modified":"2017-08-14T22:30:13","modified_gmt":"2017-08-14T21:30:13","slug":"preek-zondag-13-augustus-2107","status":"publish","type":"page","link":"https:\/\/www.vergaderingalkmaar.nl\/?page_id=1263","title":{"rendered":"Preek zondag 13 augustus 2107"},"content":{"rendered":"<h3 style=\"text-align: center;\"><span style=\"color: #0000ff;\">Want allen hebben gezondigd<\/span><\/h3>\n<h3 style=\"text-align: center;\"><span style=\"color: #0000ff;\">en zijn verstoken\u00a0van de glorie van God,<\/span><\/h3>\n<p>&nbsp;<\/p>\n<p>We lezen Jozua 2: 1,2; 8-18<sup>b<\/sup>; korte inhoud:<\/p>\n<p>&nbsp;<\/p>\n<p><span style=\"color: #0000ff;\"><em>De Isra\u00eblieten staan klaar om de Jordaan over te steken naar het land Kana\u00e4n. Maar eerst stuurt Jozua de twee verspieders uit. Hij zegt tegen hen: \u2019Ga het land en de stad Jericho bekijken.\u2019\u00a0<\/em><em>\u00a0<\/em><\/span><\/p>\n<p><span style=\"color: #0000ff;\"><em>In Jericho aangekomen, gaan de verspieders naar het huis van Rachab, een hoer. Dan krijgt de koning te horen: \u2019Er zijn vannacht twee Isra\u00eblieten gekomen om het land te verkennen.\u2019 De koning Rachab besefte duidelijk dat God heilig was. Beseffen wij dat ook nog, vandaag de dag?stuurt mannen naar Rachab met het bevel: \u2019Breng de mannen die in je huis zijn, naar buiten!\u2019 Maar Rachab heeft de verspieders op haar dak verborgen. Daarom zegt zij: \u2019Er zijn wel mannen bij me gekomen, maar ik weet niet waar ze vandaan kwamen. Toen het donker werd, voordat de stadspoort werd gesloten, zijn ze weggegaan. Als jullie vlug zijn, haal je hen nog in!\u2019 Dus jagen de mannen hen na.<\/em><\/span><\/p>\n<p><span style=\"color: #0000ff;\"><em>Als zij weg zijn, gaat Rachab snel naar het dak. \u2019Ik weet dat Jehovah jullie dit land zal geven\u2019, zegt zij tegen de verspieders. \u2019Wij hebben gehoord hoe hij de Rode Zee droog heeft laten worden toen jullie uit Egypte trokken, en hoe jullie de koningen Sihon en Og hebben gedood. Ik ben goed voor jullie geweest, dus beloof mij alsjeblieft ook goed voor mij te zijn. Spaar mijn vader en moeder en mijn broers en zusters.\u2019<\/em><\/span><\/p>\n<p><span style=\"color: #0000ff;\"><em>De verspieders beloven het, maar Rachab moet wel iets doen. \u2019Neem dit rode koord en bind het aan je venster\u2019, zeggen zij, \u2019en haal al je familieleden in je huis. Als wij dan komen om Jericho in te nemen, zullen wij dit koord aan je venster zien en niemand in jouw huis doden.\u2019 Als de verspieders bij Jozua terugkomen, vertellen zij hem alles wat er is gebeurd.<\/em><\/span><\/p>\n<p>&nbsp;<\/p>\n<p>De geschiedenis van Rachab en van de inneming van Jericho hoort tot de bekendste uit de bijbel. Als je het verhaal probeert te lezen alsof je dat voor de eerste keer doet komen er toch een aantal opmerkelijke observaties boven.<\/p>\n<p>&nbsp;<\/p>\n<p>Een eerste is dat Rachab kennelijk weet wie de God van Israel is. En dat zou wel eens te maken kunnen hebben met wat veertig jaar daarvoor gebeurde. Toen werden er twaalf verkenners op uit gestuurd om vast het land te bekijken dat God Israel zou gaan geven. Wat groeit er? Wie wonen er? De afloop van die verkenning is bekend: tien van de twaalf waren zo onder de indruk van de reuzen die ze zagen dat ze het binnentrekken absoluut niet zagen zitten. \u201c<em>Dat gaat ons nooit lukken<\/em>\u201d meenden ze. Twee namen vruchten mee en vertelden van de melk en honing die ze gezien hadden. Maar de eerste tien maakten meer indruk: Israel moest nog veertig extra jaren in de woestijn doorbrengen. En in die woestijn moest het volk beter leren kennen wie God \u2013 de Heilige \u2013 werkelijk was. Opmerkelijk: als Israel toen meteen Jericho had kunnen innemen zou geen van de inwoners dat overleefd hebben!<\/p>\n<p>&nbsp;<\/p>\n<p>Het lijkt logisch te veronderstellen dat Rachab ten tijde van die rondtrekkende verkenners nog niet geboren was. En toch wist ze van de God van Israel. Had ze begrip van Zijn macht en heiligheid. Toen de koning van Jericho kennelijk de spionnen in de gaten kreeg \u2013 hij wist best dat Israel eraan kwam \u2013 stuurde hij zijn soldaten om hen gevangen te nemen. Rachab speldt die soldaten een verhaal op de mouw en redt zo de spionnen.<\/p>\n<p>Maar tevens toont ze haar geloof in de God van Israel. Ze vraagt om genade voor haar familie en voor haarzelf. Kennelijk snapte ze dat ze het van genade moest hebben, anders kon ze het wel vergeten. En Rachab wordt gered (Joz. 6: 23): <span style=\"color: #ff0000;\">Dan komen de jongens die hebben bespioneerd en leiden hen uit: Rachab, haar vader, haar moeder, haar broers-en-zussen en al wat het hare is; heel haar familie hebben ze uitgeleid; ze legeren hen, maar wel buiten Isra\u00ebls legerplaats<\/span>. Rachab besefte kennelijk dat God heilig is. Beseffen ook wij dat vandaag de dag nog?<\/p>\n<p>&nbsp;<\/p>\n<p>Rachab en haar familie worden eerst wat ge\u00efsoleerd van de Isra\u00eblieten. Maar niet lang daarna is de familie ge\u00efntegreerd. Rachab trouwde met Salmon en werd de moeder van Boaz. Zo kwam ze in de koninklijke lijn van David en \u2013 uiteindelijk \u2013 van de Heer Jezus.<\/p>\n<p>&nbsp;<\/p>\n<p>Rachab werd gered door Gods genade. Zonder het plaatsvervangend lijden van de Heer Jezus zou ons zijn overkomen wat de inwoners van Jericho overkwam: gestraft voor de eigen zonden.<\/p>\n<p>&nbsp;<\/p>\n<h3 style=\"text-align: center;\"><span style=\"color: #0000ff;\"><strong>en worden gerechtvaardigd\u00a0om niet, uit zijn genade,<\/strong><\/span><\/h3>\n<h3 style=\"text-align: center;\"><span style=\"color: #0000ff;\"><strong>door de verlossing in Christus Jezus.<\/strong><\/span><\/h3>\n","protected":false},"excerpt":{"rendered":"<p>Want allen hebben gezondigd en zijn verstoken\u00a0van de glorie van God, &nbsp; We lezen Jozua 2: 1,2; 8-18b; korte inhoud: &nbsp; De Isra\u00eblieten staan klaar om de Jordaan over te steken naar het land Kana\u00e4n. Maar eerst stuurt Jozua de twee verspieders uit. Hij zegt tegen hen: \u2019Ga het land en de stad Jericho bekijken.\u2019\u00a0\u00a0 &hellip; <\/p>\n<p class=\"link-more\"><a href=\"https:\/\/www.vergaderingalkmaar.nl\/?page_id=1263\" class=\"more-link\"><span class=\"screen-reader-text\">&#8220;Preek zondag 13 augustus 2107&#8221;<\/span> verder lezen<\/a><\/p>\n","protected":false},"author":3,"featured_media":0,"parent":588,"menu_order":0,"comment_status":"closed","ping_status":"closed","template":"","meta":[],"_links":{"self":[{"href":"https:\/\/www.vergaderingalkmaar.nl\/index.php?rest_route=\/wp\/v2\/pages\/1263"}],"collection":[{"href":"https:\/\/www.vergaderingalkmaar.nl\/index.php?rest_route=\/wp\/v2\/pages"}],"about":[{"href":"https:\/\/www.vergaderingalkmaar.nl\/index.php?rest_route=\/wp\/v2\/types\/page"}],"author":[{"embeddable":true,"href":"https:\/\/www.vergaderingalkmaar.nl\/index.php?rest_route=\/wp\/v2\/users\/3"}],"replies":[{"embeddable":true,"href":"https:\/\/www.vergaderingalkmaar.nl\/index.php?rest_route=%2Fwp%2Fv2%2Fcomments&post=1263"}],"version-history":[{"count":1,"href":"https:\/\/www.vergaderingalkmaar.nl\/index.php?rest_route=\/wp\/v2\/pages\/1263\/revisions"}],"predecessor-version":[{"id":1264,"href":"https:\/\/www.vergaderingalkmaar.nl\/index.php?rest_route=\/wp\/v2\/pages\/1263\/revisions\/1264"}],"up":[{"embeddable":true,"href":"https:\/\/www.vergaderingalkmaar.nl\/index.php?rest_route=\/wp\/v2\/pages\/588"}],"wp:attachment":[{"href":"https:\/\/www.vergaderingalkmaar.nl\/index.php?rest_route=%2Fwp%2Fv2%2Fmedia&parent=1263"}],"curies":[{"name":"wp","href":"https:\/\/api.w.org\/{rel}","templated":true}]}}