{"id":1228,"date":"2017-04-23T20:35:26","date_gmt":"2017-04-23T19:35:26","guid":{"rendered":"http:\/\/www.vergaderingalkmaar.nl\/?page_id=1228"},"modified":"2017-04-23T20:35:26","modified_gmt":"2017-04-23T19:35:26","slug":"preek-zondag-23-april-2017","status":"publish","type":"page","link":"https:\/\/www.vergaderingalkmaar.nl\/?page_id=1228","title":{"rendered":"Preek zondag 23 april 2017"},"content":{"rendered":"<h3 style=\"text-align: center;\"><span style=\"color: #0000ff;\"><strong>Die ons voedt bij duizendtallen, \/<\/strong><\/span><\/h3>\n<h3 style=\"text-align: center;\"><span style=\"color: #0000ff;\"><strong>ons geluk ten deel doet vallen, \/ stelt zich ook voor mij garant.<\/strong><\/span><\/h3>\n<p>&nbsp;<\/p>\n<p>Een vorige keer dat we een stukje van Abram\u2019s leven onder de loep namen (zie preek zondag 19 februari 2017) ging het over de ruzie die uitbrak tussen de herders van Lot en van Abram. Abram verkoos toen de meest wijze persoon te zijn. Hij toonde zich onpartijdig, vredelievend en genereus.<\/p>\n<p>&nbsp;<\/p>\n<p>Enige tijd later doen vier koningen uit Mesopotami\u00eb een inval in Kana\u00e4n. Ze verslaan vijf Kana\u00e4nitische koningen en nemen Lot \u2013 zoon van Abram\u2019s broer \u2013 gevangen. Abram formeert een strijdmacht en weet de Mesopotami\u00ebrs te achterhalen en te verslaan. Hij bevrijdt Lot, maakt krijgsgevangenen en weet alle geroofde goederen terug te krijgen.<\/p>\n<p>&nbsp;<\/p>\n<p>Als Abram zegevierend terugkeert van zijn veldtocht komen hem twee koningen tegemoet.<\/p>\n<p>&nbsp;<\/p>\n<p>De eerste die hem ontmoet (Gen. 14: 18) is Melchizedek, koning van Salem en priester van God, de Allerhoogste. Melchizedek brengt Abram brood en wijn. Een gift voor een koninklijk feest ter ere van Abram. <span style=\"color: #ff0000;\"><sup>18<\/sup> Melchizedek,- koning van gerechtigheid, de koning van Sjaleem, heeft naar buiten gebracht: brood en wijn; hij is priester voor God-in-den-hoge. <sup>19<\/sup> Hij zegent hem en zegt: gezegend Abram voor God-in-den-hoge, de stichter van hemelen en aarde!- <sup>20<\/sup> en gezegend God-in-den-hoge die je benauwers overleverde in je hand!<\/span><\/p>\n<p><span style=\"color: #ff0000;\">En hij (Abram) geeft hem (Melchizedek) een tiende van alles.<\/span><\/p>\n<p>&nbsp;<\/p>\n<p>Melchizedek houdt Abram voor dat hij de overwinning aan God te danken heeft. We zien daarin de belofte terug die God eerder deed aan Abram (12: 3): <span style=\"color: #ff0000;\">ik zal zegenen wie jou zegenen en wie jou verwenst zal ik vervloeken;<\/span> Melchizedek herinnert Abram aan Gods onverbrekelijke belofte. Abram dankt zowel zijn vele bezittingen als zijn overwinning aan God alleen. En als reactie geeft Abram een tiende deel van de oorlogsbuit via Melchizedek aan God. Uit dankbaarheid.<\/p>\n<p>&nbsp;<\/p>\n<p>Hoe lang is het geleden dat wij God dankbaar waren voor het goede dat we van Hem krijgen? Voor huis en eten? Voor ons besteedbaar inkomen? Voor vrede en veiligheid?<\/p>\n<p>&nbsp;<\/p>\n<p><span style=\"color: #0000ff;\">Alles, alles is gelegen \/ aan genade, aan Gods zegen; \/ welvaart komt bij Hem vandaan.<\/span><\/p>\n<p><span style=\"color: #0000ff;\">Allen die de Here vrezen \/ zullen onaantastbaar wezen, \/ daar zij in Gods vrijheid staan.<\/span><\/p>\n<p>&nbsp;<\/p>\n<p>Maar dan komt de tweede koning. Koning Bera, van Sodom. \u2018<em>Nooit ligt de verleiding sterker op de loer dan na een klinkende overwinning<\/em>\u2019 wordt wel gezegd. Sodom\u2019s koning doet Abram een voorstel:<\/p>\n<p>&nbsp;<\/p>\n<p><span style=\"color: #ff0000;\"><sup>21<\/sup> De koning van Sodom zegt tot Abram: geef mij de levende zielen; en het bezit, neem dat voor jezelf!<\/span><\/p>\n<p>&nbsp;<\/p>\n<p>Abram reageert heel beslist! Hij peinst er niet over om ook maar voor een sou in de schuld te staan bij deze wereldlijke vorst. Abram geeft de eer voor overwinning en welvaart aan \u2018God-in-den-hoge\u2019 (\u0112l \u02bfEly\u014dn) alleen. Uit menselijk oogpunt bezien was een politieke deal misschien zo vreemd nog niet. Maar duidelijker kan het niet worden gezegd: <span style=\"color: #ff0000;\"><sup>22 <\/sup>Maar Abram zegt tot de koning van Sodom: ik heb mijn hand geheven tot de Ene, God-in-den-hoge, de stichter van hemelen en aarde: <sup>23<\/sup> \u00e1ls ik ooit, van touwtje tot schoenriem, \u00e1ls ik ooit iets aanneem van al wat van u is!- u zult niet zeggen: \u2018ik heb Abram rijk gemaakt\u2019,-<\/span><\/p>\n<p>&nbsp;<\/p>\n<p>Abram is er volkomen van overtuigd dat God hem kan en zal geven wat Hij beloofde, en dat gebaseerd op Gods belofte uit Gen. 12: 1, 2: <span style=\"color: #ff0000;\"><sup>1<\/sup> Dan zegt de Ene tot Abram: ga, jij, weg uit je land, uit je geboortetent en uit het huis van je vader,- naar het land dat ik je zal doen zien; <sup>2<\/sup> ik zal je maken tot een groot volk, ik zal je zegenen, ik zal groot maken j\u00f3uw naam; word een zegen!-<\/span><\/p>\n<p>&nbsp;<\/p>\n<p>Drie dingen zijn ook voor ons heel belangrijk in de praktijk van alledag:<\/p>\n<ul>\n<li>Dat we ons bewust zijn van Gods oneindige trouw;<\/li>\n<li>Dat we God danken voor zijn voorzienigheid en goede gaven;<\/li>\n<li>Dat we ons blijven realiseren dat Gods beloften zekerder zijn dan die van aardse stervelingen.<\/li>\n<\/ul>\n<p>&nbsp;<\/p>\n<h3 style=\"text-align: center;\"><span style=\"color: #0000ff;\"><strong>Die mijn leven leidt op aarde \/ en mij wonderwel bewaarde \/<\/strong><\/span><\/h3>\n<h3 style=\"text-align: center;\"><span style=\"color: #0000ff;\"><strong>reikt al helpend mij zijn hand.<\/strong><\/span><\/h3>\n","protected":false},"excerpt":{"rendered":"<p>Die ons voedt bij duizendtallen, \/ ons geluk ten deel doet vallen, \/ stelt zich ook voor mij garant. &nbsp; Een vorige keer dat we een stukje van Abram\u2019s leven onder de loep namen (zie preek zondag 19 februari 2017) ging het over de ruzie die uitbrak tussen de herders van Lot en van Abram. &hellip; <\/p>\n<p class=\"link-more\"><a href=\"https:\/\/www.vergaderingalkmaar.nl\/?page_id=1228\" class=\"more-link\"><span class=\"screen-reader-text\">&#8220;Preek zondag 23 april 2017&#8221;<\/span> verder lezen<\/a><\/p>\n","protected":false},"author":3,"featured_media":0,"parent":588,"menu_order":0,"comment_status":"closed","ping_status":"closed","template":"","meta":[],"_links":{"self":[{"href":"https:\/\/www.vergaderingalkmaar.nl\/index.php?rest_route=\/wp\/v2\/pages\/1228"}],"collection":[{"href":"https:\/\/www.vergaderingalkmaar.nl\/index.php?rest_route=\/wp\/v2\/pages"}],"about":[{"href":"https:\/\/www.vergaderingalkmaar.nl\/index.php?rest_route=\/wp\/v2\/types\/page"}],"author":[{"embeddable":true,"href":"https:\/\/www.vergaderingalkmaar.nl\/index.php?rest_route=\/wp\/v2\/users\/3"}],"replies":[{"embeddable":true,"href":"https:\/\/www.vergaderingalkmaar.nl\/index.php?rest_route=%2Fwp%2Fv2%2Fcomments&post=1228"}],"version-history":[{"count":1,"href":"https:\/\/www.vergaderingalkmaar.nl\/index.php?rest_route=\/wp\/v2\/pages\/1228\/revisions"}],"predecessor-version":[{"id":1229,"href":"https:\/\/www.vergaderingalkmaar.nl\/index.php?rest_route=\/wp\/v2\/pages\/1228\/revisions\/1229"}],"up":[{"embeddable":true,"href":"https:\/\/www.vergaderingalkmaar.nl\/index.php?rest_route=\/wp\/v2\/pages\/588"}],"wp:attachment":[{"href":"https:\/\/www.vergaderingalkmaar.nl\/index.php?rest_route=%2Fwp%2Fv2%2Fmedia&parent=1228"}],"curies":[{"name":"wp","href":"https:\/\/api.w.org\/{rel}","templated":true}]}}