{"id":1225,"date":"2017-04-16T19:25:48","date_gmt":"2017-04-16T18:25:48","guid":{"rendered":"http:\/\/www.vergaderingalkmaar.nl\/?page_id=1225"},"modified":"2017-04-16T19:26:31","modified_gmt":"2017-04-16T18:26:31","slug":"preek-zondag-16-april-2016","status":"publish","type":"page","link":"https:\/\/www.vergaderingalkmaar.nl\/?page_id=1225","title":{"rendered":"Preek zondag 16 april 2016"},"content":{"rendered":"<h3 style=\"text-align: center;\"><span style=\"color: #0000ff;\"><strong>Want sinds hij gestorven is, <\/strong><\/span><\/h3>\n<h3 style=\"text-align: center;\"><strong><span style=\"color: #0000ff;\">is hij gestorven voor de zonde, &#8211;\u00a0eens-en-voor-al;<\/span> <\/strong><\/h3>\n<p>&nbsp;<\/p>\n<p>Het lijden van de Heer Jezus wordt in de Bijbel meerdere malen voorzegd. Een van de meest bekende en ook meest indringende passages is wel het drie\u00ebnvijftigste hoofdstuk van de profeet Jesaja. We lezen de verzen acht en negen:<\/p>\n<p>&nbsp;<\/p>\n<p><span style=\"color: #ff0000;\"><sup>8<\/sup>Na opsluiting en berechting is hij meegenomen, en zijn generatie, wie bekreunt zich daarover? Nee, hij is afgesneden van het land der levenden, vanwege de overtredingen van zijn gemeente trof hem een plaag, <sup>9<\/sup>gaf men bij boosdoeners hem een graf, bij een rijke, in zijn dood,- hoewel hij geen geweld heeft gepleegd en er geen bedrog was in zijn mond.<\/span><\/p>\n<p>&nbsp;<\/p>\n<p>De voorzegging (9a) dat het voornemen was om de Dienstknecht bij de boosdoeners te begraven terwijl hij een graf bij een rijke zou hebben is als we het in Jesaja lezen wat paradoxaal. Maar in het licht van het Nieuwe Testament begrijpen we het toch wel. Gekruisigde misdadigers kregen geen fatsoenlijke begrafenis. Hun lijken werden naamloos in een massagraf gedumpt. Maar (Matth. 27: 57 \u2013 60): <span style=\"color: #ff0000;\">Als het schemerig wordt komt een rijk mens uit Arimatea aan, wiens naam Jozef is, die ook zelf\u00a0<\/span><span style=\"color: #ff0000;\">leerling van Jezus is geworden; h\u00edj komt bij Pilatus en vraagt om het lichaam van Jezus. D\u00e1n\u00a0<\/span><span style=\"color: #ff0000;\">beveelt Pilatus dat het zal worden afgegeven. Jozef neemt het lichaam af, wikkelt het in zuiver linnen\u00a0<\/span><span style=\"color: #ff0000;\">en legt het in zijn nieuwe gedenkplaats die hij heeft uitgehakt in de rots. Hij wentelt een grote steen\u00a0<\/span><span style=\"color: #ff0000;\">voor de poort van het graf en gaat weg.<\/span><\/p>\n<p>&nbsp;<\/p>\n<p><em><span style=\"color: #0000ff;\">Kruisiging was een zeldzaam pijnlijke foltering. Indien een slachtoffer niet met touw aan het kruis gebonden werd, werd deze met spijkers of nagels aan het kruis vastgeslagen. Deze nagels konden wel 13 tot 18 centimeter lang zijn en een vierkante centimeter breed. In tegenstelling tot wat vaak gedacht wordt (en ook op veel schilderijen en crucifixen is afgebeeld), werden deze nagels niet door de handpalm heen geslagen, maar door de pols. De spijkers werden als ze door de pols gingen langs de zenuwen geslagen, waardoor het optrekken of opduwen zeer pijnlijk was doordat de spijkers direct langs de zenuwen schuurden. In de voeten werden werd de spijker door de hiel van beide over elkaar heengelegde voeten geslagen.<\/span> <\/em><\/p>\n<p>&nbsp;<\/p>\n<p>De voorzegging van die foltering lezen we in Genesis 3: 11 \u2013 15:<\/p>\n<p>&nbsp;<\/p>\n<p><span style=\"color: #ff0000;\"><sup>14<\/sup>Dan zegt de Ene, God, tot de slang: omdat je dat gedaan hebt, vervloekt jij, anders dan alle gedierte\u00a0<\/span><span style=\"color: #ff0000;\">en alle wildleven van het veld zul je op je buik voortgaan en stof zul je eten, al de dagen van je leven!-\u00a0<\/span><span style=\"color: #ff0000;\"><sup>15<\/sup>en vijandschap zal ik zetten tussen jou en de vrouw, tussen jouw zaad en haar nazaat; hij zal jou voor het hoofd stoten, j\u00edj zult hem bijten in de hiel.<\/span><\/p>\n<p>&nbsp;<\/p>\n<p>Nog een treffend detail uit de heilsgeschiedenis. Als Maria in Johannes 20 het graf van haar Zoon bezoekt wordt dat als volgt gedocumenteerd: <span style=\"color: #ff0000;\"><sup>11<\/sup>Maar Maria is blijven staan bij de gedenkplaats\u00a0<\/span><span style=\"color: #ff0000;\">erbuiten,- weeklagend na haar weeklacht dan bukt zij naar de gedenkplaats <sup>12<\/sup>en aanschouwt\u00a0<\/span><span style=\"color: #ff0000;\">hoe daar twee engelen zitten in witte (gewaden), \u00e9\u00e9n bij het hoofdeind en \u00e9\u00e9n bij de voeten, daar waar het lichaam van Jezus heeft gelegen.<\/span><\/p>\n<p>&nbsp;<\/p>\n<p>Die beide engelen bij het graf nemen de positie is van de twee engelen die in de ark met het massief gouden verzoendeksel uit een stuk goud gedreven waren. De Heer Jezus zelf is dat verzoendeksel. Daarop druppelde het bloed van het offerlam door de hogepriester, eens per jaar. Opdat God bij Zijn volk zou kunnen (blijven) wonen. De diepe inhoud van het evangelie weerspiegelt zich hier in het Oude Testament.<\/p>\n<p>&nbsp;<\/p>\n<p>En in vers zes van Johannes 20 luidt het: <span style=\"color: #ff0000;\">en ook de zweetdoek die op zijn hoofd geweest is,- dat die niet bij de lijkwindsels ligt nee, apart, opgerold op \u00e9\u00e9n plek.<\/span><\/p>\n<p>&nbsp;<\/p>\n<p>Toen Johannes het graf inkeek zag hij een lijkwade die leeg was! Wel windsels, geen lichaam! Met een aparte plek voor de zweetdoek. Waarom? Als je slecht eet in een Joods restaurant maak je dat kenbaar door je servet opgerold boven je bord te leggen. \u201c<em>Hier kom ik nooit weer<\/em>\u201d is de boodschap. En Jezus\u2019 opstanding is eenmalig en voor eeuwig!<\/p>\n<p>&nbsp;<\/p>\n<h3 style=\"text-align: center;\"><span style=\"color: #0000ff;\"><strong>sinds hij leeft,\u00a0leeft hij voor God.<\/strong><\/span><\/h3>\n<h6 style=\"text-align: right;\">Rom. 6, 10<\/h6>\n","protected":false},"excerpt":{"rendered":"<p>Want sinds hij gestorven is, is hij gestorven voor de zonde, &#8211;\u00a0eens-en-voor-al; &nbsp; Het lijden van de Heer Jezus wordt in de Bijbel meerdere malen voorzegd. Een van de meest bekende en ook meest indringende passages is wel het drie\u00ebnvijftigste hoofdstuk van de profeet Jesaja. We lezen de verzen acht en negen: &nbsp; 8Na opsluiting &hellip; <\/p>\n<p class=\"link-more\"><a href=\"https:\/\/www.vergaderingalkmaar.nl\/?page_id=1225\" class=\"more-link\"><span class=\"screen-reader-text\">&#8220;Preek zondag 16 april 2016&#8221;<\/span> verder lezen<\/a><\/p>\n","protected":false},"author":3,"featured_media":0,"parent":588,"menu_order":0,"comment_status":"closed","ping_status":"closed","template":"","meta":[],"_links":{"self":[{"href":"https:\/\/www.vergaderingalkmaar.nl\/index.php?rest_route=\/wp\/v2\/pages\/1225"}],"collection":[{"href":"https:\/\/www.vergaderingalkmaar.nl\/index.php?rest_route=\/wp\/v2\/pages"}],"about":[{"href":"https:\/\/www.vergaderingalkmaar.nl\/index.php?rest_route=\/wp\/v2\/types\/page"}],"author":[{"embeddable":true,"href":"https:\/\/www.vergaderingalkmaar.nl\/index.php?rest_route=\/wp\/v2\/users\/3"}],"replies":[{"embeddable":true,"href":"https:\/\/www.vergaderingalkmaar.nl\/index.php?rest_route=%2Fwp%2Fv2%2Fcomments&post=1225"}],"version-history":[{"count":1,"href":"https:\/\/www.vergaderingalkmaar.nl\/index.php?rest_route=\/wp\/v2\/pages\/1225\/revisions"}],"predecessor-version":[{"id":1226,"href":"https:\/\/www.vergaderingalkmaar.nl\/index.php?rest_route=\/wp\/v2\/pages\/1225\/revisions\/1226"}],"up":[{"embeddable":true,"href":"https:\/\/www.vergaderingalkmaar.nl\/index.php?rest_route=\/wp\/v2\/pages\/588"}],"wp:attachment":[{"href":"https:\/\/www.vergaderingalkmaar.nl\/index.php?rest_route=%2Fwp%2Fv2%2Fmedia&parent=1225"}],"curies":[{"name":"wp","href":"https:\/\/api.w.org\/{rel}","templated":true}]}}