{"id":120,"date":"2010-11-11T21:48:47","date_gmt":"2010-11-11T20:48:47","guid":{"rendered":"http:\/\/www.vergaderingalkmaar.nl\/?page_id=120"},"modified":"2019-11-13T01:37:06","modified_gmt":"2019-11-13T00:37:06","slug":"preek-zondag-7-11-2010","status":"publish","type":"page","link":"https:\/\/www.vergaderingalkmaar.nl\/?page_id=120","title":{"rendered":"Preek zondag 7 november 2010"},"content":{"rendered":"<p>\u00a0<\/p>\n<div style=\"mso-element: para-border-div; border: solid windowtext 1.0pt; mso-border-alt: solid windowtext .5pt; padding: 1.0pt 4.0pt 1.0pt 4.0pt;\">\n<p class=\"MsoNormal\" style=\"text-align: center; border: none; mso-border-alt: solid windowtext .5pt; padding: 0cm; mso-padding-alt: 1.0pt 4.0pt 1.0pt 4.0pt;\" align=\"center\"><span style=\"font-size: 14.0pt; mso-bidi-font-size: 12.0pt; color: #3366ff; mso-ansi-language: FR;\" lang=\"FR\">Christ avant tout<\/span><span style=\"font-size: 14.0pt; mso-bidi-font-size: 12.0pt; color: #3366ff;\"> (Christus boven alles)<\/span><\/p>\n<p class=\"MsoNormal\" style=\"text-align: right; border: none; mso-border-alt: solid windowtext .5pt; padding: 0cm; mso-padding-alt: 1.0pt 4.0pt 1.0pt 4.0pt;\" align=\"right\">(Lijfspreuk van koningin Wilhelmina)<\/p>\n<\/p><\/div>\n<p class=\"MsoNormal\">\u00a0<\/p>\n<p class=\"MsoNormal\">We zingen nogal eens grote woorden in onze liederen. Woorden die gaan over een heel hoogstaand christelijk leven.<span style=\"mso-spacerun: yes;\"> <\/span>Over \u201c zich voegen naar Gods wil.\u201d<span style=\"mso-spacerun: yes;\"> <\/span>Of over \u201c volle onderwerping\u2026\u201d. In feite zeggen we het dan de dichter na: Christus gaat mij v\u00f3\u00f3r alles. Maar we weten dat in de praktijk van alle dag dat wel zo zou mogen zijn. Dat we aan dat volmaakte christelijke leven nogal tekort komen. Dat woorden en daden nogal eens ver uit elkaar liggen.<\/p>\n<p class=\"MsoNormal\">Onderwerping betekent dat je je eigen wil opzij zet. Dat je God de absolute leiding geeft in je bestaan.<\/p>\n<p class=\"MsoNormal\">\u00a0<\/p>\n<p class=\"MsoNormal\">Paulus voerde dat ver door. We lezen dat heel mooi in de brief aan de Filippenzen. Hij schrijft die brief vanuit de gevangenis. En hij kwam daar terecht omdat hij God volgde. Dat lijkt niet zo\u2019n geweldige beloning voor zijn inzet, zo op het eerste gezicht. Maar Paulus ziet dat toch anders (1: 12, 13):<\/p>\n<p class=\"MsoNormal\">\u00a0<\/p>\n<p class=\"MsoNormal\" style=\"line-height: 13.0pt; mso-pagination: none; mso-layout-grid-align: none; text-autospace: none;\"><span style=\"mso-bidi-font-size: 11.0pt; mso-bidi-font-family: Tahoma; color: red;\">Ik wil dat ge er kennis van hebt, broeders-en-zusters, dat mijn wederwaardigheden eerder zijn uitgelopen op bevordering van de evangelieverkondiging, zodat van mijn boeien duidelijk is geworden dat ze om de eenheid met Christus zijn,- in heel het rechthuis en bij alle overigen,<\/span><\/p>\n<p class=\"MsoNormal\" style=\"line-height: 13.0pt; mso-pagination: none; mso-layout-grid-align: none; text-autospace: none;\"><span style=\"mso-bidi-font-size: 11.0pt; mso-bidi-font-family: Tahoma; color: red;\"> <\/span><\/p>\n<p class=\"MsoNormal\" style=\"line-height: 13.0pt; mso-pagination: none; mso-layout-grid-align: none; text-autospace: none;\"><span style=\"mso-bidi-font-size: 11.0pt; mso-bidi-font-family: Tahoma;\">Uit de volgende verzen blijkt dat er mensen zijn \u2013 christenen! \u2013 die van Paulus\u2019 afwezigheid misbruik maken door uit partijzucht te evangeliseren om zo zijn verblijf in de gevangenis nog zwaarder te maken. Maar Paulus leest ze niet de les. Hij houdt hen niet voor dat ze onchristelijke motieven hebben. Paulus haalt niet zijn gram.<\/span><\/p>\n<p class=\"MsoNormal\" style=\"line-height: 13.0pt; mso-pagination: none; mso-layout-grid-align: none; text-autospace: none;\"><span style=\"mso-bidi-font-size: 11.0pt; mso-bidi-font-family: Tahoma;\">Maar hij is blij. Blij dat het evangelie wordt verkondigd. Blij dat (1: 20) <span style=\"color: red;\">in<\/span><\/span><span style=\"font-size: 11.0pt; font-family: Tahoma; mso-bidi-font-family: Tahoma;\"> <\/span><span style=\"mso-bidi-font-size: 11.0pt; mso-bidi-font-family: Tahoma; color: red;\">alle vrijmoedigheid, zoals altijd zo ook nu, Christus grootgemaakt zal worden in mijn lichaam, hetzij door leven hetzij door dood.<\/span><\/p>\n<p class=\"MsoNormal\" style=\"line-height: 13.0pt; mso-pagination: none; mso-layout-grid-align: none; text-autospace: none;\">Paulus is blij omdat God groter wordt door zijn gevangenschap. Paulus heeft werkelijk maar \u00e9\u00e9n doel voor ogen. Hij is altijd blij als Christus alle eer ontvangt.<\/p>\n<p class=\"MsoNormal\" style=\"line-height: 13.0pt; mso-pagination: none; mso-layout-grid-align: none; text-autospace: none;\">En dan komt hij tot die beroemde uitroep (1: 21) <span style=\"mso-bidi-font-size: 11.0pt; mso-bidi-font-family: Tahoma; color: red;\">Want te l\u00e9ven is mij Christus \u00e9n te st\u00e9rven is gewin!<\/span><\/p>\n<p class=\"MsoNormal\" style=\"line-height: 13.0pt; mso-pagination: none; mso-layout-grid-align: none; text-autospace: none;\"><span style=\"mso-bidi-font-size: 11.0pt; mso-bidi-font-family: Tahoma;\">Voor Paulus is dat niet een wat wij vandaag een <em style=\"mso-bidi-font-style: normal;\">politiek correcte uitspraak<\/em> noemen. Geen fraai theoretisch theologisch hoogstandje. In en door zijn concrete situatie is er geen twijfel mogelijk: Paulus maakt waar wat hij schrijft. <\/span><\/p>\n<p class=\"MsoNormal\" style=\"line-height: 13.0pt; mso-pagination: none; mso-layout-grid-align: none; text-autospace: none;\"><span style=\"mso-bidi-font-size: 11.0pt; mso-bidi-font-family: Tahoma;\"> <\/span><\/p>\n<p class=\"MsoNormal\" style=\"line-height: 13.0pt; mso-pagination: none; mso-layout-grid-align: none; text-autospace: none;\"><span style=\"mso-bidi-font-size: 11.0pt; mso-bidi-font-family: Tahoma;\">In hoofdstuk 3 zet hij dat nog eens uiteen. \u201c Ik heb heel wat waarop ik me zou kunnen laten voorstaan\u201d zegt hij daar zo ongeveer. Maar het gaat hen om Christus. En dus roept hij uit: <span style=\"color: red;\">Maar de dingen die voor mij winst waren acht ik schade, door de Christus. Sterker nog, ik acht alles schade doordat de kennis van Christus Jezus, mijn Heer, alles te boven gaat; door hem ben ik alles als schade gaan zien en acht ik het vuilnis als het erom gaat Christus te winnen.<\/span><\/span><\/p>\n<p class=\"MsoNormal\" style=\"line-height: 13.0pt; mso-pagination: none; mso-layout-grid-align: none; text-autospace: none;\"><span style=\"mso-bidi-font-size: 11.0pt; mso-bidi-font-family: Tahoma;\">Paulus is een groot voorbeeld voor ons. Hij gaf zich helemaal en zonder reserves voor Christus. Willen wij dat ook? En als we daar al ja op zeggen, doen we dat dan ook? Geldt voor ons dat ons burgerschap in de hemel is?<\/span><\/p>\n<p class=\"MsoNormal\" style=\"line-height: 13.0pt; mso-pagination: none; mso-layout-grid-align: none; text-autospace: none;\"><span style=\"mso-bidi-font-size: 11.0pt; mso-bidi-font-family: Tahoma;\">De brief aan de Fillipenzen wordt wel de brief van de blijdschap genoemd. Hoofdstuk 4 zingt daarvan. <span style=\"color: red;\">Verheugt u in de Heer, altijd; nog eens zal ik zeggen: verheugt u! Laat uw vriendelijkheid bekend worden aan alle mensen. De Heer is nabij. Weest over niets bezorgd,- nee, laten in alles, in aanbidding en smeking met dankzegging, uw vragen bekend worden bij God.<\/span><\/span><\/p>\n<p class=\"MsoNormal\" style=\"line-height: 13.0pt; mso-pagination: none; mso-layout-grid-align: none; text-autospace: none;\"><span style=\"mso-bidi-font-size: 11.0pt; mso-bidi-font-family: Tahoma;\">En net als wij misschien zouden zeggen \u201c <em style=\"mso-bidi-font-style: normal;\">als de lat zo hoog ligt kan niemand er overheen springen, laat dan ook maar zitten,<\/em>\u201d komt Paulus met de troostrijke opmerking <span style=\"color: red;\">laten in alles, \u2026\u2026\u2026, uw vragen bekend worden bij God. <\/span>Bespreek met God je eigen gevoelens en verlangens. Hij raakt niet in je teleurgesteld daardoor. Of ge\u00efrriteerd. Als je de directe en diepe relatie met God zoekt, zal hij je zijn alles overtreffende vrede geven. <span style=\"color: red;\">En de vrede van God, die alle denken te boven gaat, zal uw harten en uw gedachten bewaren in Christus Jezus.<\/span><\/span><\/p>\n<p class=\"MsoNormal\" style=\"line-height: 13.0pt; mso-pagination: none; mso-layout-grid-align: none; text-autospace: none;\"><span style=\"mso-bidi-font-size: 11.0pt; mso-bidi-font-family: Tahoma; color: red;\"> <\/span><\/p>\n<p class=\"MsoNormal\" style=\"line-height: 13.0pt; mso-pagination: none; mso-layout-grid-align: none; text-autospace: none;\"><span style=\"mso-bidi-font-size: 11.0pt; mso-bidi-font-family: Tahoma;\">Paulus bracht in praktijk wat wij nogal eens uit volle borst zingen, zonder er echt over na te denken. Laten we zijn navolgers worden. <\/span><\/p>\n<p class=\"MsoNormal\" style=\"line-height: 13.0pt; mso-pagination: none; mso-layout-grid-align: none; text-autospace: none;\"><span style=\"mso-bidi-font-size: 11.0pt; mso-bidi-font-family: Tahoma;\"> <\/span><\/p>\n<div style=\"mso-element: para-border-div; border: solid windowtext 1.0pt; mso-border-alt: solid windowtext .5pt; padding: 1.0pt 4.0pt 1.0pt 4.0pt;\">\n<p class=\"MsoNormal\" style=\"text-align: center; mso-line-height-alt: 13.0pt; mso-pagination: none; mso-layout-grid-align: none; text-autospace: none; border: none; mso-border-alt: solid windowtext .5pt; padding: 0cm; mso-padding-alt: 1.0pt 4.0pt 1.0pt 4.0pt;\" align=\"center\"><span style=\"font-size: 14.0pt; mso-bidi-font-size: 11.0pt; mso-bidi-font-family: Tahoma; color: #3366ff; mso-ansi-language: EN-US;\" lang=\"EN-US\">Tot alles ben ik in staat in eenheid met hem die mij kracht geeft.<\/span><\/p>\n<\/p><\/div>\n<p>\u00a0<\/p>\n","protected":false},"excerpt":{"rendered":"<p>\u00a0 Christ avant tout (Christus boven alles) (Lijfspreuk van koningin Wilhelmina) \u00a0 We zingen nogal eens grote woorden in onze liederen. Woorden die gaan over een heel hoogstaand christelijk leven. Over \u201c zich voegen naar Gods wil.\u201d Of over \u201c volle onderwerping\u2026\u201d. In feite zeggen we het dan de dichter na: Christus gaat mij v\u00f3\u00f3r &hellip; <\/p>\n<p class=\"link-more\"><a href=\"https:\/\/www.vergaderingalkmaar.nl\/?page_id=120\" class=\"more-link\"><span class=\"screen-reader-text\">&#8220;Preek zondag 7 november 2010&#8221;<\/span> verder lezen<\/a><\/p>\n","protected":false},"author":1,"featured_media":0,"parent":588,"menu_order":100,"comment_status":"closed","ping_status":"open","template":"","meta":[],"_links":{"self":[{"href":"https:\/\/www.vergaderingalkmaar.nl\/index.php?rest_route=\/wp\/v2\/pages\/120"}],"collection":[{"href":"https:\/\/www.vergaderingalkmaar.nl\/index.php?rest_route=\/wp\/v2\/pages"}],"about":[{"href":"https:\/\/www.vergaderingalkmaar.nl\/index.php?rest_route=\/wp\/v2\/types\/page"}],"author":[{"embeddable":true,"href":"https:\/\/www.vergaderingalkmaar.nl\/index.php?rest_route=\/wp\/v2\/users\/1"}],"replies":[{"embeddable":true,"href":"https:\/\/www.vergaderingalkmaar.nl\/index.php?rest_route=%2Fwp%2Fv2%2Fcomments&post=120"}],"version-history":[{"count":1,"href":"https:\/\/www.vergaderingalkmaar.nl\/index.php?rest_route=\/wp\/v2\/pages\/120\/revisions"}],"predecessor-version":[{"id":1651,"href":"https:\/\/www.vergaderingalkmaar.nl\/index.php?rest_route=\/wp\/v2\/pages\/120\/revisions\/1651"}],"up":[{"embeddable":true,"href":"https:\/\/www.vergaderingalkmaar.nl\/index.php?rest_route=\/wp\/v2\/pages\/588"}],"wp:attachment":[{"href":"https:\/\/www.vergaderingalkmaar.nl\/index.php?rest_route=%2Fwp%2Fv2%2Fmedia&parent=120"}],"curies":[{"name":"wp","href":"https:\/\/api.w.org\/{rel}","templated":true}]}}