{"id":117,"date":"2010-10-31T21:15:07","date_gmt":"2010-10-31T20:15:07","guid":{"rendered":"http:\/\/www.vergaderingalkmaar.nl\/?page_id=117"},"modified":"2019-11-13T01:37:06","modified_gmt":"2019-11-13T00:37:06","slug":"preek-zondag-31-oktober-2010","status":"publish","type":"page","link":"https:\/\/www.vergaderingalkmaar.nl\/?page_id=117","title":{"rendered":"Preek zondag 31 oktober 2010"},"content":{"rendered":"<p>\u00a0<\/p>\n<div style=\"mso-element: para-border-div; border: solid windowtext 1.0pt; mso-border-alt: solid windowtext .5pt; padding: 1.0pt 4.0pt 1.0pt 4.0pt;\">\n<p class=\"MsoNormal\" style=\"text-align: center; mso-line-height-alt: 13.0pt; mso-pagination: none; mso-layout-grid-align: none; text-autospace: none; border: none; mso-border-alt: solid windowtext .5pt; padding: 0cm; mso-padding-alt: 1.0pt 4.0pt 1.0pt 4.0pt;\" align=\"center\"><span style=\"font-size: 14.0pt; mso-bidi-font-size: 11.0pt; mso-bidi-font-family: Tahoma; color: blue;\">Geloof viert de werkelijkheid van wat wordt gehoopt,<\/span><\/p>\n<\/p><\/div>\n<p class=\"MsoNormal\" style=\"line-height: 13.0pt; mso-pagination: none; mso-layout-grid-align: none; text-autospace: none;\"><span style=\"mso-bidi-font-size: 11.0pt; mso-bidi-font-family: Tahoma; color: blue;\"> <\/span><\/p>\n<p class=\"MsoNormal\" style=\"line-height: 13.0pt; mso-pagination: none; mso-layout-grid-align: none; text-autospace: none;\"><span style=\"mso-bidi-font-size: 11.0pt; mso-bidi-font-family: Tahoma;\">Van oude tijden hebben de rabbijnen aantekeningen gehouden van zo ongeveer alles wat met hun joods geloof te maken had. En opmerkelijk is nu dat van al die notities, visies en verklaringen er vele zijn die de nieuwtestamentische geopenbaarde tekst ondersteunen en bevestigen. Een aantal daarvan worden hierna ten tonele gevoerd. Opdat ons geloof geworteld en gefundeerd wordt. <\/span><\/p>\n<p class=\"MsoNormal\" style=\"line-height: 13.0pt; mso-pagination: none; mso-layout-grid-align: none; text-autospace: none;\"><span style=\"mso-bidi-font-size: 11.0pt; mso-bidi-font-family: Tahoma;\"> <\/span><\/p>\n<p>\u00a0<\/p>\n<table class=\"MsoTableGrid\" style=\"border-collapse: collapse; border: none; mso-border-alt: .5pt; mso-border-themecolor: text1; mso-yfti-tbllook: 191; mso-padding-alt: 0cm 5.4pt 0cm 5.4pt; mso-border-insideh: .5pt solid black; mso-border-insideh-themecolor: text1; mso-border-insidev: .5pt solid black; mso-border-insidev-themecolor: text1;\" border=\"1\" cellspacing=\"0\" cellpadding=\"0\">\n<tbody>\n<tr style=\"mso-yfti-irow: 0; mso-yfti-firstrow: yes;\">\n<td style=\"width: 133pt; border: 1pt none; padding: 0cm 5.4pt;\" width=\"133\" valign=\"top\">\n<p class=\"MsoNormal\" style=\"line-height: 13.0pt; mso-pagination: none; mso-layout-grid-align: none; text-autospace: none;\"><strong style=\"mso-bidi-font-weight: normal;\"><span style=\"mso-bidi-font-size: 11.0pt; mso-bidi-font-family: Tahoma;\">Bijbeltekst<\/span><\/strong><\/p>\n<\/td>\n<td style=\"width: 6cm; padding: 0cm 5.4pt; border: 1pt 1pt 1pt medium none -moz-use-text-color;\" width=\"170\" valign=\"top\">\n<p class=\"MsoNormal\" style=\"line-height: 13.0pt; mso-pagination: none; mso-layout-grid-align: none; text-autospace: none;\"><strong style=\"mso-bidi-font-weight: normal;\"><span style=\"mso-bidi-font-size: 11.0pt; mso-bidi-font-family: Tahoma;\">Opmerkingen<\/span><\/strong><\/p>\n<\/td>\n<td style=\"width: 157.2pt; padding: 0cm 5.4pt; border: 1pt 1pt 1pt medium none -moz-use-text-color;\" width=\"157\" valign=\"top\">\n<p class=\"MsoNormal\" style=\"line-height: 13.0pt; mso-pagination: none; mso-layout-grid-align: none; text-autospace: none;\"><strong style=\"mso-bidi-font-weight: normal;\"><span style=\"mso-bidi-font-size: 11.0pt; mso-bidi-font-family: Tahoma;\">Kanttekeningen<\/span><\/strong><\/p>\n<\/td>\n<\/tr>\n<tr style=\"mso-yfti-irow: 1;\">\n<td style=\"width: 133pt; border-right: 1pt none; padding: 0cm 5.4pt; border: medium 1pt 1pt none -moz-use-text-color;\" width=\"133\" valign=\"top\">\n<p class=\"MsoListParagraphCxSpFirst\" style=\"margin-left: 7.1pt; mso-add-space: auto; text-indent: -7.1pt; line-height: 13.0pt; mso-pagination: none; mso-list: l0 level1 lfo1; mso-layout-grid-align: none; text-autospace: none;\"><span style=\"mso-bidi-font-size: 11.0pt; font-family: Symbol; mso-fareast-font-family: Symbol; mso-bidi-font-family: Symbol;\"><span style=\"mso-list: Ignore;\">\u00b7<span style=\"font: 7.0pt \"> <\/span><\/span><\/span><span style=\"mso-bidi-font-size: 11.0pt; mso-bidi-font-family: Tahoma;\">Gen. 2: 8. Hof   van Eden<\/span><\/p>\n<p class=\"MsoListParagraphCxSpMiddle\" style=\"margin-left: 7.1pt; mso-add-space: auto; text-indent: -7.1pt; line-height: 13.0pt; mso-pagination: none; mso-list: l0 level1 lfo1; mso-layout-grid-align: none; text-autospace: none;\"><span style=\"mso-bidi-font-size: 11.0pt; font-family: Symbol; mso-fareast-font-family: Symbol; mso-bidi-font-family: Symbol;\"><span style=\"mso-list: Ignore;\">\u00b7<span style=\"font: 7.0pt \"> <\/span><\/span><\/span><span style=\"mso-bidi-font-size: 11.0pt; mso-bidi-font-family: Tahoma;\">Abraham offert   zijn zoon: Gen. 22.<\/span><\/p>\n<p class=\"MsoListParagraphCxSpLast\" style=\"margin-left: 7.1pt; mso-add-space: auto; text-indent: -7.1pt; line-height: 13.0pt; mso-pagination: none; mso-list: l0 level1 lfo1; mso-layout-grid-align: none; text-autospace: none;\"><span style=\"mso-bidi-font-size: 11.0pt; font-family: Symbol; mso-fareast-font-family: Symbol; mso-bidi-font-family: Symbol;\"><span style=\"mso-list: Ignore;\">\u00b7<span style=\"font: 7.0pt \"> <\/span><\/span><\/span><span style=\"mso-bidi-font-size: 11.0pt; mso-bidi-font-family: Tahoma;\">Tempelbouw 2   Kron 3 :1.<\/span><\/p>\n<\/td>\n<td style=\"width: 6cm; padding: 0cm 5.4pt; border: medium 1pt 1pt medium none -moz-use-text-color;\" width=\"170\" valign=\"top\">\n<p class=\"MsoNormal\" style=\"line-height: 13.0pt; mso-pagination: none; mso-layout-grid-align: none; text-autospace: none;\"><span style=\"mso-bidi-font-size: 11.0pt; mso-bidi-font-family: Tahoma;\">De rabbijnen houden de Hof van Eden voor het centrum van de oude   wereld. En het midden van Eden werd uitgemaakt door de berg Sion = Moria = de   tempelberg.<\/span><\/p>\n<\/td>\n<td style=\"width: 157.2pt; padding: 0cm 5.4pt; border: medium 1pt 1pt medium none -moz-use-text-color;\" width=\"157\" valign=\"top\">\n<p class=\"MsoNormal\" style=\"line-height: 13.0pt; mso-pagination: none; mso-layout-grid-align: none; text-autospace: none;\"><span style=\"mso-bidi-font-size: 11.0pt; mso-bidi-font-family: Tahoma;\">In Eden viel de mensheid in zonde; Daar ook offerde Abraham zijn zoon   op de Moria. En daar ook werd de tempel gebouwd.<\/span><\/p>\n<\/td>\n<\/tr>\n<tr style=\"mso-yfti-irow: 2;\">\n<td style=\"width: 133pt; border-right: 1pt none; padding: 0cm 5.4pt; border: medium 1pt 1pt none -moz-use-text-color;\" width=\"133\" valign=\"top\">\n<p class=\"MsoListParagraphCxSpFirst\" style=\"margin-left: 7.1pt; mso-add-space: auto; text-indent: -7.1pt; line-height: 13.0pt; mso-pagination: none; mso-list: l0 level1 lfo1; mso-layout-grid-align: none; text-autospace: none;\"><span style=\"mso-bidi-font-size: 11.0pt; font-family: Symbol; mso-fareast-font-family: Symbol; mso-bidi-font-family: Symbol;\"><span style=\"mso-list: Ignore;\">\u00b7<span style=\"font: 7.0pt \"> <\/span><\/span><\/span><span style=\"mso-bidi-font-size: 11.0pt; mso-bidi-font-family: Tahoma;\">Gen. 2: 10 \u2013   14. <\/span><\/p>\n<p class=\"MsoListParagraphCxSpMiddle\" style=\"margin-left: 7.1pt; mso-add-space: auto; text-indent: -7.1pt; line-height: 13.0pt; mso-pagination: none; mso-list: l0 level1 lfo1; mso-layout-grid-align: none; text-autospace: none;\"><span style=\"mso-bidi-font-size: 11.0pt; font-family: Symbol; mso-fareast-font-family: Symbol; mso-bidi-font-family: Symbol;\"><span style=\"mso-list: Ignore;\">\u00b7<span style=\"font: 7.0pt \"> <\/span><\/span><\/span><span style=\"mso-bidi-font-size: 11.0pt; mso-bidi-font-family: Tahoma;\">Grondgebied   Abraham: Gen. 15:18.<\/span><\/p>\n<p class=\"MsoListParagraphCxSpLast\" style=\"margin-left: 7.1pt; mso-add-space: auto; text-indent: -7.1pt; line-height: 13.0pt; mso-pagination: none; mso-list: l0 level1 lfo1; mso-layout-grid-align: none; text-autospace: none;\"><span style=\"mso-bidi-font-size: 11.0pt; font-family: Symbol; mso-fareast-font-family: Symbol; mso-bidi-font-family: Symbol;\"><span style=\"mso-list: Ignore;\">\u00b7<span style=\"font: 7.0pt \"> <\/span><\/span><\/span><span style=\"mso-bidi-font-size: 11.0pt; mso-bidi-font-family: Tahoma;\">Het nieuwe   Jeruzalem: Op. 21:16<\/span><\/p>\n<p class=\"MsoNormal\" style=\"margin-left: 7.1pt; text-indent: -7.1pt; line-height: 13.0pt; mso-pagination: none; mso-layout-grid-align: none; text-autospace: none;\"><span style=\"mso-bidi-font-size: 11.0pt; mso-bidi-font-family: Tahoma;\"> <\/span><\/p>\n<\/td>\n<td style=\"width: 6cm; padding: 0cm 5.4pt; border: medium 1pt 1pt medium none -moz-use-text-color;\" width=\"170\" valign=\"top\">\n<p class=\"MsoNormal\" style=\"line-height: 13.0pt; mso-pagination: none; mso-layout-grid-align: none; text-autospace: none;\"><span style=\"mso-bidi-font-size: 11.0pt; mso-bidi-font-family: Tahoma;\">Eden betekent \u201c plezier.\u201d <\/span><\/p>\n<\/td>\n<td style=\"width: 157.2pt; padding: 0cm 5.4pt; border: medium 1pt 1pt medium none -moz-use-text-color;\" width=\"157\" valign=\"top\">\n<p class=\"MsoNormal\" style=\"line-height: 13.0pt; mso-pagination: none; mso-layout-grid-align: none; text-autospace: none;\"><span style=\"mso-bidi-font-size: 11.0pt; mso-bidi-font-family: Tahoma;\">Deze omvang komt verbazend goed overeen met het grondgebied dat God   aan Abraham toezegde. En met de oppervlakte van 12.000 stadi\u00ebn ( = 185 meter)   uit Openbaring 12.<\/span><\/p>\n<\/td>\n<\/tr>\n<tr style=\"mso-yfti-irow: 3;\">\n<td style=\"width: 133pt; border-right: 1pt none; padding: 0cm 5.4pt; border: medium 1pt 1pt none -moz-use-text-color;\" width=\"133\" valign=\"top\">\n<p class=\"MsoNormal\" style=\"line-height: 13.0pt; mso-pagination: none; mso-layout-grid-align: none; text-autospace: none;\"><span style=\"mso-bidi-font-size: 11.0pt; mso-bidi-font-family: Tahoma;\">Gen. 3: 8, 9.<\/span><\/p>\n<\/td>\n<td style=\"width: 6cm; padding: 0cm 5.4pt; border: medium 1pt 1pt medium none -moz-use-text-color;\" width=\"170\" valign=\"top\">\n<p class=\"MsoNormal\" style=\"line-height: 13.0pt; mso-pagination: none; mso-layout-grid-align: none; text-autospace: none;\"><span style=\"mso-bidi-font-size: 11.0pt; mso-bidi-font-family: Tahoma;\">Zondeval van de eerste Adam speelde zich af \u201cin de koelte van de   dag.\u201d Opsteken van een verkoelende wind na het middaguur.<\/span><\/p>\n<\/td>\n<td style=\"width: 157.2pt; padding: 0cm 5.4pt; border: medium 1pt 1pt medium none -moz-use-text-color;\" width=\"157\" valign=\"top\">\n<p class=\"MsoNormal\" style=\"line-height: 13.0pt; mso-pagination: none; mso-layout-grid-align: none; text-autospace: none;\"><span style=\"mso-bidi-font-size: 11.0pt; mso-bidi-font-family: Tahoma;\">De tweede Adam &#8211; onze Heer stierf aan het begin van de middag,   tijdens dr drie donkere uren, om het probleem van de zonde op te lossen.<\/span><\/p>\n<\/td>\n<\/tr>\n<tr style=\"mso-yfti-irow: 4;\">\n<td style=\"width: 133pt; border-right: 1pt none; padding: 0cm 5.4pt; border: medium 1pt 1pt none -moz-use-text-color;\" width=\"133\" valign=\"top\">\n<p class=\"MsoNormal\" style=\"line-height: 13.0pt; mso-pagination: none; mso-layout-grid-align: none; text-autospace: none;\"><span style=\"mso-bidi-font-size: 11.0pt; mso-bidi-font-family: Tahoma;\">Jakob vlucht naar Mesopotami\u00eb. En droomt te Betel: Gen 28: 17.<\/span><\/p>\n<\/td>\n<td style=\"width: 6cm; padding: 0cm 5.4pt; border: medium 1pt 1pt medium none -moz-use-text-color;\" width=\"170\" valign=\"top\">\n<p class=\"MsoNormal\" style=\"line-height: 13.0pt; mso-pagination: none; mso-layout-grid-align: none; text-autospace: none;\"><span style=\"mso-bidi-font-size: 11.0pt; mso-bidi-font-family: Tahoma;\">Wie via deze route reist, doet dat het best via de waterscheiding. En   dan kom je via Moria. Waar Abraham een ram slachtte dat hij aantrof met zijn   kop verward in de doornen.<\/span><\/p>\n<\/td>\n<td style=\"width: 157.2pt; padding: 0cm 5.4pt; border: medium 1pt 1pt medium none -moz-use-text-color;\" width=\"157\" valign=\"top\">\n<p class=\"MsoNormal\" style=\"line-height: 13.0pt; mso-pagination: none; mso-layout-grid-align: none; text-autospace: none;\"><span style=\"mso-bidi-font-size: 11.0pt; mso-bidi-font-family: Tahoma;\">Op diezelfde plaats werd onze Heer gekruisigd. Met op zijn hoofd een   kroon van doornen. Daarom ook Jakob\u2019s profetische opmerking: hoe   ontzagwekkend is deze berg!<\/span><\/p>\n<\/td>\n<\/tr>\n<tr style=\"mso-yfti-irow: 5;\">\n<td style=\"width: 133pt; border-right: 1pt none; padding: 0cm 5.4pt; border: medium 1pt 1pt none -moz-use-text-color;\" width=\"133\" valign=\"top\">\n<p class=\"MsoNormal\" style=\"line-height: 13.0pt; mso-pagination: none; mso-layout-grid-align: none; text-autospace: none;\"><span style=\"mso-bidi-font-size: 11.0pt; mso-bidi-font-family: Tahoma;\">In de tempel werden heel wat schapen en runderen geslacht. 1 Kon. 8:   62. <\/span><\/p>\n<\/td>\n<td style=\"width: 6cm; padding: 0cm 5.4pt; border: medium 1pt 1pt medium none -moz-use-text-color;\" width=\"170\" valign=\"top\">\n<p class=\"MsoNormal\" style=\"line-height: 13.0pt; mso-pagination: none; mso-layout-grid-align: none; text-autospace: none;\"><span style=\"mso-bidi-font-size: 11.0pt; mso-bidi-font-family: Tahoma;\">Deze schapen kwamen uit de velden van Efratha. Ze moesten door een   bad lopen om gereinigd te worden.<\/span><\/p>\n<\/td>\n<td style=\"width: 157.2pt; padding: 0cm 5.4pt; border: medium 1pt 1pt medium none -moz-use-text-color;\" width=\"157\" valign=\"top\">\n<p class=\"MsoNormal\" style=\"line-height: 13.0pt; mso-pagination: none; mso-layout-grid-align: none; text-autospace: none;\"><span style=\"mso-bidi-font-size: 11.0pt; mso-bidi-font-family: Tahoma;\">Ook onze Heer \u2013 het lam van God \u2013 werd in water ondergedompeld voor   zijn dienst begon.<\/span><\/p>\n<\/td>\n<\/tr>\n<tr style=\"mso-yfti-irow: 6;\">\n<td style=\"width: 133pt; border-right: 1pt none; padding: 0cm 5.4pt; border: medium 1pt 1pt none -moz-use-text-color;\" width=\"133\" valign=\"top\">\n<p class=\"MsoNormal\" style=\"line-height: 13.0pt; mso-pagination: none; mso-layout-grid-align: none; text-autospace: none;\"><span style=\"mso-bidi-font-size: 11.0pt; mso-bidi-font-family: Tahoma;\">Ex. 37: de ark was met louter goud overtrokken. Op het verzoendeksel   werd bloed gesprenkeld, om de zonden te verzoenen.<\/span><\/p>\n<\/td>\n<td style=\"width: 6cm; padding: 0cm 5.4pt; border: medium 1pt 1pt medium none -moz-use-text-color;\" width=\"170\" valign=\"top\">\n<p class=\"MsoNormal\" style=\"line-height: 13.0pt; mso-pagination: none; mso-layout-grid-align: none; text-autospace: none;\"><span style=\"mso-bidi-font-size: 11.0pt; mso-bidi-font-family: Tahoma;\">Sinds de verwoesting van Jeruzalem door Nebukadnezar is de ark   spoorloos. Er zijn er die beweren dat deze is verborgen in de berg Moria.<\/span><\/p>\n<\/td>\n<td style=\"width: 157.2pt; padding: 0cm 5.4pt; border: medium 1pt 1pt medium none -moz-use-text-color;\" width=\"157\" valign=\"top\">\n<p class=\"MsoNormal\" style=\"line-height: 13.0pt; mso-pagination: none; mso-layout-grid-align: none; text-autospace: none;\"><span style=\"mso-bidi-font-size: 11.0pt; mso-bidi-font-family: Tahoma;\">De Heer stierf op diezelfde plaats. De graven gingen open en de   rotsen scheurden. Kwam Jezus\u2019 bloed op de ark terecht?<\/span><\/p>\n<\/td>\n<\/tr>\n<tr style=\"mso-yfti-irow: 7; mso-yfti-lastrow: yes;\">\n<td style=\"width: 133pt; border-right: 1pt none; padding: 0cm 5.4pt; border: medium 1pt 1pt none -moz-use-text-color;\" width=\"133\" valign=\"top\">\n<p class=\"MsoNormal\" style=\"line-height: 13.0pt; mso-pagination: none; mso-layout-grid-align: none; text-autospace: none;\"><span style=\"mso-bidi-font-size: 11.0pt; mso-bidi-font-family: Tahoma;\">Lev. 16: 3; 7 \u2013 10. Twee bokken, \u00e9\u00e9n als offer en \u00e9\u00e9n die werd   weggestuurd.<\/span><\/p>\n<\/td>\n<td style=\"width: 6cm; padding: 0cm 5.4pt; border: medium 1pt 1pt medium none -moz-use-text-color;\" width=\"170\" valign=\"top\">\n<p class=\"MsoNormal\" style=\"line-height: 13.0pt; mso-pagination: none; mso-layout-grid-align: none; text-autospace: none;\"><span style=\"mso-bidi-font-size: 11.0pt; mso-bidi-font-family: Tahoma;\">De weggezonden bok kreeg een rood draadje om zijn hoorn. Als dat wit   werd, werd de bok vrijgelaten. In het joodse jaar 3790 bleek het rode draadje   niet langer te verkleuren! En gingen de deuren van de tempel spontaan open!<\/span><\/p>\n<\/td>\n<td style=\"width: 157.2pt; padding: 0cm 5.4pt; border: medium 1pt 1pt medium none -moz-use-text-color;\" width=\"157\" valign=\"top\">\n<p class=\"MsoNormal\" style=\"line-height: 13.0pt; mso-pagination: none; mso-layout-grid-align: none; text-autospace: none;\"><span style=\"mso-bidi-font-size: 11.0pt; mso-bidi-font-family: Tahoma;\">De aantekeningen van de rabbijnen stoppen in 3830, in onze   jaartelling 70, het jaar van de verwoesting van de tempel. Veertig jaar   daarvoor stierf onze heer. Was voor altijd verzoening gedaan voor de zonde.<\/span><\/p>\n<\/td>\n<\/tr>\n<\/tbody>\n<\/table>\n<p>\u00a0<\/p>\n<p class=\"MsoNormal\" style=\"line-height: 13.0pt; mso-pagination: none; mso-layout-grid-align: none; text-autospace: none;\"><span style=\"mso-bidi-font-size: 11.0pt; mso-bidi-font-family: Tahoma; color: blue;\"> <\/span><\/p>\n<p class=\"MsoNormal\" style=\"line-height: 13.0pt; mso-pagination: none; mso-layout-grid-align: none; text-autospace: none;\"><span style=\"mso-bidi-font-size: 11.0pt; mso-bidi-font-family: Tahoma;\">Het is verbluffend hoe de aantekeningen van de rabbijnen het nieuwe testament ondersteunen. Laten we ervan leren dat ons geloof niks wiebelachtigs heeft. Maar rotsvast is!<\/span><\/p>\n<p class=\"MsoNormal\" style=\"line-height: 13.0pt; mso-pagination: none; mso-layout-grid-align: none; text-autospace: none;\"><span style=\"mso-bidi-font-size: 11.0pt; mso-bidi-font-family: Tahoma; color: blue;\"> <\/span><\/p>\n<div style=\"mso-element: para-border-div; border: solid windowtext 1.0pt; mso-border-alt: solid windowtext .5pt; padding: 1.0pt 4.0pt 1.0pt 4.0pt;\">\n<p class=\"MsoNormal\" style=\"text-align: center; mso-line-height-alt: 13.0pt; mso-pagination: none; mso-layout-grid-align: none; text-autospace: none; border: none; mso-border-alt: solid windowtext .5pt; padding: 0cm; mso-padding-alt: 1.0pt 4.0pt 1.0pt 4.0pt;\" align=\"center\"><span style=\"font-size: 14.0pt; mso-bidi-font-size: 11.0pt; mso-bidi-font-family: Tahoma; color: blue;\">is het bewijs van gebeurtenissen die niet waarneembaar zijn.<\/span><\/p>\n<\/p><\/div>\n<p>\u00a0<\/p>\n","protected":false},"excerpt":{"rendered":"<p>\u00a0 Geloof viert de werkelijkheid van wat wordt gehoopt, Van oude tijden hebben de rabbijnen aantekeningen gehouden van zo ongeveer alles wat met hun joods geloof te maken had. En opmerkelijk is nu dat van al die notities, visies en verklaringen er vele zijn die de nieuwtestamentische geopenbaarde tekst ondersteunen en bevestigen. Een aantal daarvan &hellip; <\/p>\n<p class=\"link-more\"><a href=\"https:\/\/www.vergaderingalkmaar.nl\/?page_id=117\" class=\"more-link\"><span class=\"screen-reader-text\">&#8220;Preek zondag 31 oktober 2010&#8221;<\/span> verder lezen<\/a><\/p>\n","protected":false},"author":1,"featured_media":0,"parent":588,"menu_order":101,"comment_status":"closed","ping_status":"open","template":"","meta":[],"_links":{"self":[{"href":"https:\/\/www.vergaderingalkmaar.nl\/index.php?rest_route=\/wp\/v2\/pages\/117"}],"collection":[{"href":"https:\/\/www.vergaderingalkmaar.nl\/index.php?rest_route=\/wp\/v2\/pages"}],"about":[{"href":"https:\/\/www.vergaderingalkmaar.nl\/index.php?rest_route=\/wp\/v2\/types\/page"}],"author":[{"embeddable":true,"href":"https:\/\/www.vergaderingalkmaar.nl\/index.php?rest_route=\/wp\/v2\/users\/1"}],"replies":[{"embeddable":true,"href":"https:\/\/www.vergaderingalkmaar.nl\/index.php?rest_route=%2Fwp%2Fv2%2Fcomments&post=117"}],"version-history":[{"count":1,"href":"https:\/\/www.vergaderingalkmaar.nl\/index.php?rest_route=\/wp\/v2\/pages\/117\/revisions"}],"predecessor-version":[{"id":1649,"href":"https:\/\/www.vergaderingalkmaar.nl\/index.php?rest_route=\/wp\/v2\/pages\/117\/revisions\/1649"}],"up":[{"embeddable":true,"href":"https:\/\/www.vergaderingalkmaar.nl\/index.php?rest_route=\/wp\/v2\/pages\/588"}],"wp:attachment":[{"href":"https:\/\/www.vergaderingalkmaar.nl\/index.php?rest_route=%2Fwp%2Fv2%2Fmedia&parent=117"}],"curies":[{"name":"wp","href":"https:\/\/api.w.org\/{rel}","templated":true}]}}