{"id":1162,"date":"2016-08-21T16:16:46","date_gmt":"2016-08-21T15:16:46","guid":{"rendered":"http:\/\/www.vergaderingalkmaar.nl\/?page_id=1162"},"modified":"2016-08-21T16:16:46","modified_gmt":"2016-08-21T15:16:46","slug":"preek-zondag-21-augustus-2016","status":"publish","type":"page","link":"https:\/\/www.vergaderingalkmaar.nl\/?page_id=1162","title":{"rendered":"Preek zondag 21 augustus 2016"},"content":{"rendered":"<h3 style=\"text-align: center;\"><span style=\"color: #0000ff;\"><strong>Laat die gezindheid in u zijn<\/strong><\/span><\/h3>\n<p>&nbsp;<\/p>\n<p>Wij Nederlanders staan in de wereld bekend als een volkje dat overal wat van vindt. We hebben, gevraagd en ongevraagd, overal een mening over en moeten die ook steeds ventileren. En wel direct. Want dat is belangrijk. Dan weten ze meteen wat ze aan ons hebben. We houden als betweters natuurlijk niet van betweters; een ander hoeft ons echt niks te vertellen. We doen wat we doen en vraag niet waarom. Op twitter, facebook en andere social media slingeren we de hele dag meningen de wereld in. Wie had er de afgelopen weken nu g\u00e9\u00e9n mening over Yuri van Gelder?<\/p>\n<p>&nbsp;<\/p>\n<p>Gaat zoiets nu ook ons in ons christelijk leven be\u00efnvloeden? Overal iets van vinden en alles beter weten dan de anderen? Met een grote stelligheid over van alles en nog wat onze (geloofs)visie etaleren?<\/p>\n<p>&nbsp;<\/p>\n<p>Of zouden we als christenen misschien ons meer en eerder moeten afvragen wat God ergens van vindt?<\/p>\n<p>We lezen 1 Tim. 6: 3 t\/m 12. Teksten die voor zich spreken. Paulus schrijft hier heel zwart-wit over wat deugt en wat niet.<\/p>\n<p><span style=\"color: #ff0000;\"><sup>3<\/sup> Als iemand iets anders leert en niet komt tot de gezonde woorden van onze Heer, Jezus Christus, en bij de leer die overeenkomt met godsvrucht,- <sup>4<\/sup> die is opgeblazen; hij weet niets maar maakt zich ziek over haarkloverijen en woordgevechten, waaruit voortkomt: afgunst, twist, lasteringen, boze vermoedens, <sup>5<\/sup> oeverloze discussies van mensen die in het denken bedorven zijn en van de waarheid beroofd, en die menen dat er met de godsvrucht te verdienen is.<\/span><\/p>\n<p>Een ziekelijke neiging tot woordenstrijd, zegt Paulus. Voortdurend geruzie van mensen die warempel denken dat de godsvrucht een bron van winst is. Dat het geloof je geen windeieren legt. Dat je er materieel op vooruit gaat. En dat dat dus ook de zin van het evangelie is! Met zulke mensen moet je niks te maken willen hebben zegt Paulus.<\/p>\n<p><span style=\"color: #ff0000;\"><sup>6<\/sup> Er is met de godsvrucht veel te verdienen, maar dan wel gepaard met eigen onderhoud. <sup>7<\/sup> Want wij hebben niets ingedragen in de wereld, omdat wij er evenmin iets kunnen uitdragen.<\/span><\/p>\n<p>Kijk, zegt Paulus, tussen godsvrucht en materi\u00eble welvaart bestaat geen verband. Naakt kwamen we in de wereld, en naakt verlaten we haar weer. Het gaat erom dat we tevreden zijn met wat we bezitten. Een doodshemd heeft geen zakken.<\/p>\n<p><span style=\"color: #ff0000;\"><sup>8<\/sup> Als we kost en kleren hebben, zullen we daarmee onszelf onderhouden. <sup>9<\/sup> Maar zij die rijk willen worden vallen in verzoeking en valstrik, en in vele ondoordachte en schadelijke verlangens, die de mensen laten verzinken in verderf en ondergang.<\/span><\/p>\n<p>Materialisme is het verlangen om veel geld en dingen te bezitten, terwijl we vergeten dat het gaat om de liefde voor God die ons deze zaken kan geven, en niet om die zaken zelf. Ons begeren kent geen eind als we niet uitkijken. En dat wordt dan onze ondergang.<\/p>\n<p><span style=\"color: #ff0000;\"><sup>10<\/sup> Want de wortel van alle kwaad is de liefde voor geld; door daaraan toe te geven zijn sommigen van het geloof afgedwaald en hebben zij zichzelf doorboord met vele smarten.<\/span><\/p>\n<p>Het is opmerkelijk dat Paulus de <em>liefde voor geld<\/em> (en niet geld op zich!) stelt tegenover de liefde voor God. Liefde voor geld is als een valstrik voor een dier waarop wordt gejaagd: het is schier onmogelijk eraan te ontsnappen als je er eenmaal in zit. Materialisme en liefde voor God staan recht tegenover elkaar. En is er ooit een tijd geweest waarin het materialisme meer gemeengoed was dan vandaag? De reclame praat ons tientallen keren per dag aan dat we alle soorten luxe gewoon \u201c<em>nodig hebben<\/em>\u201d. Hebben wij daar geen last van? Matthe\u00fcs 19: 21, 22 geeft een test die foutloos werkt: <span style=\"color: #ff0000;\">Jezus verklaart hem: als je het wilt: volmaakt zijn,- ga heen, verkoop je eigendommen en geef ze aan armen, en je zult een schat in (de) hemelen hebben; dan hierheen en volg mij! Maar als de jongeman dit woord hoort gaat hij bedroefd weg; want hij is er een geweest die vele bezittingen had.<\/span> Durven wij zo een testje aan?<\/p>\n<p><span style=\"color: #ff0000;\"><sup>11<\/sup> Jij, mens van God, ontvlucht die dingen!- en jaag gerechtigheid na, godsvrucht, geloof, liefde, volharding en zachtzinnigheid. <sup>12<\/sup> Strijd de goede strijd van het geloof, neem het eeuwige leven in ontvangst waartoe je bent geroepen en waarvoor je de goede belijdenis hebt beleden voor het aanschijn van vele getuigen.<\/span><\/p>\n<p>Paulus spreekt Timothe\u00fcs aan met een eretitel: mens van God. En in Timothe\u00fcs ook alle christenen in Efeze. En daarmee ook ons, vandaag de dag. Als gelovige volgeling van God zag Timothe\u00fcs af van het najagen van geldelijk gewin. Voor hem telde slechts (??) <span style=\"color: #ff0000;\">gerechtigheid, godsvrucht, geloof, liefde, volharding en zachtzinnigheid.<\/span><\/p>\n<p>&nbsp;<\/p>\n<p>En voor ons? Voor mij?<\/p>\n<p>&nbsp;<\/p>\n<h3 style=\"text-align: center;\"><span style=\"color: #0000ff;\"><strong>die ook in Christus Jezus was,-<\/strong><\/span><\/h3>\n","protected":false},"excerpt":{"rendered":"<p>Laat die gezindheid in u zijn &nbsp; Wij Nederlanders staan in de wereld bekend als een volkje dat overal wat van vindt. We hebben, gevraagd en ongevraagd, overal een mening over en moeten die ook steeds ventileren. En wel direct. Want dat is belangrijk. Dan weten ze meteen wat ze aan ons hebben. We houden &hellip; <\/p>\n<p class=\"link-more\"><a href=\"https:\/\/www.vergaderingalkmaar.nl\/?page_id=1162\" class=\"more-link\"><span class=\"screen-reader-text\">&#8220;Preek zondag 21 augustus 2016&#8221;<\/span> verder lezen<\/a><\/p>\n","protected":false},"author":3,"featured_media":0,"parent":588,"menu_order":0,"comment_status":"closed","ping_status":"closed","template":"","meta":[],"_links":{"self":[{"href":"https:\/\/www.vergaderingalkmaar.nl\/index.php?rest_route=\/wp\/v2\/pages\/1162"}],"collection":[{"href":"https:\/\/www.vergaderingalkmaar.nl\/index.php?rest_route=\/wp\/v2\/pages"}],"about":[{"href":"https:\/\/www.vergaderingalkmaar.nl\/index.php?rest_route=\/wp\/v2\/types\/page"}],"author":[{"embeddable":true,"href":"https:\/\/www.vergaderingalkmaar.nl\/index.php?rest_route=\/wp\/v2\/users\/3"}],"replies":[{"embeddable":true,"href":"https:\/\/www.vergaderingalkmaar.nl\/index.php?rest_route=%2Fwp%2Fv2%2Fcomments&post=1162"}],"version-history":[{"count":1,"href":"https:\/\/www.vergaderingalkmaar.nl\/index.php?rest_route=\/wp\/v2\/pages\/1162\/revisions"}],"predecessor-version":[{"id":1163,"href":"https:\/\/www.vergaderingalkmaar.nl\/index.php?rest_route=\/wp\/v2\/pages\/1162\/revisions\/1163"}],"up":[{"embeddable":true,"href":"https:\/\/www.vergaderingalkmaar.nl\/index.php?rest_route=\/wp\/v2\/pages\/588"}],"wp:attachment":[{"href":"https:\/\/www.vergaderingalkmaar.nl\/index.php?rest_route=%2Fwp%2Fv2%2Fmedia&parent=1162"}],"curies":[{"name":"wp","href":"https:\/\/api.w.org\/{rel}","templated":true}]}}